{"id":948,"date":"2020-03-01T14:02:22","date_gmt":"2020-03-01T13:02:22","guid":{"rendered":"https:\/\/tierisch-verliebt.de\/magazin\/?page_id=948"},"modified":"2022-09-16T22:32:14","modified_gmt":"2022-09-16T20:32:14","slug":"orientalisch-kurzhaar","status":"publish","type":"page","link":"https:\/\/tierisch-verliebt.de\/magazin\/orientalisch-kurzhaar\/","title":{"rendered":"Katzenrasse Orientalisch Kurzhaar &#8211; Das Portrait"},"content":{"rendered":"<p>Bei der Orientalischen Kurzhaar handelt es sich um eine Variation der <a href=\"https:\/\/tierisch-verliebt.de\/magazin\/siamkatze\/\">Siamkatze<\/a>. Hier nun das vollst\u00e4ndige Portrait zu dieser Rasse.<\/p>\n\n<h2>Steckbrief<\/h2>\n<p><img decoding=\"async\" alt=\"check\" src=\"https:\/\/tierisch-verliebt.de\/magazin\/wp-content\/uploads\/2019\/06\/check-icon-16.png\"> <strong>Name<\/strong>: Orientalisch Kurzhaar<br \/>\n<img decoding=\"async\" alt=\"check\" src=\"https:\/\/tierisch-verliebt.de\/magazin\/wp-content\/uploads\/2019\/06\/check-icon-16.png\"> <strong>Wissenschaftlicher Name<\/strong>: Felis catus<br \/>\n<img decoding=\"async\" alt=\"check\" src=\"https:\/\/tierisch-verliebt.de\/magazin\/wp-content\/uploads\/2019\/06\/check-icon-16.png\"> <strong>Herkunft<\/strong>: Gro\u00dfbritannien<br \/>\n<img decoding=\"async\" alt=\"check\" src=\"https:\/\/tierisch-verliebt.de\/magazin\/wp-content\/uploads\/2019\/06\/check-icon-16.png\"> <strong>Lebenserwartung<\/strong>: 12 &#8211; 16 Jahre<br \/>\n<img decoding=\"async\" alt=\"check\" src=\"https:\/\/tierisch-verliebt.de\/magazin\/wp-content\/uploads\/2019\/06\/check-icon-16.png\"> <strong>Gewicht<\/strong>: 4 \u2013 5 kg<br \/>\n<img decoding=\"async\" alt=\"check\" src=\"https:\/\/tierisch-verliebt.de\/magazin\/wp-content\/uploads\/2019\/06\/check-icon-16.png\"> <strong>Fellfarben<\/strong>: schwarz, blau, chocolate, lilac, rot, creme, cinnamon, fawn<br \/>\n<img decoding=\"async\" alt=\"check\" src=\"https:\/\/tierisch-verliebt.de\/magazin\/wp-content\/uploads\/2019\/06\/check-icon-16.png\"> <strong>Charakter<\/strong>: intelligent, verspielt, menschenbezogen, sanft<br \/>\n<img decoding=\"async\" alt=\"check\" src=\"https:\/\/tierisch-verliebt.de\/magazin\/wp-content\/uploads\/2019\/06\/check-icon-16.png\"> <strong>Kosten<\/strong>: Zwischen 500 &amp; 800 Euro<\/p>\n<h2>Rassenmerkmale<\/h2>\n<p>Es ist eine kleine bis mittelgro\u00dfe, besonders elegante und geschmeidige Rasse. Das Fell ist gleichm\u00e4\u00dfig in verschiedenen Farben. Flecken im Gesicht, an den Ohren, am Schwanz oder an den Beinen werden als seal-point bezeichnet. Mit der Zeit dunkeln diese Flecken nach. Die K\u00e4tzchen werden wei\u00df geboren, und bekommen erst sp\u00e4ter das charakteristische Fell. Es besteht aus zahlreichen Farb-Variationen. Die Farbe ist gleichm\u00e4\u00dfig, ohne starke Schattierungen. Die Katzen haben ein Gewicht von 4 bis 5 kg, der K\u00f6rperbau ist durchweg schlank mit einem relativ langen Schwanz. Bei den grazilen Stubentigern bestand in letzter Zeit die Gefahr der \u00dcberz\u00fcchtung. Manch ein Z\u00fcchter spricht von einem neuen Typ, der \u00fcber einen an der Nase spitz zulaufenden dreieckigen Kopf verf\u00fcgt.<\/p>\n<h2>Wesen und Charakter<\/h2>\n<p>Das Wesen der Orientalischen Kurzhaar ist freundlich, sanft und menschenbezogen. Die Katzen sind lieb und suchen die N\u00e4he zu Menschen. So wird zum Halter eine enge Bindung aufgebaut. Daher eignet sich die Rasse perfekt als Familienkatze. Aber auch die Triebe als Beutegreifendes Tier sind noch lebendig. Die Katzen verf\u00fcgen \u00fcber gesch\u00e4rfte Sinne und hervorragende Reflexe. Sie spielen ausgiebig und gerne. Die Verspieltheit bleibt bis ins hohe Alter erhalten. Sie bewegen sich auch gerne in der freien Natur. Gerne kommunizieren Orientalische Kurzhaar mit ihren Bezugspersonen.<\/p>\n<h2>Herkunft und Geschichte<\/h2>\n<p>Die Orientalische Kurzhaar hat den gleichen Standard wie die Siam. Die Rasen unterscheiden sich allerdings in der Farbe des Fells und der Augen. Die Siamkatzen geh\u00f6ren zu den am l\u00e4ngsten auf bestimmte Eigenschaften hin gez\u00fcchteten Katzen. Den \u00dcberlieferungen nach haben die typischen Merkmale der Siam ihren Ursprung in Thailand. Die Katzen wurden vermutlich durch britische Seefahrer nach S\u00fcdostasien gebracht. An Kriegs- und Handelsschiffen waren immer Katzen an Bord, um <a href=\"https:\/\/tierisch-verliebt.de\/magazin\/ratte\/\">Ratten<\/a> und <a href=\"https:\/\/tierisch-verliebt.de\/magazin\/maus\/\">M\u00e4use<\/a> zu bek\u00e4mpfen. Im Mittelmeerraum und dem Rest von Europa waren bereits seit tausend Jahren Katzen verbreitet. Der urspr\u00fcngliche Typ der thail\u00e4ndischen Siamkatze sah jedoch anders aus, als der heutige Typ. Auf Bildern ist zu sehen, dass die Katzen damals wie eine kleinere Ausgabe der heute bekannten Hauskatzen aussahen. Die hellen Farben waren schon damals typisch f\u00fcr die Rasse. Diese stammen von einem Gendefekt, den Akromelanismus. Zun\u00e4chst tritt eine solche Mutation, \u00e4hnlich wie der Albinismus spontan auf. Offenbar wurde sie dann aber gezielt f\u00fcr die Z\u00fcchtung eingesetzt. Dadurch entstand die spezielle Hauskatzenvariet\u00e4t. Genaueres \u00fcber die historische Entstehung der Rasse ist nicht \u00fcberliefert.<\/p>\n<p>Ausgehend von England wurden Siamkatzen ca. ab 1884 als Rassekatzen gez\u00fcchtet. Besonders in den letzten Jahrzehnten wurde das Aussehen der Rassekatzen zum Teil gravierend ver\u00e4ndert. Dies hat auch Auswirkungen auf die Gesundheit und Vitalit\u00e4t der Tiere. So wurden die Rasse immer graziler, hochbeiniger und schlanker gez\u00fcchtet. Das Mittel der Inzucht wurde zu diesem Zwecke gezielt eingesetzt, um sehr schnell die gew\u00fcnschten Eigenschaften zu erreichen. So entstand der sogenannte \u201eNeue Typ\u201c mit einer stark dreieckigen und spitz zulaufenden Sch\u00e4delform.<\/p>\n<p>Viele Z\u00fcchter begannen im 20. Jahrhundert die Siamkatze zu kreuzen, um eine neue Rassekatze zu erhalten. Dadurch entstanden zahlreiche Edelkatzenrassen wie <a href=\"https:\/\/tierisch-verliebt.de\/magazin\/bombay-katze\/\">Bombay<\/a>, <a href=\"https:\/\/tierisch-verliebt.de\/magazin\/burma-katze\/\">Burma<\/a>, <a href=\"https:\/\/tierisch-verliebt.de\/magazin\/heilige-birma\/\">Heilige Birma<\/a> und letztendlich die Orientalische Kurzhaar. So wurde 1959 der Standard der Siamkatze erweitert. Die Variet\u00e4t der Orientalischen Kurzhaar wurde offiziell von der F\u00e9deration Internationale F\u00e9line (FiFe) anerkannt.<\/p>\n<h2>Haltung und Erziehung<\/h2>\n<p>Die Orientalische Kurzhaar eignet sich perfekt als Hauskatze. Sie ist hinsichtlich ihrer Haltungsbedingungen gen\u00fcgsam und anspruchslos. Sie baut eine innige Beziehung zum Menschen auf und genie\u00dft die Gesellschaft zum Menschen oder zu anderen Tieren. Um sich rundum wohl zu f\u00fchlen, muss sie kein Freig\u00e4nger sein. Eine Zweitkatze an ihrer Seite ist zu empfehlen, da sie nicht lange allein bleiben m\u00f6chte. Die Orientalische Hauskatze vertr\u00e4gt sich ohne Probleme mit anderen tierischen Genossen und ist in ihrer Art sehr umg\u00e4nglich. Die Katzen lassen sich sogar wie H\u00fcndchen an der Leine f\u00fchren. Generell sind sie einfach zu erziehen. Sind Kitten und Elternteile vom Z\u00fcchter gut sozialisiert und betreut, werden sich die Katzen von selbst an die Gewohnheiten der neuen Familie anpassen. Mit ein wenig Hilfe sind die Tiere auch schnell stubenrein. Das Fell sollte hin und wieder geb\u00fcrstet werden. Das B\u00fcrsten kann auch dazu genutzt werden, die Bindung zwischen Tier und Mensch zu st\u00e4rken.<\/p>\n<h2>Gesundheit und Pflege<\/h2>\n<p>Es gibt auch bei der Orientalischen Kurzhaar rassetypische Erkrankungen. Viele Zuchten dieser Rasse leiden unter starker Inzucht. Die Folge ist Immunschw\u00e4che, eine verk\u00fcrzte Lebensdauer und allgemeine Kr\u00e4nklichkeit. Es gibt bei der Rasse eine ganze Reihe von zuchtbedingten Erbkrankheiten. Dazu z\u00e4hlen beispielsweise An\u00e4mie, einige Augenkrankheiten oder Herzerkrankungen. PRA ist bei den Tieren sehr verbreitet, und endet in der Regel mit der Erblindung. Der \u201eneue Typ\u201c der Siam ist von den genannten Erkrankungen besonders betroffen. Die Krankheiten tretten aber nicht unbedingt bei allen Tieren der Rasse auf.<\/p>\n<h2>\u00dcberlegungen vor der Anschaffung<\/h2>\n<p>Sorgf\u00e4ltig und gesund gez\u00fcchtete Katzen der Orientalischen Kurzhaar haben eine Lebenserwartung von 15 Jahren. Durch Inzucht wird die Lebenserwartung jedoch verk\u00fcrzt. Vor der Anschaffung sollte der <a href=\"https:\/\/tierisch-verliebt.de\/magazin\/stammbaum\/\">Stammbaum<\/a> beim Z\u00fcchter angesehen werden. Dabei sollten keine Ahnen zweimal vorkommen, um eine Inzucht auszuschlie\u00dfen. Des Weiteren sollten beide Elternteile auf die bekannten Erbkrankheiten negativ getestet sein. Vertrauensvolle Z\u00fcchter geben dies bereits in ihrer Anzeige an. Nat\u00fcrlich sollten die K\u00e4tzchen bereits entwurmt, gechipt und geimpft sein. Der Preis dieser Rasse liegt bei ca. 600 Euro. Die Ern\u00e4hrung der Tiere ist ebenfalls problemlos. Die Orientalische Kurzhaar ist normalerweise ein unproblematischer Kostg\u00e4nger, das <a href=\"https:\/\/tierisch-verliebt.de\/magazin\/katzenfutter-im-test\/\">Futter<\/a> sollte aber ihrem hohen Energiebedarf entsprechen.<\/p>\n","protected":false},"excerpt":{"rendered":"<p>Bei der Orientalischen Kurzhaar handelt es sich um eine Variation der Siamkatze. Hier nun das vollst\u00e4ndige Portrait zu dieser Rasse.<\/p>\n","protected":false},"author":2,"featured_media":949,"parent":0,"menu_order":0,"comment_status":"closed","ping_status":"closed","template":"","meta":{"ngg_post_thumbnail":0,"footnotes":""},"class_list":["post-948","page","type-page","status-publish","has-post-thumbnail","hentry","comments-off"],"aioseo_notices":[],"_links":{"self":[{"href":"https:\/\/tierisch-verliebt.de\/magazin\/wp-json\/wp\/v2\/pages\/948","targetHints":{"allow":["GET"]}}],"collection":[{"href":"https:\/\/tierisch-verliebt.de\/magazin\/wp-json\/wp\/v2\/pages"}],"about":[{"href":"https:\/\/tierisch-verliebt.de\/magazin\/wp-json\/wp\/v2\/types\/page"}],"author":[{"embeddable":true,"href":"https:\/\/tierisch-verliebt.de\/magazin\/wp-json\/wp\/v2\/users\/2"}],"replies":[{"embeddable":true,"href":"https:\/\/tierisch-verliebt.de\/magazin\/wp-json\/wp\/v2\/comments?post=948"}],"version-history":[{"count":5,"href":"https:\/\/tierisch-verliebt.de\/magazin\/wp-json\/wp\/v2\/pages\/948\/revisions"}],"predecessor-version":[{"id":3433,"href":"https:\/\/tierisch-verliebt.de\/magazin\/wp-json\/wp\/v2\/pages\/948\/revisions\/3433"}],"wp:featuredmedia":[{"embeddable":true,"href":"https:\/\/tierisch-verliebt.de\/magazin\/wp-json\/wp\/v2\/media\/949"}],"wp:attachment":[{"href":"https:\/\/tierisch-verliebt.de\/magazin\/wp-json\/wp\/v2\/media?parent=948"}],"curies":[{"name":"wp","href":"https:\/\/api.w.org\/{rel}","templated":true}]}}