{"id":742,"date":"2020-01-14T20:59:35","date_gmt":"2020-01-14T19:59:35","guid":{"rendered":"https:\/\/tierisch-verliebt.de\/magazin\/?page_id=742"},"modified":"2020-11-06T18:59:17","modified_gmt":"2020-11-06T17:59:17","slug":"wellensittich","status":"publish","type":"page","link":"https:\/\/tierisch-verliebt.de\/magazin\/wellensittich\/","title":{"rendered":"Der Wellensittich"},"content":{"rendered":"<p>Wellensittiche geh\u00f6ren zu den beliebtesten als Haustier gehaltenen V\u00f6gel in Deutschland. Weltweit gesehen sind die munteren Kerlchen sogar die am meisten gesch\u00e4tzten. Doch leider fristen viele von ihnen ein trauriges Dasein in Einzelhaltung und in einem viel zu kleinen K\u00e4fig, was in keiner Weise einer artgerechten Haltung entspricht.<\/p>\n<h2>Herkunft und Geschichte<\/h2>\n<p>Die Heimat der Wellensittiche sind die Savannen und das Buschland Australiens. Dort leben sie in gro\u00dfen Schw\u00e4rmen, am liebsten auf Eukalyptusb\u00e4umen. Sie bevorzugen Standorte an Fl\u00fcssen und Seen. An die heutige Zeit passen sie sich leicht an. So wurden Wellensittichschw\u00e4rme bereits auf Golfpl\u00e4tzen und Farmen gesichtet.<\/p>\n<p>Erstmals schriftlich erw\u00e4hnt wurde der Wellensittich nach heutigem Kenntnisstand erst 1794 in George Shaws Buch &#8220;Zoology of New Holland&#8221;. Sein bis heute g\u00fcltiger Gattungsname Melopsittacus undulatus wurde 1840 von John Gould in Band V seines Werks \u00fcber die V\u00f6gel Australiens festgehalten. Gould war es vermutlich auch, der das erste Paar nach Europa brachte. Von da an war der Siegeszug der Wellensittiche nicht mehr aufzuhalen, auch wenn er mit viel Leid f\u00fcr die Tiere verbunden war. Millionenfach wurden sie eingefangen und nach Europa verschifft. Dieser Handel endete 1894 mit einem Gesetz, das die Ausfuhr von V\u00f6geln aus Australien verbot. Es ist bis heute in Kraft. Zu dieser Zeit gab es jedoch schon Massenzuchten in Europa, die den Bedarf mehr als deckten.<\/p>\n<h2>Steckbrief: F\u00e4rbung, Gr\u00f6\u00dfe, Unterschied zwischen M\u00e4nnchen und Weibchen<\/h2>\n<p>Urspr\u00fcnglich waren alle Wellensittiche gr\u00fcn-gelb gef\u00e4rbt und mit dem typischen Wellenmuster, das dem Vogel seinen Namen gab, geschm\u00fcckt. Kaum begann die Zucht in Europa, wurde auch mit Farbvarianten gespielt. 1878 gelang einem Belgier zum ersten Mal die Zucht von himmelblauen Wellensittichen. Inzwischen gibt es ein breites Spektrum an Farben: wei\u00df, wei\u00dfgrau, wei\u00dfblau, himmelblau, kobaltblau, malve, olivgr\u00fcn, gelbgr\u00fcn und mehr.<\/p>\n<p>Wellensittiche werden zwischen 15 und 20 Zentimeter gro\u00df und wiegen etwa 30 bis 40 Gramm. M\u00e4nnchen sind dabei meist kleiner und leichter als Weibchen.<\/p>\n<p>Vor der f\u00fcnften Woche sind kleine Wellensittiche selbst f\u00fcr erfahrene Z\u00fcchter nur schwer zu unterscheiden. Doch dann beginnt sich die Wachshaut \u00fcber dem Schnabel, in der sich auch die Nasenl\u00f6cher befinden, zu verf\u00e4rben und die Unterscheidung wird leicht. W\u00e4hrend sie bei weiblichen Wellensittichen zuerst hellblau wird und sp\u00e4ter braun, im Alter dann grau, ist sie bei jungen H\u00e4hnen rosa und wandelt sich dann in dunkleres Blau.<\/p>\n<h2>Wesen und Charakter<\/h2>\n<p>Wellensittiche werden oft als Clowns der L\u00fcfte betitelt. Sie gelten als fr\u00f6hliche Gesellen, die gerne lautstark zwitschern. Unumstritten ist auch, dass sie neugierig und intelligent sind. Doch bei Wellensittichen ist es wie bei uns Menschen: es gibt solche und solche. Offene, neugierige Kerlchen, die nach der Eingew\u00f6hnungsphase aus der Hand fressen, mit Geduld zahm werden und denen man sogar Kunstst\u00fccke beibringen kann und Angsthasen, die Zeit ihres Lebens misstrauisch diesen gro\u00dfen Wesen genannt Mensch gegen\u00fcber sein werden. Mit denen Sie aber trotzdem Freude haben k\u00f6nnen, wenn Sie sie in der Interaktion mit ihren tierischen Kameraden beobachten. Das sollten Sie vor dem Kauf bedenken und sich Zeit nehmen, wenn Sie einen Wellensittich kaufen, damit Sie die Tiere genau beobachten k\u00f6nnen.<\/p>\n<h2>\u00dcberlegungen vor der Anschaffung<\/h2>\n<p>Wellensittiche werden zwischen f\u00fcnf und zehn Jahre alt. Ehe Sie losziehen, um sich einen Wellensittich zu kaufen, sollten Sie daher einige \u00dcberlegungen anstellen und Vorbereitungen treffen. Schlie\u00dflich \u00fcbernehmen Sie f\u00fcr viele Jahre die Verantwortung f\u00fcr ein kleines Wesen.<\/p>\n<p>Die wichtigste Regel ist: Als Schwarmv\u00f6gel sollten Wellensittiche niemals alleine gehalten werden.<\/p>\n<p>Ideal f\u00fcr die Haltung der V\u00f6gel sind Volieren oder Vogelzimmer, aber nicht immer ist das m\u00f6glich. Alternativ dazu gibt es im Handel eine gro\u00dfe Auswahl an K\u00e4figen, Bei K\u00e4fighaltung sollte aber gew\u00e4hrleistet sein, dass der Wellensittich t\u00e4glich frei in der Wohnung fliegen kann.<\/p>\n<p>Beim K\u00e4figkauf sollten Sie nicht sparen und auf Qualit\u00e4t achten. Der K\u00e4fig sollte mindestens 80 Zentimeter breit sein. Es gibt geschwungene K\u00e4fige, die f\u00fcr das Auge sch\u00f6n anzusehen sind, doch zum Wohle der V\u00f6gel sollten Sie darauf verzichten. F\u00fcr sie ist ein einfacher, rechteckiger K\u00e4fig die beste Wahl. Die Gitter sollten dunkel und matt sein. Achten Sie beim Kauf besonders darauf, dass sie aus einem nicht gesundheitssch\u00e4dlichen Material sind. Leider ist das nicht so selbstverst\u00e4ndlich,wie man eigentlich erwarten k\u00f6nnte.<\/p>\n<p>Einrichten sollten Sie den K\u00e4fig mit Sitzstangen, Schaukeln, Kletterm\u00f6glichkeiten und Futtern\u00e4pfen. Auch ein Vogelbad wird gerne angenommen. Verzichten sollten Sie auf Spielereien wie Spiegel oder Plastikv\u00f6gel. Es wurde schon festgestellt, dass der Stresslevel der Wellensittiche dadurch steigt.<\/p>\n<p>Und dann ist der Entschluss gefasst: Sie werden sich einen Wellensittich kaufen. Sie haben sich um eine Unterkunft f\u00fcr ihren neuen gefiederten Freund gek\u00fcmmert und auch schon einmal durchgerechnet, wieviel Sie monatlich f\u00fcr Futter und Einstreu ausgeben m\u00fcssen. Ihnen ist auch klar, dass ein Tier krank werden kann und Tierarztkosten oft h\u00f6her sind als die Anschaffungskosten. Aber sie werden den Vogel so sehr ins Herz geschlossen haben, dass Sie den Betrag gerne bezahlen.<\/p>\n<p>Die Preise f\u00fcr einen Wellensittich variieren stark. Das h\u00e4ngt nicht nur mit einfachen V\u00f6geln oder besonderen Z\u00fcchtungen zusammen, sondern ist auch je nach Region unterschiedlich.<\/p>\n<p>Der einfachste Weg, einen Wellensittich zu kaufen, ist sicherlich der Gang in ein Zoofachgesch\u00e4ft. Aber es lohnt sich auch, in einem Tierheim nachzufragen. Dort werden Sie gut beraten und erfahren etwas \u00fcber die Vorgeschichte und den individuellen Charakter. Etwas, das Zoogesch\u00e4fte oft nicht leisten k\u00f6nnen. Eine weitere M\u00f6glichkeit ist der Erwerb bei einem Z\u00fcchter. Auch bei Z\u00fcchtern erhalten Sie eine umfassende Beratung. Sie sollten allerdings darauf achten, dass es sich um einen seri\u00f6sen Z\u00fcchter handelt. Eine Liste finden Sie bei der Deutschen Standard-Wellensittich-Z\u00fcchter-Vereinigung(DSV).<\/p>\n<h2>Geeignete Ern\u00e4hrung der Wellensittiche<\/h2>\n<p>Auch f\u00fcr Wellensittiche gilt: Eine gesunde Ern\u00e4hrung ist das A und O. Achten Sie beim Einkauf von Futter daher auf die richtige Zusammenstellung. In ihrer Heimat ern\u00e4hren sich Wellensittiche haupts\u00e4chlich von Grassaaten von Bodendeckern. Hirse und Saaten sollten daher der Hauptbestandteil einer gesunden und ausgewogenen Futtermischung sein. Getreide, \u00d6le, Honig und andere Zuckerstoffe sind \u00fcberfl\u00fcssig und oft sogar sch\u00e4dlich.<\/p>\n<p>Daneben freuen sich Wellensittiche auch \u00fcber ungespritzte Zweige von Obstb\u00e4umen, Gem\u00fcse, das m\u00f6glichst gro\u00df geschnitten sein sollte, damit die V\u00f6gel sich ihr Essen erarbeiten k\u00f6nnen, sowie \u00fcber L\u00f6wenzahn, Sauerampfer, Vogelmiere oder andere Kr\u00e4uter, die Sie regelm\u00e4\u00dfig anbieten sollten.<\/p>\n<h2>H\u00e4ufig gestellte Fragen<\/h2>\n<p><strong>Wie alt werden Wellensittiche?<\/strong><br \/>\nWellensittiche k\u00f6nnen 5 bis 15 Jahre alt werden. <\/p>\n<p><strong>Was fressen Wellensittiche?<\/strong><\/p>\n<ul>\n<li>Samen und K\u00f6rner <\/li>\n<li>Kolbenhirse<\/li>\n<li>frisches Obst (Ananas, \u00c4pfel, Bananen, Erdbeeren, Kiwi, Orangen, Melonen, Papaya, Weintrauben etc.)<\/li>\n<li>frisches Gem\u00fcse (Radieschen, Rote Beete, Salatgurken, Feldsalat, Karotten, K\u00fcrbis etc.)<\/li>\n<li>Kr\u00e4utern und Heilpflanzen (Basilikum, Beifu\u00df, Kerbel, Thymian, Salbei, Wasserkresse, Johanniskraut, Dill)<\/li>\n<li>Mineralien (Muschelgrit, Kalksteine, Vogelkohle, Kieselerde)<\/li>\n<li>frisches Trinkwasser<\/li>\n<\/ul>\n<p><strong>Wer nimmt Wellensittiche auf?<\/strong><br \/>\nEs gibt diverse Abgabestellen: Tierheime (zum Weitervermitteln), Z\u00fcchter, Zoohandlungen oder Vermittlungsforen im Internet.<\/p>\n","protected":false},"excerpt":{"rendered":"<p>Wellensittiche geh\u00f6ren zu den beliebtesten als Haustier gehaltenen V\u00f6gel in Deutschland. Weltweit gesehen sind die munteren Kerlchen sogar die am<\/p>\n","protected":false},"author":2,"featured_media":743,"parent":0,"menu_order":0,"comment_status":"closed","ping_status":"closed","template":"","meta":{"ngg_post_thumbnail":0,"footnotes":""},"class_list":["post-742","page","type-page","status-publish","has-post-thumbnail","hentry","comments-off"],"aioseo_notices":[],"_links":{"self":[{"href":"https:\/\/tierisch-verliebt.de\/magazin\/wp-json\/wp\/v2\/pages\/742","targetHints":{"allow":["GET"]}}],"collection":[{"href":"https:\/\/tierisch-verliebt.de\/magazin\/wp-json\/wp\/v2\/pages"}],"about":[{"href":"https:\/\/tierisch-verliebt.de\/magazin\/wp-json\/wp\/v2\/types\/page"}],"author":[{"embeddable":true,"href":"https:\/\/tierisch-verliebt.de\/magazin\/wp-json\/wp\/v2\/users\/2"}],"replies":[{"embeddable":true,"href":"https:\/\/tierisch-verliebt.de\/magazin\/wp-json\/wp\/v2\/comments?post=742"}],"version-history":[{"count":5,"href":"https:\/\/tierisch-verliebt.de\/magazin\/wp-json\/wp\/v2\/pages\/742\/revisions"}],"predecessor-version":[{"id":1324,"href":"https:\/\/tierisch-verliebt.de\/magazin\/wp-json\/wp\/v2\/pages\/742\/revisions\/1324"}],"wp:featuredmedia":[{"embeddable":true,"href":"https:\/\/tierisch-verliebt.de\/magazin\/wp-json\/wp\/v2\/media\/743"}],"wp:attachment":[{"href":"https:\/\/tierisch-verliebt.de\/magazin\/wp-json\/wp\/v2\/media?parent=742"}],"curies":[{"name":"wp","href":"https:\/\/api.w.org\/{rel}","templated":true}]}}