{"id":722,"date":"2020-01-09T12:34:17","date_gmt":"2020-01-09T11:34:17","guid":{"rendered":"https:\/\/tierisch-verliebt.de\/magazin\/?page_id=722"},"modified":"2025-11-01T09:42:19","modified_gmt":"2025-11-01T08:42:19","slug":"hauskatze","status":"publish","type":"page","link":"https:\/\/tierisch-verliebt.de\/magazin\/hauskatze\/","title":{"rendered":"Hauskatze &#8211; das Portrait"},"content":{"rendered":"<p>Die Katze geh\u00f6rt neben dem Hund zu den beliebtesten Haustieren. Obwohl sie als Einzelg\u00e4nger eigensinnig und untrainierbar gilt, steht ihr Schmusefaktor bei Katzenfans ganz hoch im Kurs. Der Charakter der Hauskatze ist so vielseitig wie ihr Fell und ihre F\u00e4higkeiten sich der Umgebung anzupassen. Hier nun das vollst\u00e4ndige Portrait zu dieser Rasse.<\/p>\n\n<h2>Steckbrief<\/h2>\n<p><img decoding=\"async\" alt=\"check\" src=\"https:\/\/tierisch-verliebt.de\/magazin\/wp-content\/uploads\/2019\/06\/check-icon-16.png\"> <strong>Name<\/strong>: Hauskatze<br \/>\n<img decoding=\"async\" alt=\"check\" src=\"https:\/\/tierisch-verliebt.de\/magazin\/wp-content\/uploads\/2019\/06\/check-icon-16.png\"> <strong>Wissenschaftlicher Name<\/strong>: Felis silvestris catus<br \/>\n<img decoding=\"async\" alt=\"check\" src=\"https:\/\/tierisch-verliebt.de\/magazin\/wp-content\/uploads\/2019\/06\/check-icon-16.png\"> <strong>Herkunft<\/strong>: Ostafrika<br \/>\n<img decoding=\"async\" alt=\"check\" src=\"https:\/\/tierisch-verliebt.de\/magazin\/wp-content\/uploads\/2019\/06\/check-icon-16.png\"> <strong>Lebenserwartung<\/strong>: 10 &#8211; 16 Jahre<br \/>\n<img decoding=\"async\" alt=\"check\" src=\"https:\/\/tierisch-verliebt.de\/magazin\/wp-content\/uploads\/2019\/06\/check-icon-16.png\"> <strong>Gewicht<\/strong>: 2 \u2013 8 kg<br \/>\n<img decoding=\"async\" alt=\"check\" src=\"https:\/\/tierisch-verliebt.de\/magazin\/wp-content\/uploads\/2019\/06\/check-icon-16.png\"> <strong>Fellfarben<\/strong>: braun, schwarz, wei\u00df, getigert, rot<br \/>\n<img decoding=\"async\" alt=\"check\" src=\"https:\/\/tierisch-verliebt.de\/magazin\/wp-content\/uploads\/2019\/06\/check-icon-16.png\"> <strong>Charakter<\/strong>: freiheitsliebend, anh\u00e4nglich, verschmust, launisch<br \/>\n<img decoding=\"async\" alt=\"check\" src=\"https:\/\/tierisch-verliebt.de\/magazin\/wp-content\/uploads\/2019\/06\/check-icon-16.png\"> <strong>Kosten<\/strong>: Zwischen 100 &amp; 150 Euro<\/p>\n<h2>Wesen und Charakter<\/h2>\n<p>Die Hauskatze weist einen bunten Mix von Charakterz\u00fcgen auf. Welche Charaktereigenschaften bei einer Katze ausgepr\u00e4gt sind, h\u00e4ngt von ihrer Entwicklung ab. In der Pr\u00e4gungsphase, den ersten 2 bis 8 Wochen, macht das Tier seine wichtigsten Erfahrungen. Sie bestimmt, ob die Katze sp\u00e4ter mit dem Menschen auskommt oder ein eigensinniger Einzelg\u00e4nger wird.<\/p>\n<p>Es ist empfehlenswert junge Welpen in dieser Phase mit m\u00f6glichst vielen Situationen zu konfrontieren. Das sorgt sp\u00e4ter f\u00fcr weniger Stress und macht die Hauskatze offen f\u00fcr Neues. Junge Welpen die auf der Stra\u00dfe aufwachsen, haben es sp\u00e4ter schwerer bei der Integration in einem Haushalt. Bei einer erfolgreichen Sozialisierung und fr\u00fchen positiven Erfahrungen, mutiert eine Hauskatze nicht selten zum Schmusekater. Entgegen allen Vorurteilen lieben sie Gesellschaft und N\u00e4he zum Menschen. Sie sind intelligent und wissen genau, wie ihre menschlichen Gef\u00e4hrten ticken und wie sie von ihnen das bekommen, was sie wollen.<\/p>\n<p><img decoding=\"async\" class=\"alignnone size-large wp-image-3355\" src=\"https:\/\/tierisch-verliebt.de\/magazin\/wp-content\/uploads\/2025\/11\/Hauskatze2-683x1024.png\" alt=\"Hauskatze2\" width=\"683\" height=\"1024\" srcset=\"https:\/\/tierisch-verliebt.de\/magazin\/wp-content\/uploads\/2025\/11\/Hauskatze2-683x1024.png 683w, https:\/\/tierisch-verliebt.de\/magazin\/wp-content\/uploads\/2025\/11\/Hauskatze2-200x300.png 200w, https:\/\/tierisch-verliebt.de\/magazin\/wp-content\/uploads\/2025\/11\/Hauskatze2-768x1152.png 768w, https:\/\/tierisch-verliebt.de\/magazin\/wp-content\/uploads\/2025\/11\/Hauskatze2.png 1024w\" sizes=\"(max-width: 683px) 100vw, 683px\" \/><\/p>\n<h2>Herkunft &amp; Geschichte<\/h2>\n<p>Die \u00e4ltesten Funde von Felis libyca forma catus sind 9500 Jahre alt. Das belegt den langen Zeitraum, den Katzen uns schon als Haustiere begleiten. Ihre Vorfahren kommen aus Nordafrika und dem Nahen Osten. Katzen und Menschen haben sich vermutlich mit der Zeit immer mehr angen\u00e4hert und derweil voneinander profitiert. Die vierbeinigen J\u00e4ger hielten die M\u00e4use von den Vorr\u00e4ten fern und bekamen dadurch Nahrung und Unterschlupf. \u00dcber eine lange Zeit hinweg lebten so beide nebeneinander, respektierten und duldeten sich gegenseitig. Aber erst im letzten Jahrhundert hat die Katze als Haustier eine besondere Stellung im Sozialleben der Menschen eingenommen.<\/p>\n<p>Es gibt heute \u00fcber 11 Millionen Hauskatzen in Deutschland und damit hat diese Beziehung einen H\u00f6hepunkt erreicht.<\/p>\n<h2>\u00dcberlegungen vor der Anschaffung<\/h2>\n<p>Die Hauskatze z\u00e4hlt zu den unproblematischen Haustieren. Sie wissen sich zu besch\u00e4ftigen und k\u00f6nnen sich der Umgebung gut anpassen. Vor der Anschaffung sollte man sich Gedanken machen, ob eine Wohnungskatze oder ein Freig\u00e4nger am besten geeignet ist.<\/p>\n<p>Freig\u00e4nger kommen in kleinen Wohnungen zurecht, denn sie sind die meiste Zeit drau\u00dfen. Dort verhalten sie sich artgerecht und genie\u00dfen ihre Freiheit. Je nach Umgebung lauern aber Gefahren auf den J\u00e4ger. Auf dem Land ist es f\u00fcr die Tiere, aufgrund des geringen Verkehrs, weitaus weniger kritisch als in der Gro\u00dfstadt.<\/p>\n<p>Eine Wohnungskatze ben\u00f6tigt mehr Platz, um sich auszutoben. Aufgrund ihres Intellekts braucht sie gen\u00fcgend Abwechslung. Sonst wird das Zusammenleben mit ihr sehr anstrengend und teuer. Gelangweilte Katzen kratzen an Tapeten, M\u00f6beln und miauen zu den ung\u00fcnstigsten Zeiten. Sie wissen genau, wie sie Aufmerksamkeit bekommen und verhalten sich entsprechend.<\/p>\n<p>Nicht umsonst gibt es inzwischen viele Produkte auf dem Markt, die zur Unterhaltung der Katze beitragen.<\/p>\n<h2>Geeignete Aktivit\u00e4ten<\/h2>\n<p>Katzen lieben klettern und alles von einem h\u00f6her gelegenen Ort aus zu beobachten. Au\u00dferdem sind sie verspielt und verschmust. Da kommen Spielzeugm\u00e4use gerade recht, um den Jagdtrieb zu f\u00f6rdern.<\/p>\n<p>Die Aktivit\u00e4ten sollten m\u00f6glichst abwechslungsreich gestaltet sein und auch den Verstand auf Trab halten. Gut geeignet f\u00fcr solche Zwecke sind Futterbeh\u00e4lter, die sich mit ein wenig Aufwand \u00f6ffnen lassen. Damit ist der Vierbeiner einige Zeit besch\u00e4ftigt und bekommt zum Schluss eine Belohnung f\u00fcr seine M\u00fchen. Aktive Katzen finden eventuell gefallen an einem Laufrad. Mit einem Laufrad f\u00fcr Katzen wird der Bewegungsdrang unterst\u00fctzt und mit einem Spielzeug kombiniert, kann daraus eine Spielstunde mit viel Bewegung werden.<\/p>\n<h2>Rassemerkmale<\/h2>\n<p>Katzen werden bis zu 50 cm gro\u00df. Ihre Artgenossen auf der Stra\u00dfe werden meistens nur 2 bis 4 Jahre alt, aber die Hauskatze kann durchaus auch ein Alter von 16 erreichen.<\/p>\n<p>Ihr Fell kann schwarz, wei\u00df, braun oder rot sein. Oft kommt ein Mix aus wei\u00df und den anderen Farben vor. Sie sind ganzj\u00e4hrig paarungsbereit und ein Wurf besteht aus 2 bis 8 Tieren. Die Katze stammt urspr\u00fcnglich aus Nordafrika. Sie ist aber inzwischen weltweit verbreitet.<\/p>\n<h2>Geeignete Ern\u00e4hrung<\/h2>\n<p>Die bekannteste Lieblingsnahrung der Katzen sind M\u00e4use. V\u00f6gel stehen ebenfalls auf ihrem Speiseplan, sowie andere Kleins\u00e4uger.<\/p>\n<p>Hauskatzen werden mit <a href=\"https:\/\/tierisch-verliebt.de\/magazin\/katzenfutter-im-test\/\">Fertigfutter<\/a> versorgt. Bei Futter, das selbst zubereitet wird, ist auf einen gro\u00dfen Fleischanteil und auf Verzicht von Zucker und Getreide zu achten.<\/p>\n<p>Beim Trinken gilt der gleiche Rat. Viele Besitzer geben ihren Hauskatzen normale Milch. Diese enth\u00e4lt jedoch zu viel Milchzucker und ist nicht so vertr\u00e4glich wie spezielle Katzenmilch. Wasser ist als Hauptgetr\u00e4nk am besten geeignet.<\/p>\n<p><img decoding=\"async\" class=\"alignnone size-full wp-image-3356\" src=\"https:\/\/tierisch-verliebt.de\/magazin\/wp-content\/uploads\/2025\/11\/Hauskatze.png\" alt=\"Hauskatze\" width=\"1024\" height=\"1024\" srcset=\"https:\/\/tierisch-verliebt.de\/magazin\/wp-content\/uploads\/2025\/11\/Hauskatze.png 1024w, https:\/\/tierisch-verliebt.de\/magazin\/wp-content\/uploads\/2025\/11\/Hauskatze-300x300.png 300w, https:\/\/tierisch-verliebt.de\/magazin\/wp-content\/uploads\/2025\/11\/Hauskatze-150x150.png 150w, https:\/\/tierisch-verliebt.de\/magazin\/wp-content\/uploads\/2025\/11\/Hauskatze-768x768.png 768w\" sizes=\"(max-width: 1024px) 100vw, 1024px\" \/><\/p>\n<h2 data-start=\"483\" data-end=\"508\"><strong data-start=\"487\" data-end=\"508\">FAQ<\/strong><\/h2>\n<h3 data-start=\"510\" data-end=\"831\"><strong data-start=\"510\" data-end=\"559\">Ist die Hauskatze als Wohnungskatze geeignet?<\/strong><\/h3>\n<p data-start=\"510\" data-end=\"831\">Ja, viele Hauskatzen k\u00f6nnen problemlos als Wohnungskatzen leben \u2013 vorausgesetzt, sie haben ausreichend Besch\u00e4ftigung, R\u00fcckzugsm\u00f6glichkeiten und Interaktion mit ihren Menschen. Ein gesicherter Balkon oder ein Fensterplatz mit Aussicht ist f\u00fcr viele ein gro\u00dfes Highlight.<\/p>\n<h3 data-start=\"833\" data-end=\"1113\"><strong data-start=\"833\" data-end=\"868\">Braucht die Hauskatze Freigang?<\/strong><\/h3>\n<p data-start=\"833\" data-end=\"1113\">Freigang ist keine Pflicht, aber viele Hauskatzen genie\u00dfen es sehr, drau\u00dfen zu sein, zu beobachten, zu klettern und zu jagen. Wenn Freigang nicht m\u00f6glich ist, sollte man unbedingt f\u00fcr geistige und k\u00f6rperliche Auslastung in der Wohnung sorgen.<\/p>\n<h3 data-start=\"1115\" data-end=\"1406\"><strong data-start=\"1115\" data-end=\"1166\">Versteht sich die Hauskatze mit anderen Katzen?<\/strong><\/h3>\n<p data-start=\"1115\" data-end=\"1406\">Das ist individuell. Viele Hauskatzen sind sozial und lieben Gesellschaft, andere bevorzugen Einzelhaltung. Entscheidend sind Alter, Temperament und Erfahrung. Bei einer Vergesellschaftung sollte man vorsichtig und schrittweise vorgehen.<\/p>\n<h3 data-start=\"1408\" data-end=\"1663\"><strong data-start=\"1408\" data-end=\"1449\">Ist die Hauskatze familienfreundlich?<\/strong><\/h3>\n<p data-start=\"1408\" data-end=\"1663\">In der Regel ja. Hauskatzen sind meist anpassungsf\u00e4hig und k\u00f6nnen gut mit Kindern leben \u2013 solange diese lernen, respektvoll mit der Katze umzugehen. Lautes Hinterherlaufen und Festhalten sollte vermieden werden.<\/p>\n<h3 data-start=\"1665\" data-end=\"1929\"><strong data-start=\"1665\" data-end=\"1707\">Wie pflegeintensiv ist eine Hauskatze?<\/strong><\/h3>\n<p data-start=\"1665\" data-end=\"1929\">Hauskatzen sind meist pflegeleicht. Regelm\u00e4\u00dfiges B\u00fcrsten w\u00e4hrend des Fellwechsels unterst\u00fctzt die Fellgesundheit. Viel wichtiger als Fellpflege ist gen\u00fcgend Besch\u00e4ftigung, denn viele Hauskatzen sind neugierig und aktiv.<\/p>\n","protected":false},"excerpt":{"rendered":"<p>Die Katze geh\u00f6rt neben dem Hund zu den beliebtesten Haustieren. Obwohl sie als Einzelg\u00e4nger eigensinnig und untrainierbar gilt, steht ihr<\/p>\n","protected":false},"author":2,"featured_media":723,"parent":0,"menu_order":0,"comment_status":"closed","ping_status":"closed","template":"","meta":{"ngg_post_thumbnail":0,"footnotes":""},"class_list":["post-722","page","type-page","status-publish","has-post-thumbnail","hentry","comments-off"],"aioseo_notices":[],"_links":{"self":[{"href":"https:\/\/tierisch-verliebt.de\/magazin\/wp-json\/wp\/v2\/pages\/722","targetHints":{"allow":["GET"]}}],"collection":[{"href":"https:\/\/tierisch-verliebt.de\/magazin\/wp-json\/wp\/v2\/pages"}],"about":[{"href":"https:\/\/tierisch-verliebt.de\/magazin\/wp-json\/wp\/v2\/types\/page"}],"author":[{"embeddable":true,"href":"https:\/\/tierisch-verliebt.de\/magazin\/wp-json\/wp\/v2\/users\/2"}],"replies":[{"embeddable":true,"href":"https:\/\/tierisch-verliebt.de\/magazin\/wp-json\/wp\/v2\/comments?post=722"}],"version-history":[{"count":8,"href":"https:\/\/tierisch-verliebt.de\/magazin\/wp-json\/wp\/v2\/pages\/722\/revisions"}],"predecessor-version":[{"id":3357,"href":"https:\/\/tierisch-verliebt.de\/magazin\/wp-json\/wp\/v2\/pages\/722\/revisions\/3357"}],"wp:featuredmedia":[{"embeddable":true,"href":"https:\/\/tierisch-verliebt.de\/magazin\/wp-json\/wp\/v2\/media\/723"}],"wp:attachment":[{"href":"https:\/\/tierisch-verliebt.de\/magazin\/wp-json\/wp\/v2\/media?parent=722"}],"curies":[{"name":"wp","href":"https:\/\/api.w.org\/{rel}","templated":true}]}}