{"id":716,"date":"2019-12-31T19:36:39","date_gmt":"2019-12-31T18:36:39","guid":{"rendered":"https:\/\/tierisch-verliebt.de\/magazin\/?page_id=716"},"modified":"2020-10-19T20:35:48","modified_gmt":"2020-10-19T18:35:48","slug":"russisch-blau","status":"publish","type":"page","link":"https:\/\/tierisch-verliebt.de\/magazin\/russisch-blau\/","title":{"rendered":"Die Russisch Blau &#8211; Das Portrait"},"content":{"rendered":"<p>Als Russisch Blau wird eine Hauskatzenrasse bezeichnet. Der Name der Russisch Blau r\u00fchrt daher, dass diese kurzhaarige Katzenrasse ein sehr dichtes und graublaues Fell hat. Die Haarspitzen des Fells sind farblos. Im Licht erzeugt diese Kombination einen Silberschimmer. Die gro\u00dfen tief smaragdgr\u00fcnen Augen sind ebenfalls sehr markant und heben sich von der Fellfarbe deutlich ab. Vom K\u00f6rperbau her ist die Russisch Blau mittelschwer und mittelgro\u00df, ist muskul\u00f6s und hat eine elegante Gangart. Der Kopf der Russisch Blau ist nicht lang und nicht kurz, sondern passt proportional zum \u00fcbrigen K\u00f6rper. Die Russisch Blau verf\u00fcgt \u00fcber ein klares und gerades Profil am Kopf von der Stirn bis zur Nasenspitze. Der K\u00f6rperbau dieser Katzenrasse gilt daher als gut ausbalanciert. Dies ist sehr selten f\u00fcr eine Naturrasse. Doch die Russisch Blau ist keine von Menschen speziell auf dieses Aussehen hin gez\u00fcchtete Katzenrasse. Es handelt sich um eine Naturrasse. Hier nun das vollst\u00e4ndige Portrait zu Rasse Russisch Blau.<\/p>\n\n<h2>Steckbrief<\/h2>\n<p><img decoding=\"async\" alt=\"check\" src=\"https:\/\/tierisch-verliebt.de\/magazin\/wp-content\/uploads\/2019\/06\/check-icon-16.png\"> <strong>Name<\/strong>: Russisch Blau<br \/>\n<img decoding=\"async\" alt=\"check\" src=\"https:\/\/tierisch-verliebt.de\/magazin\/wp-content\/uploads\/2019\/06\/check-icon-16.png\"> <strong>Wissenschaftlicher Name<\/strong>: Felis catus<br \/>\n<img decoding=\"async\" alt=\"check\" src=\"https:\/\/tierisch-verliebt.de\/magazin\/wp-content\/uploads\/2019\/06\/check-icon-16.png\"> <strong>Herkunft<\/strong>: Russland<br \/>\n<img decoding=\"async\" alt=\"check\" src=\"https:\/\/tierisch-verliebt.de\/magazin\/wp-content\/uploads\/2019\/06\/check-icon-16.png\"> <strong>Lebenserwartung<\/strong>: 12 &#8211; 18 Jahre<br \/>\n<img decoding=\"async\" alt=\"check\" src=\"https:\/\/tierisch-verliebt.de\/magazin\/wp-content\/uploads\/2019\/06\/check-icon-16.png\"> <strong>Gewicht<\/strong>: 2,5 \u2013 6,5 kg<br \/>\n<img decoding=\"async\" alt=\"check\" src=\"https:\/\/tierisch-verliebt.de\/magazin\/wp-content\/uploads\/2019\/06\/check-icon-16.png\"> <strong>Fellfarben<\/strong>: blau<br \/>\n<img decoding=\"async\" alt=\"check\" src=\"https:\/\/tierisch-verliebt.de\/magazin\/wp-content\/uploads\/2019\/06\/check-icon-16.png\"> <strong>Charakter<\/strong>: still, etwas scheu, sanftm\u00fctig, unabh\u00e4ngig<br \/>\n<img decoding=\"async\" alt=\"check\" src=\"https:\/\/tierisch-verliebt.de\/magazin\/wp-content\/uploads\/2019\/06\/check-icon-16.png\"> <strong>Kosten<\/strong>: Zwischen 500 &#038; 700 Euro<\/p>\n<h2>Wesen und Charakter<\/h2>\n<p>Bei der Russisch Blau handelt es sich vom Wesen her um eine ausgeglichene und sehr verschmuste Katzenrasse. Diese Katzen sind auch sehr ruhig und haben in der Regel eine starke Bindung zu dem Menschen, bei dem sie leben oder von dem sie Futter bekommen. Unter den drei Typen, die es von dieser Katzenrasse gibt, gibt es zwar feine kleine Unterschiede auch beim Wesen und Charakter. Doch im Allgemeinen sind diese Katzen recht kontaktfreudig und gegen\u00fcber Fremden in der Regel sehr aufgeschlossen. Diese Katzenrasse ist zudem mittelaktiv und sehr ruheliebend. Die Russisch Blau gilt als sehr verspielt. Bis ins hohe Alter spielt sie gerne. Allein gehalten werden sollte diese Katzenrasse nicht. Mit anderen Katzen versteht sich die Russisch Blau im Allgemeinen sehr gut.<\/p>\n<h2>Herkunft &#038; Geschichte<\/h2>\n<p>Die Russisch Blau ist eine sehr alte Katzenrasse. Sie stammt aus Russland und wurde schon am Zarenhof gehalten. Der Zar verschenkte diese Katzenrasse gerne an andere K\u00f6nigsh\u00e4user Europas. Ab dem 17. Jahrhundert wurde die Katze gez\u00fcchtet und erhielt verschiedene Namen von den Z\u00fcchtern. Heimatort der Z\u00fcchter der Russisch Blau war damals Archangelsk \/ Russland. Um 1860 herum brachten britische Matrosen die ersten Katzen dieser Rasse von Russland aus nach England. Mit dem Beginn des 20. Jahrhunderts einigten sich die Katzenz\u00fcchter dann auf ihren heutigen Namen \u2013 Russisch Blau. Seit 1937 gilt die Russisch Blau als eigenst\u00e4ndige Rasse. W\u00e4hrend des Zweiten Weltkriegs wurde die Katzenrasse stark dezimiert. Daher wurden f\u00fcr den Erhalt der Rasse Blue-Point Siamkatzen eingez\u00fcchtet. Das urspr\u00fcngliche Aussehen der Russisch Blau ging dadurch leider f\u00fcr immer verloren. Seither gibt es Bem\u00fchungen den Siamkatzen Touch wieder heraus zu z\u00fcchten. Dies war die Geburtsstunde der drei verschiedenen Typen der Katzenrasse. Heute leben vor allem in Europa alle drei Varianten und auch Mischungen daraus. Doch einige Farbvarianten der gez\u00fcchteten Russisch Blau sind bis heute nicht anerkannt.<\/p>\n<h2>\u00dcberlegungen vor der Anschaffung<\/h2>\n<p>Wer sich eine Russisch Blau anschaffen m\u00f6chte, der sollte wissen, dass diese Katzenrasse fast keine Haare verliert. Dies ist ein Argument, das f\u00fcr die Anschaffung von einem Exemplar dieser Katzenrasse spricht. Vor allem f\u00fcr Menschen mit <a href=\"https:\/\/tierisch-verliebt.de\/magazin\/tierhaarallergie\/\">Tierhaarallergie<\/a>. F\u00fcr die Wohnungshaltung ist die Russisch Blau daher sehr gut geeignet. Da die Russisch Blau sehr gerne spielt, muss man allerdings zu deren Belustigung sehr viel Zeit einplanen. Zudem liebt diese Katzenrasse einen sehr klar strukturierten Tagesablauf. Auch sollte man wissen vor der Anschaffung einer solchen Katze, dass diese Katzenrasse sehr familienbezogen ist und an ihren Besitzern h\u00e4ngt und ihnen auf Schritt und Tritt folgt. Zudem schlafen diese Katzen gerne unter Decken, bevorzugt sogar im Bett ihres Besitzers. Vor der Anschaffung einer solchen Katze sollte man sich auch dar\u00fcber im Klaren sein, dass diese Katzenrasse sehr schlau ist. Das hei\u00dft, T\u00fcren oder Kleiderschr\u00e4nke stellen f\u00fcr diese Katzen kein Hindernis dar. Zudem ist wissenswert, dass diese Katzenrasse sehr sprunggewaltig ist. Vom Stand auf dem Boden aus auf den T\u00fcrzargen springen \u2013 f\u00fcr eine Russisch Blau kein Problem. Abhilfe schaffen kann hier ein Kratzbaum. Dieser nimmt aber nicht viel Platz weg. Schon eine junge Russisch Blau ist nicht zur\u00fcckhaltend und alles andere als ruhig. Die Haltung einer Russisch Blau in einem Haushalt mit Kindern ist kein Problem. Zeit f\u00fcr die Russisch Blau neben dem H\u00fcten und Erziehen der Kinder sollte aber sein. Denn die Russisch Blau verlangt jeden Tag nach ausgiebigen Streicheleinheiten. F\u00fcr die Fellpflege muss man sich f\u00fcr die Russisch Blau nicht viel Zeit nehmen. Es reicht durchaus dass das kurze Fell einmal in der Woche geb\u00fcrstet wird. Dies dient dazu, um lose Haare aus dem Fell zu entfernen.<\/p>\n<h2>Geeignete Aktivit\u00e4ten<\/h2>\n<p>Da die Russisch Blau eine typische Wohnungskatze ist, bedarf es schon einiges an Spielen und Spielzeug, um diese Katze bei Laune zu halten. Denn diese Katzenrasse ben\u00f6tigt eine herausfordernde Besch\u00e4ftigung. Intelligenzspielzeug kaufen ist eine tolle Idee. Doch diese Katzenrasse durchschaut deren Sinn schneller als andere Katzen. Ein Katzenbaum ist auch Pflicht. Denn dieser bietet der Russisch Blau die M\u00f6glichkeit herumzuturnen. Au\u00dferdem kann die Katze von dem erh\u00f6hten Ausguck auf dem Katzenbaum in aller Ruhe entspannen.<\/p>\n<h2>Rassemerkmale<\/h2>\n<p>Inzwischen gibt es aber drei Zuchtzweige der Russisch Blau. Es gibt den englischen Typus. Deren Fellfarbe ist mittelblau und die Ohrenstellung ist eng und vertikal. Der sibirische\/skandinavische Typus dieser Katzenrasse ist etwas kleiner als die anderen beiden und vom Fell her dunkler, fast schon anthrazit. Der amerikanische Typus indes ist von der Fellfarbe her sehr viel heller. In diesen Varianten ist die Russisch Blau von allen Vereinen und deren Dachorganisationen anerkannt \u2013 auf der ganzen Welt. Dabei unterscheiden sich die jeweiligen Standards recht stark. Zu den Rassemerkmalen nach dem Europ\u00e4ischen Standard geh\u00f6rt unter anderem, dass die Ohren gro\u00df und zugespitzt sind. Die Beine sind fein und hoch, wobei die Hinterbeine l\u00e4nger sind als die Vorderbeine und die Pfoten sind oval, klein und lavendelfarben.<\/p>\n<h2>Geeignete Ern\u00e4hrung<\/h2>\n<p>Die F\u00fctterung der Russisch Blau ist unkompliziert. Auf Besonderheiten muss man nicht achten. Sinnvoll ist es der Russisch Blau eine Katzennahrung ohne Zucker und Konservierungsstoffe anzubieten. Die Russisch Blau ist dabei nicht w\u00e4hlerisch. Wichtig ist es auf das Gewicht der Katze zu achten. Zu achten ist auch darauf, dass das Fell der Katze gl\u00e4nzend ist. Sollte dies nicht so sein, wird angeraten das <a href=\"https:\/\/tierisch-verliebt.de\/magazin\/katzenfutter-im-test\/\">Katzenfutter<\/a> zu wechseln. Bei guter Haltung kann die Katze ca. 20 Jahre alt werden.<\/p>\n","protected":false},"excerpt":{"rendered":"<p>Als Russisch Blau wird eine Hauskatzenrasse bezeichnet. Der Name der Russisch Blau r\u00fchrt daher, dass diese kurzhaarige Katzenrasse ein sehr<\/p>\n","protected":false},"author":2,"featured_media":719,"parent":0,"menu_order":0,"comment_status":"closed","ping_status":"closed","template":"","meta":{"ngg_post_thumbnail":0,"footnotes":""},"class_list":["post-716","page","type-page","status-publish","has-post-thumbnail","hentry","comments-off"],"aioseo_notices":[],"_links":{"self":[{"href":"https:\/\/tierisch-verliebt.de\/magazin\/wp-json\/wp\/v2\/pages\/716","targetHints":{"allow":["GET"]}}],"collection":[{"href":"https:\/\/tierisch-verliebt.de\/magazin\/wp-json\/wp\/v2\/pages"}],"about":[{"href":"https:\/\/tierisch-verliebt.de\/magazin\/wp-json\/wp\/v2\/types\/page"}],"author":[{"embeddable":true,"href":"https:\/\/tierisch-verliebt.de\/magazin\/wp-json\/wp\/v2\/users\/2"}],"replies":[{"embeddable":true,"href":"https:\/\/tierisch-verliebt.de\/magazin\/wp-json\/wp\/v2\/comments?post=716"}],"version-history":[{"count":5,"href":"https:\/\/tierisch-verliebt.de\/magazin\/wp-json\/wp\/v2\/pages\/716\/revisions"}],"predecessor-version":[{"id":1243,"href":"https:\/\/tierisch-verliebt.de\/magazin\/wp-json\/wp\/v2\/pages\/716\/revisions\/1243"}],"wp:featuredmedia":[{"embeddable":true,"href":"https:\/\/tierisch-verliebt.de\/magazin\/wp-json\/wp\/v2\/media\/719"}],"wp:attachment":[{"href":"https:\/\/tierisch-verliebt.de\/magazin\/wp-json\/wp\/v2\/media?parent=716"}],"curies":[{"name":"wp","href":"https:\/\/api.w.org\/{rel}","templated":true}]}}