{"id":645,"date":"2019-12-04T09:27:10","date_gmt":"2019-12-04T08:27:10","guid":{"rendered":"https:\/\/tierisch-verliebt.de\/magazin\/?page_id=645"},"modified":"2025-03-31T15:20:22","modified_gmt":"2025-03-31T13:20:22","slug":"katzenrassen","status":"publish","type":"page","link":"https:\/\/tierisch-verliebt.de\/magazin\/katzenrassen\/","title":{"rendered":"Katzenrassen"},"content":{"rendered":"<p>Katzen faszinieren uns Menschen seit jeher mit ihrer anmutigen Eleganz, ihrem unabh\u00e4ngigen Wesen und ihrer vielseitigen Pers\u00f6nlichkeit. Die Vielfalt der Katzenrassen ist beeindruckend, von den majest\u00e4tischen Maine Coons bis hin zu den exotischen Bengalkatzen. Jede Rasse bringt ihre eigenen einzigartigen Merkmale mit sich \u2013 sei es im Aussehen, Verhalten oder in den speziellen Anforderungen an ihre Pflege.<\/p>\n<p>Hier stellen wir Ihnen eine umfassende Sammlung von Katzenrassen vor, die Ihnen helfen soll, die perfekte Katze f\u00fcr Ihre Lebensumst\u00e4nde zu finden. Ob Sie nach einem verschmusten Begleiter, einem verspielten Freund oder einer ruhigen, gelassenen Katze suchen \u2013 hier erfahren Sie alles, was Sie wissen m\u00fcssen, um die richtige Wahl zu treffen.<\/p>\n<h3>Steckbriefe und Portraits unserer Katzenrassen:<\/h3>\n<ol>\n<li style=\"list-style-type: none;\">\n<ol>\n<li><a href=\"https:\/\/tierisch-verliebt.de\/magazin\/abessinier-katze\/\">Abessinier<\/a><\/li>\n<li><a href=\"https:\/\/tierisch-verliebt.de\/magazin\/american-curl\/\">American Curl<\/a><\/li>\n<li><a href=\"https:\/\/tierisch-verliebt.de\/magazin\/american-wirehair\/\">American Wirehair<\/a><\/li>\n<li><a href=\"https:\/\/tierisch-verliebt.de\/magazin\/ashera\/\">Ashera<\/a><\/li>\n<li><a href=\"https:\/\/tierisch-verliebt.de\/magazin\/australian-mist\/\">Australian Mist<\/a><\/li>\n<li><a href=\"https:\/\/tierisch-verliebt.de\/magazin\/balinese\/\">Balinese<\/a><\/li>\n<li><a href=\"https:\/\/tierisch-verliebt.de\/magazin\/bengal-katze\/\">Bengalkatze<\/a><\/li>\n<li><a href=\"https:\/\/tierisch-verliebt.de\/magazin\/bergkatze-andenkatze\/\">Bergkatze<\/a><\/li>\n<li><a href=\"https:\/\/tierisch-verliebt.de\/magazin\/bombay-katze\/\">Bombay Katze<\/a><\/li>\n<li><a href=\"https:\/\/tierisch-verliebt.de\/magazin\/britisch-kurzhaar\/\">Britisch Kurzhaar<\/a><\/li>\n<li><a href=\"https:\/\/tierisch-verliebt.de\/magazin\/britisch-langhaar\/\">Britisch Langhaar<\/a><\/li>\n<li><a href=\"https:\/\/tierisch-verliebt.de\/magazin\/burma-katze\/\">Burma Katze<\/a><\/li>\n<li><a href=\"https:\/\/tierisch-verliebt.de\/magazin\/burmilla\/\">Burmilla<\/a><\/li>\n<li><a href=\"https:\/\/tierisch-verliebt.de\/magazin\/california-spangled-cat\/\">California Spangled Cat<\/a><\/li>\n<li><a href=\"https:\/\/tierisch-verliebt.de\/magazin\/chausie\/\">Chausie<\/a><\/li>\n<li><a href=\"https:\/\/tierisch-verliebt.de\/magazin\/cornish-rex\/\">Cornish Rex<\/a><\/li>\n<li><a href=\"https:\/\/tierisch-verliebt.de\/magazin\/deutsch-langhaar\/\">Deutsch Langhaar<\/a><\/li>\n<li><a href=\"https:\/\/tierisch-verliebt.de\/magazin\/devon-rex\/\">Devon Rex<\/a><\/li>\n<li><a href=\"https:\/\/tierisch-verliebt.de\/magazin\/egyptian-mau\/\">Egyptian Mau<\/a><\/li>\n<li><a href=\"https:\/\/tierisch-verliebt.de\/magazin\/europaeisch-kurzhaar\/\">Europ\u00e4isch Kurzhaar<\/a><\/li>\n<li><a href=\"https:\/\/tierisch-verliebt.de\/magazin\/exotic-shorthair\/\">Exotic Shorthair<\/a><\/li>\n<li><a href=\"https:\/\/tierisch-verliebt.de\/magazin\/german-rex\/\">German Rex<\/a><\/li>\n<li><a href=\"https:\/\/tierisch-verliebt.de\/magazin\/hauskatze\/\">Hauskatze<\/a><\/li>\n<li><a href=\"https:\/\/tierisch-verliebt.de\/magazin\/heilige-birma\/\">Heilige Birma<\/a><\/li>\n<li><a href=\"https:\/\/tierisch-verliebt.de\/magazin\/japanese-bobtail\/\">Japanese Bobtail<\/a><\/li>\n<li><a href=\"https:\/\/tierisch-verliebt.de\/magazin\/javanese\/\">Javanese<\/a><\/li>\n<li><a href=\"https:\/\/tierisch-verliebt.de\/magazin\/kartaeuser-katze\/\">Kart\u00e4user Katze (Chartreux)<\/a><\/li>\n<li><a href=\"https:\/\/tierisch-verliebt.de\/magazin\/korat-katze\/\">Korat<\/a><\/li>\n<li><a href=\"https:\/\/tierisch-verliebt.de\/magazin\/laperm\/\">LaPerm<\/a><\/li>\n<li><a href=\"https:\/\/tierisch-verliebt.de\/magazin\/maine-coon\/\">Maine Coon<\/a><\/li>\n<li><a href=\"https:\/\/tierisch-verliebt.de\/magazin\/munchkin\/\">Munchkin<\/a><\/li>\n<li><a href=\"https:\/\/tierisch-verliebt.de\/magazin\/nebelung\/\">Nebelung<\/a><\/li>\n<li><a href=\"https:\/\/tierisch-verliebt.de\/magazin\/norwegische-waldkatze\/\">Norwegische Waldkatze<\/a><\/li>\n<li><a href=\"https:\/\/tierisch-verliebt.de\/magazin\/ocicat\/\">Ocicat<\/a><\/li>\n<li><a href=\"https:\/\/tierisch-verliebt.de\/magazin\/orientalisch-kurzhaar\/\">Orientalisch Kurzhaar<\/a><\/li>\n<li><a href=\"https:\/\/tierisch-verliebt.de\/magazin\/perserkatze\/\">Perserkatze<\/a><\/li>\n<li><a href=\"https:\/\/tierisch-verliebt.de\/magazin\/ragamuffin\/\">RagaMuffin<\/a><\/li>\n<li><a href=\"https:\/\/tierisch-verliebt.de\/magazin\/ragdoll\/\">Ragdoll<\/a><\/li>\n<li><a href=\"https:\/\/tierisch-verliebt.de\/magazin\/russisch-blau\/\">Russisch Blau<\/a><\/li>\n<li><a href=\"https:\/\/tierisch-verliebt.de\/magazin\/savannah-katze\/\">Savannah Katze<\/a><\/li>\n<li><a href=\"https:\/\/tierisch-verliebt.de\/magazin\/scottish-fold\/\">Scottish Fold<\/a><\/li>\n<li><a href=\"https:\/\/tierisch-verliebt.de\/magazin\/selkirk-rex\/\">Selkirk Rex<\/a><\/li>\n<li><a href=\"https:\/\/tierisch-verliebt.de\/magazin\/siamkatze\/\">Siamkatze<\/a><\/li>\n<li><a href=\"https:\/\/tierisch-verliebt.de\/magazin\/sibirische-katze\/\">Sibirische Katze<\/a><\/li>\n<li><a href=\"https:\/\/tierisch-verliebt.de\/magazin\/singapura\/\">Singapura Katze<\/a><\/li>\n<li><a href=\"https:\/\/tierisch-verliebt.de\/magazin\/snowshoe\/\">Snowshoe<\/a><\/li>\n<li><a href=\"https:\/\/tierisch-verliebt.de\/magazin\/sokoke\/\">Sokoke<\/a><\/li>\n<li><a href=\"https:\/\/tierisch-verliebt.de\/magazin\/somali-katze\/\">Somali Katze<\/a><\/li>\n<li><a href=\"https:\/\/tierisch-verliebt.de\/magazin\/sphynx-katze\/\">Sphynx Katze<\/a><\/li>\n<li><a href=\"https:\/\/tierisch-verliebt.de\/magazin\/thai-katze\/\">Thai Katze<\/a><\/li>\n<li><a href=\"https:\/\/tierisch-verliebt.de\/magazin\/tonkanese\/\">Tonkanese<\/a><\/li>\n<li><a href=\"https:\/\/tierisch-verliebt.de\/magazin\/tuerkische-angora\/\">T\u00fcrkisch Angora<\/a><\/li>\n<li><a href=\"https:\/\/tierisch-verliebt.de\/magazin\/tuerkisch-van\/\">T\u00fcrkisch Van<\/a><\/li>\n<li><a href=\"https:\/\/tierisch-verliebt.de\/magazin\/wildkatze\/\">Wildkatze<\/a><\/li>\n<li><a href=\"https:\/\/tierisch-verliebt.de\/magazin\/zibetkatze\/\">Zibetkatze<\/a><\/li>\n<\/ol>\n<\/li>\n<\/ol>\n<p>&nbsp;<\/p>\n<h3><img decoding=\"async\" class=\"alignnone wp-image-723\" src=\"https:\/\/tierisch-verliebt.de\/magazin\/wp-content\/uploads\/2020\/01\/Hauskatze.jpg\" alt=\"Hauskatze\" width=\"551\" height=\"390\" srcset=\"https:\/\/tierisch-verliebt.de\/magazin\/wp-content\/uploads\/2020\/01\/Hauskatze.jpg 960w, https:\/\/tierisch-verliebt.de\/magazin\/wp-content\/uploads\/2020\/01\/Hauskatze-300x213.jpg 300w, https:\/\/tierisch-verliebt.de\/magazin\/wp-content\/uploads\/2020\/01\/Hauskatze-768x544.jpg 768w\" sizes=\"(max-width: 551px) 100vw, 551px\" \/><\/h3>\n<h3>Fazit<\/h3>\n<p>Die Welt der Katzenrassen ist ebenso vielf\u00e4ltig wie faszinierend. Von den imposanten und sanften Riesen wie der Maine Coon bis hin zu den eleganten und agilen Siamkatzen \u2013 jede Rasse hat ihre eigenen Vorz\u00fcge und besonderen Eigenschaften. Die Wahl der richtigen Katze sollte gut durchdacht sein und auf den eigenen Lebensstil sowie die individuellen Vorlieben abgestimmt werden.<\/p>\n<p>Mit den hier vorgestellten Steckbriefen und Portr\u00e4ts haben Sie einen umfassenden \u00dcberblick \u00fcber viele der bekanntesten und auch weniger verbreiteten Katzenrassen erhalten. Diese Informationen sollen Ihnen dabei helfen, eine fundierte Entscheidung zu treffen und die Katze zu finden, die perfekt zu Ihnen passt.<\/p>\n<p><em>Wir werden diese Sammlung kontinuierlich erweitern, um Ihnen eine noch gr\u00f6\u00dfere Auswahl an Rassen und deren Charakteristiken zu bieten.<\/em><\/p>\n","protected":false},"excerpt":{"rendered":"<p>Katzen faszinieren uns Menschen seit jeher mit ihrer anmutigen Eleganz, ihrem unabh\u00e4ngigen Wesen und ihrer vielseitigen Pers\u00f6nlichkeit. Die Vielfalt der<\/p>\n","protected":false},"author":1,"featured_media":2680,"parent":0,"menu_order":0,"comment_status":"closed","ping_status":"closed","template":"","meta":{"ngg_post_thumbnail":0,"footnotes":""},"class_list":["post-645","page","type-page","status-publish","has-post-thumbnail","hentry","comments-off"],"aioseo_notices":[],"_links":{"self":[{"href":"https:\/\/tierisch-verliebt.de\/magazin\/wp-json\/wp\/v2\/pages\/645","targetHints":{"allow":["GET"]}}],"collection":[{"href":"https:\/\/tierisch-verliebt.de\/magazin\/wp-json\/wp\/v2\/pages"}],"about":[{"href":"https:\/\/tierisch-verliebt.de\/magazin\/wp-json\/wp\/v2\/types\/page"}],"author":[{"embeddable":true,"href":"https:\/\/tierisch-verliebt.de\/magazin\/wp-json\/wp\/v2\/users\/1"}],"replies":[{"embeddable":true,"href":"https:\/\/tierisch-verliebt.de\/magazin\/wp-json\/wp\/v2\/comments?post=645"}],"version-history":[{"count":5,"href":"https:\/\/tierisch-verliebt.de\/magazin\/wp-json\/wp\/v2\/pages\/645\/revisions"}],"predecessor-version":[{"id":3212,"href":"https:\/\/tierisch-verliebt.de\/magazin\/wp-json\/wp\/v2\/pages\/645\/revisions\/3212"}],"wp:featuredmedia":[{"embeddable":true,"href":"https:\/\/tierisch-verliebt.de\/magazin\/wp-json\/wp\/v2\/media\/2680"}],"wp:attachment":[{"href":"https:\/\/tierisch-verliebt.de\/magazin\/wp-json\/wp\/v2\/media?parent=645"}],"curies":[{"name":"wp","href":"https:\/\/api.w.org\/{rel}","templated":true}]}}