{"id":607,"date":"2019-11-18T19:17:28","date_gmt":"2019-11-18T18:17:28","guid":{"rendered":"https:\/\/tierisch-verliebt.de\/magazin\/?page_id=607"},"modified":"2025-02-22T23:42:21","modified_gmt":"2025-02-22T22:42:21","slug":"dogo-argentino","status":"publish","type":"page","link":"https:\/\/tierisch-verliebt.de\/magazin\/dogo-argentino\/","title":{"rendered":"Dogo Argentino &#8211; Das Portrait"},"content":{"rendered":"<p>Der Dogo Argentino ist ein argentinischer Jagdhund, welcher gern mit Familien zusammenlebt. Er ist fr\u00f6hlich und gutm\u00fctig kann aber auch dominant sein. In Deutschland geh\u00f6rt der Dogo Argentino zu den <a title=\"Listenhunde \u2013 Diese Hunde werden in Deutschland als gef\u00e4hrlich eingestuft\" href=\"https:\/\/tierisch-verliebt.de\/magazin\/listenhunde\/\">Listenhunden<\/a>, wessen Haltung der Einhaltung besonderen Auflagen bedarf. Hier kann man das vollst\u00e4ndige Portrait dieser Hunderasse finden.<\/p>\n\n<h2>Steckbrief<\/h2>\n<p><img decoding=\"async\" alt=\"check\" src=\"https:\/\/tierisch-verliebt.de\/magazin\/wp-content\/uploads\/2019\/06\/check-icon-16.png\"> <strong>Lebenserwartung:<\/strong> 10 bis 13 Jahre<br \/>\n<img decoding=\"async\" alt=\"check\" src=\"https:\/\/tierisch-verliebt.de\/magazin\/wp-content\/uploads\/2019\/06\/check-icon-16.png\"> <strong>Gewicht:<\/strong> 35 bis 45 kg<br \/>\n<img decoding=\"async\" alt=\"check\" src=\"https:\/\/tierisch-verliebt.de\/magazin\/wp-content\/uploads\/2019\/06\/check-icon-16.png\"> <strong>Widerristh\u00f6he:<\/strong> 60 bis 68 cm<br \/>\n<img decoding=\"async\" alt=\"check\" src=\"https:\/\/tierisch-verliebt.de\/magazin\/wp-content\/uploads\/2019\/06\/check-icon-16.png\"> <strong>Charakter:<\/strong> mutig, verspielt, aktiv, dynamisch<br \/>\n<img decoding=\"async\" alt=\"check\" src=\"https:\/\/tierisch-verliebt.de\/magazin\/wp-content\/uploads\/2019\/06\/check-icon-16.png\"> <strong>Farben:<\/strong> wei\u00df<br \/>\n<img decoding=\"async\" alt=\"check\" src=\"https:\/\/tierisch-verliebt.de\/magazin\/wp-content\/uploads\/2019\/06\/check-icon-16.png\"> <strong>FCI-Gruppe:<\/strong> <a href=\"https:\/\/tierisch-verliebt.de\/magazin\/fci-gruppen\/\">FCI-Gruppe 2<\/a><br \/>\n<img decoding=\"async\" alt=\"check\" src=\"https:\/\/tierisch-verliebt.de\/magazin\/wp-content\/uploads\/2019\/06\/check-icon-16.png\"> <strong>Kosten:<\/strong> Zwischen 1.200 &amp; 1.600 Euro<\/p>\n<p><img decoding=\"async\" class=\"alignnone size-large wp-image-2238\" src=\"https:\/\/tierisch-verliebt.de\/magazin\/wp-content\/uploads\/2023\/08\/Dogo-Argentino-1-1024x686.jpg\" alt=\"Dogo Argentino\" width=\"910\" height=\"610\" srcset=\"https:\/\/tierisch-verliebt.de\/magazin\/wp-content\/uploads\/2023\/08\/Dogo-Argentino-1-1024x686.jpg 1024w, https:\/\/tierisch-verliebt.de\/magazin\/wp-content\/uploads\/2023\/08\/Dogo-Argentino-1-300x201.jpg 300w, https:\/\/tierisch-verliebt.de\/magazin\/wp-content\/uploads\/2023\/08\/Dogo-Argentino-1-768x514.jpg 768w, https:\/\/tierisch-verliebt.de\/magazin\/wp-content\/uploads\/2023\/08\/Dogo-Argentino-1.jpg 1280w\" sizes=\"(max-width: 910px) 100vw, 910px\" \/><\/p>\n<h2>Wesen und Charakter<\/h2>\n<p>Bei dem Dogo Argentino handelt es sich um einen athletischen und freundlichen Hund. Er m\u00f6chte viel Bewegung und liebt es sich auszupowern. Es gibt viele Parallelen zu anderen Molossern. Das zeigt sich in seiner Gutm\u00fctigkeit und seiner Liebe zu Kindern. Aufgrund seiner Dominanz ist die Vertr\u00e4glichkeit mit anderen Hunden oftmals nicht gegeben. Im Grunde ist der Dogo Argentino aber sehr fr\u00f6hlich und vor allem offen. Gleichzeitig besch\u00fctzt er seine Besitzer und zeigt gern seine Kraft. Der Dogo Argentino gilt nicht als aggressiv. Vor allem in der <a href=\"https:\/\/tierisch-verliebt.de\/magazin\/hunderziehung-grundlegendes\/\">Erziehung<\/a> muss deshalb sein Verhalten kontrolliert und trainiert werden.<\/p>\n<h2>Herkunft &amp; Geschichte<\/h2>\n<p>Der Dogo Argentino ist ein argentinischer <a href=\"https:\/\/tierisch-verliebt.de\/magazin\/jagdhunde\/\">Jagdhund<\/a>. Er gilt als eine Fortsetzung der Molosser in der Form eines Saupacker. Die Molosser wurden im Mittelalter f\u00fcr die Jagd eingesetzt. Zu dieser Zeit wurden vor allem die Wildschweine noch mit einem Speer gefangen. Die Aufgabe der Molosser war es die Tiere zu Hetzen und sie festzuhalten bis die J\u00e4ger kamen. In Argentinien wurde ein Hund mit genau diesen Eigenschaften f\u00fcr die Jagd gesucht.<\/p>\n<p>Antonio Nores Martinez machte es sich daher um 1873 zur Aufgabe einen neuen Jagdhund zu z\u00fcchten. Parallel entstanden auch in Europa viele neue Jagdhundrassen. Ausgehend von einer Dogge f\u00fchrte die Zucht schlie\u00dflich in Richtung <a href=\"https:\/\/tierisch-verliebt.de\/magazin\/bullterrier\/\">Bullterrier<\/a>. Sie gaben dem Dogo Argentino seine Fellfarbe. Erst um 1928 ist aus den zahlreichen Experimenten ein neuer Jagdhund entstanden, welcher ein W\u00e4chter und Besch\u00fctzer zugleich ist. 1973 wurde die Rasse auch durch den FCI anerkannt.<\/p>\n<p>Die Hunderasse ist in Argentinien entstanden und gilt als einzige landestypische Hunderasse. In Deutschland sind die Hunde mittlerweile auch vertreten. Hierzulande gibt es zwar keinen eigenen Zuchtverband. Daf\u00fcr wird der Dogo Argentino aber durch den VDH vertreten. Vor allem seine Einordnung in die Kategorie der Kampfhunde f\u00fchren hierzulande immer wieder zu Problemen.<\/p>\n<p><img decoding=\"async\" class=\"alignnone size-full wp-image-610\" src=\"https:\/\/tierisch-verliebt.de\/magazin\/wp-content\/uploads\/2019\/11\/Dogo-Argentino.jpg\" alt=\"Dogo Argentino\" width=\"960\" height=\"640\" srcset=\"https:\/\/tierisch-verliebt.de\/magazin\/wp-content\/uploads\/2019\/11\/Dogo-Argentino.jpg 960w, https:\/\/tierisch-verliebt.de\/magazin\/wp-content\/uploads\/2019\/11\/Dogo-Argentino-300x200.jpg 300w, https:\/\/tierisch-verliebt.de\/magazin\/wp-content\/uploads\/2019\/11\/Dogo-Argentino-768x512.jpg 768w\" sizes=\"(max-width: 960px) 100vw, 960px\" \/><\/p>\n<h2>\u00dcberlegungen vor der Anschaffung<\/h2>\n<p>Vor dem Kauf sollte bewusst sein, dass es sich um einen sogenannten Listenhund handelt. F\u00fcr die Haltung muss dementsprechend erst eine Pr\u00fcfung abgelegt werden. Zudem m\u00fcssen alle Standards angehalten werden. Der Hund bedarf einer strengen Erziehung, die insbesondere dem Besuch einer Hundeschule oder eines Hundetrainers bedarf.<\/p>\n<p>Auf der Einordnung als Kampfhund muss auch mit h\u00f6heren <a href=\"https:\/\/tierisch-verliebt.de\/magazin\/unterhalt-eines-hundes\/\">Kosten<\/a> insbesondere hinsichtlich der Hundesteuer gerechnet werden. Der Dogo Argentino ist zudem ein Hund der viel Platz braucht, da es ein sehr temperamentvoller Hund ist, der sich austoben muss. F\u00fcr die Haltung in der Wohnung sind die Tiere deshalb eher nicht geeignet.<\/p>\n<h2>Geeignete Aktivit\u00e4ten<\/h2>\n<p>Der Dogo Argentino ist ein Hund, der besch\u00e4ftigt werden will. Sein Bewegungsdrang und seine Energie wollen genutzt werden. Vor allem beim Hundesport, wie Agility, kann sich der Dogo Argentino sehr gut auspowern. Ansonsten m\u00f6chte der Hund gern tags\u00fcber gro\u00dfe Spazierg\u00e4nge machen und die Zeit in der Natur verbringen. Der Kontakt mit anderen Hunden ist jedoch eher schwierig, sodass auf ein Zusammentreffen eher verzichtet werden sollte.<\/p>\n<p>Des Weiteren hat der Dogo Argentino anders als viele andere Hunderassen einen sehr feinen Geruchssinn. Somit liebt er <a href=\"https:\/\/tierisch-verliebt.de\/magazin\/spiele-fuer-hunde-zu-hause\/\">Suchspiele<\/a>. Das Verstecken von Leckerli ist eine gute M\u00f6glichkeit, um dem Bewegungsdrang des Dogo Argentino gerecht zu werden. Gleichzeitig kann er als gut erzogenes Tier auch als F\u00e4hrten- und Suchhund ausgebildet werden.<\/p>\n<p><img decoding=\"async\" class=\"alignnone size-large wp-image-2236\" src=\"https:\/\/tierisch-verliebt.de\/magazin\/wp-content\/uploads\/2023\/08\/Dogo-Argentino-3-1024x682.jpg\" alt=\"Dogo Argentino\" width=\"910\" height=\"606\" srcset=\"https:\/\/tierisch-verliebt.de\/magazin\/wp-content\/uploads\/2023\/08\/Dogo-Argentino-3-1024x682.jpg 1024w, https:\/\/tierisch-verliebt.de\/magazin\/wp-content\/uploads\/2023\/08\/Dogo-Argentino-3-300x200.jpg 300w, https:\/\/tierisch-verliebt.de\/magazin\/wp-content\/uploads\/2023\/08\/Dogo-Argentino-3-768x512.jpg 768w, https:\/\/tierisch-verliebt.de\/magazin\/wp-content\/uploads\/2023\/08\/Dogo-Argentino-3.jpg 1280w\" sizes=\"(max-width: 910px) 100vw, 910px\" \/><\/p>\n<h2>Rassemerkmale<\/h2>\n<p>Zu den rassetypischen Merkmalen des Dogo Argentino geh\u00f6rt sein athletischer K\u00f6rperbau bei einer Schulterh\u00f6he von 60 bis 68 cm und einem Gewicht von 40 bis 50 kg. Er tr\u00e4gt ein kurzes, wei\u00dfes <a href=\"https:\/\/tierisch-verliebt.de\/magazin\/pflege-von-fell-und-zaehnen-des-hundes\/\">Fell<\/a>, welches keiner besonderen Pflege bedarf. Laut FCI muss das Fell reinwei\u00df sein. Es sind keine Flecken oder Farbtupfer geduldet. Lediglich am Kopf kann der Dogo Argentino einen Farbtupfer von weniger als 10 % Gr\u00f6\u00dfe haben. Der Kopf ist insgesamt kr\u00e4ftig. Die dreieckigen Ohren sitzen weit oben am Kopf. Der Dogo Argentino kann zuchtbedingt aufgrund seiner Abstammung vom Bullterrier taub sein.<\/p>\n<h2>Geeignete Ern\u00e4hrung<\/h2>\n<p>Bei der <a href=\"https:\/\/tierisch-verliebt.de\/magazin\/havaneser-ernaehrung\/\">Ern\u00e4hrung<\/a> gibt es beim Dogo Argentino keine Besonderheiten. Sollten jedoch Erkrankungen vorliegen, kann eine besondere Ern\u00e4hrung erforderlich werden. Es ist jedoch wichtig ein hochwertiges Futter zu w\u00e4hlen, welches dem Hund gut bekommt und welches ihm die notwendigen N\u00e4hrstoffe und Energie liefert.<\/p>\n<p><img decoding=\"async\" class=\"alignnone wp-image-2956\" src=\"https:\/\/tierisch-verliebt.de\/magazin\/wp-content\/uploads\/2025\/01\/ernaehrung-Dogo-Argentino.webp\" alt=\"ernaehrung-dogo-argentino\" width=\"600\" height=\"600\" srcset=\"https:\/\/tierisch-verliebt.de\/magazin\/wp-content\/uploads\/2025\/01\/ernaehrung-Dogo-Argentino.webp 1024w, https:\/\/tierisch-verliebt.de\/magazin\/wp-content\/uploads\/2025\/01\/ernaehrung-Dogo-Argentino-300x300.webp 300w, https:\/\/tierisch-verliebt.de\/magazin\/wp-content\/uploads\/2025\/01\/ernaehrung-Dogo-Argentino-150x150.webp 150w, https:\/\/tierisch-verliebt.de\/magazin\/wp-content\/uploads\/2025\/01\/ernaehrung-Dogo-Argentino-768x768.webp 768w\" sizes=\"(max-width: 600px) 100vw, 600px\" \/><\/p>\n<h2>FAQ<\/h2>\n<h3>1. Wie kann man einen Dogo Argentino geistig auslasten?<\/h3>\n<p>Der Dogo Argentino ist ein intelligenter und arbeitsfreudiger Hund, der sowohl k\u00f6rperlich als auch geistig ausgelastet werden muss. Suchspiele, Denkaufgaben, Tricktraining und abwechslungsreiche Spazierg\u00e4nge sind ideal, um ihn mental zu fordern. Ein gut ausgelasteter Dogo Argentino ist ruhiger, gl\u00fccklicher und entspannter.<\/p>\n<h3>2. Wie lange kann ein Dogo Argentino alleine bleiben?<\/h3>\n<p>Dogo Argentinos sind sehr soziale Hunde, die nicht gerne lange alleine sind. Mit Training k\u00f6nnen sie bis zu 4\u20136 Stunden allein sein, aber l\u00e4ngere Zeitr\u00e4ume sind nicht ideal. Wer oft au\u00dfer Haus ist, sollte eine alternative Betreuung in Betracht ziehen, um seinen Dogo Argentino gl\u00fccklich und ausgeglichen zu halten.<\/p>\n<h3>3. Ist der Dogo Argentino f\u00fcr Ersthundebesitzer geeignet?<\/h3>\n<p>Der Dogo Argentino ist kein Anf\u00e4ngerhund, da er viel Erziehung, F\u00fchrung und Besch\u00e4ftigung braucht. Wer keine Erfahrung mit starken, willensstarken Hunden hat, k\u00f6nnte mit ihm \u00fcberfordert sein.<br \/>\nF\u00fcr erfahrene Hundehalter mit gen\u00fcgend Zeit, Geduld und Engagement kann er jedoch ein treuer, liebevoller und zuverl\u00e4ssiger Begleiter sein.<\/p>\n<h3>4. Vertr\u00e4gt sich der Dogo Argentino mit anderen Haustieren?<\/h3>\n<p>Ein Dogo Argentino kann mit anderen Haustieren auskommen, wenn er von klein auf gut sozialisiert wird. Dennoch ist Vorsicht geboten, da sein Jagdtrieb und dominantes Verhalten eine Herausforderung darstellen k\u00f6nnen. Mit Geduld, konsequenter Erziehung und langsamer Gew\u00f6hnung kann das Zusammenleben gelingen \u2013 besonders mit Hunden und Katzen.<\/p>\n<h3>5. Bellt ein Dogo Argentino viel?<\/h3>\n<p>Der Dogo Argentino ist kein typischer Kl\u00e4ffer. Er ist wachsam und besch\u00fctzt seine Familie, aber er bellt nur, wenn es wirklich n\u00f6tig ist. Mit guter Erziehung, ausreichender Besch\u00e4ftigung und konsequenten Regeln kann das Bellverhalten kontrolliert werden. Ein gut erzogener Dogo Argentino ist ruhig, gelassen und kein \u00fcberm\u00e4\u00dfiger Beller.<\/p>\n<p>&nbsp;<\/p>\n","protected":false},"excerpt":{"rendered":"<p>Der Dogo Argentino ist ein argentinischer Jagdhund, welcher gern mit Familien zusammenlebt. Er ist fr\u00f6hlich und gutm\u00fctig kann aber auch<\/p>\n","protected":false},"author":2,"featured_media":2237,"parent":0,"menu_order":0,"comment_status":"closed","ping_status":"closed","template":"","meta":{"ngg_post_thumbnail":0,"footnotes":""},"class_list":["post-607","page","type-page","status-publish","has-post-thumbnail","hentry","comments-off"],"aioseo_notices":[],"_links":{"self":[{"href":"https:\/\/tierisch-verliebt.de\/magazin\/wp-json\/wp\/v2\/pages\/607","targetHints":{"allow":["GET"]}}],"collection":[{"href":"https:\/\/tierisch-verliebt.de\/magazin\/wp-json\/wp\/v2\/pages"}],"about":[{"href":"https:\/\/tierisch-verliebt.de\/magazin\/wp-json\/wp\/v2\/types\/page"}],"author":[{"embeddable":true,"href":"https:\/\/tierisch-verliebt.de\/magazin\/wp-json\/wp\/v2\/users\/2"}],"replies":[{"embeddable":true,"href":"https:\/\/tierisch-verliebt.de\/magazin\/wp-json\/wp\/v2\/comments?post=607"}],"version-history":[{"count":5,"href":"https:\/\/tierisch-verliebt.de\/magazin\/wp-json\/wp\/v2\/pages\/607\/revisions"}],"predecessor-version":[{"id":3127,"href":"https:\/\/tierisch-verliebt.de\/magazin\/wp-json\/wp\/v2\/pages\/607\/revisions\/3127"}],"wp:featuredmedia":[{"embeddable":true,"href":"https:\/\/tierisch-verliebt.de\/magazin\/wp-json\/wp\/v2\/media\/2237"}],"wp:attachment":[{"href":"https:\/\/tierisch-verliebt.de\/magazin\/wp-json\/wp\/v2\/media?parent=607"}],"curies":[{"name":"wp","href":"https:\/\/api.w.org\/{rel}","templated":true}]}}