{"id":592,"date":"2019-11-13T19:44:13","date_gmt":"2019-11-13T18:44:13","guid":{"rendered":"https:\/\/tierisch-verliebt.de\/magazin\/?page_id=592"},"modified":"2026-03-03T11:38:48","modified_gmt":"2026-03-03T10:38:48","slug":"belgischer-schaeferhund","status":"publish","type":"page","link":"https:\/\/tierisch-verliebt.de\/magazin\/belgischer-schaeferhund\/","title":{"rendered":"Belgischer Sch\u00e4ferhund &#8211; Das Portrait"},"content":{"rendered":"<p>Das Portrait des <strong>Belgischen Sch\u00e4ferhundes<\/strong> zeigt eine intelligente und vielseitige Hunderasse, die mit ihrem Arbeitswillen, ihrer Wachsamkeit und ihrer engen Bindung zu ihrem Halter beeindruckt.<\/p>\n<p>Der Name <strong>Belgischer Sch\u00e4ferhund<\/strong> steht f\u00fcr vier verschiedene Variet\u00e4ten der Rasse: Groenendael und Tervueren, den <a href=\"https:\/\/tierisch-verliebt.de\/magazin\/malinois\/\">Malinois<\/a> und den Laekenois. Sie unterscheiden sich grunds\u00e4tzlich nur in ihrem Aussehen. Das Fellkleid kann langhaarig, kurzhaarig oder rauhaarig sein. Belgische Sch\u00e4ferhunde sind treue Begleiter. Die Tiere bestechen mit einer besonderen Eleganz.<\/p>\n\n<h2>Steckbrief<\/h2>\n<p><img decoding=\"async\" alt=\"check\" src=\"https:\/\/tierisch-verliebt.de\/magazin\/wp-content\/uploads\/2019\/06\/check-icon-16.png\"> <strong>Lebenserwartung:<\/strong> 10 bis 14 Jahre<br \/>\n<img decoding=\"async\" alt=\"check\" src=\"https:\/\/tierisch-verliebt.de\/magazin\/wp-content\/uploads\/2019\/06\/check-icon-16.png\"> <strong>Gewicht:<\/strong> 20 bis 35 kg<br \/>\n<img decoding=\"async\" alt=\"check\" src=\"https:\/\/tierisch-verliebt.de\/magazin\/wp-content\/uploads\/2019\/06\/check-icon-16.png\"> <strong>Widerristh\u00f6he:<\/strong> 563 bis 66 cm<br \/>\n<img decoding=\"async\" alt=\"check\" src=\"https:\/\/tierisch-verliebt.de\/magazin\/wp-content\/uploads\/2019\/06\/check-icon-16.png\"> <strong>Charakter:<\/strong> aktiv, lebendig, liebend, treu, intelligent<br \/>\n<img decoding=\"async\" alt=\"check\" src=\"https:\/\/tierisch-verliebt.de\/magazin\/wp-content\/uploads\/2019\/06\/check-icon-16.png\"> <strong>Farben:<\/strong> mehrfarbig, grau, rot, braun<br \/>\n<img decoding=\"async\" alt=\"check\" src=\"https:\/\/tierisch-verliebt.de\/magazin\/wp-content\/uploads\/2019\/06\/check-icon-16.png\"> <strong>FCI-Gruppe:<\/strong> <a href=\"https:\/\/tierisch-verliebt.de\/magazin\/fci-gruppen\/\">FCI-Gruppe 1<\/a><br \/>\n<img decoding=\"async\" alt=\"check\" src=\"https:\/\/tierisch-verliebt.de\/magazin\/wp-content\/uploads\/2019\/06\/check-icon-16.png\"> <strong>Kosten:<\/strong> Zwischen 800 &amp; 1.500 Euro<\/p>\n<h2>Wesen und Charakter dieser Hunderasse<\/h2>\n<p>Belgische Sch\u00e4ferhunde haben furchtlose, impulsive, aber auch liebevolle Charakterz\u00fcge. Sie ben\u00f6tigen bereits im Welpenalter eine starke, souver\u00e4ne <a href=\"https:\/\/tierisch-verliebt.de\/magazin\/hunderziehung-grundlegendes\/\">Erziehung.<\/a> Jedoch keinesfalls eine harte Hand. Mit der richtigen Behandlung und Ausbildung eignen sie sich gut als Familienhunde. Die Tiere lernen schnell, sind offen und entwickeln ein tiefes Vertrauen zu ihren Besitzern.<\/p>\n<p>Die Tiere sind stets motiviert und lernwillig. Sie gl\u00e4nzen mit ihrer Ausdauer, Schnelligkeit und ihrem Ehrgeiz. In ihrer historischen Vergangenheit wurden sie als Arbeiter- und Sch\u00e4ferhunde verwendet. Diese F\u00e4higkeiten haben sie nicht verloren.<\/p>\n<p>Neben viel Bewegung, brauchen die Hunde eine sinnvolle Besch\u00e4ftigung, die sie geistig f\u00f6rdert. Gut geeignet sind verschiedene Hundesportarten, in denen sie ihr k\u00f6nnen unter Beweis stellen k\u00f6nnen. Sie sind anderen Hunderassen bei verschiedensten Parcours \u00fcberlegen. Dank ihres guten Geruchssinnes werden die Fellnasen oft als Katastrophen-, Sp\u00fcr- oder Lawinenhunde eingesetzt.<\/p>\n<h2>Herkunft und Geschichte Belgischer Sch\u00e4ferhunde<\/h2>\n<p>Bis zum Ende des 19. Jahrhunderts waren Belgische Sch\u00e4ferhunde keine offiziell eingetragene Rasse. Sie waren lediglich als Arbeitshunde f\u00fcr Bauern und Sch\u00e4fer bekannt. Der Professor Adolphe Reul (1849 bis 1907) \u00e4nderte diese Tatsache im Jahr 1891. Nach einer genauen Selektion gelang es ihm einen detaillierten Standard der Rasse zu definieren und drei Variet\u00e4ten zu z\u00fcchten. Daraus entstanden: der Groenendael (langhaarig, schwarze Fellbare), der Malinois (kurzhaarig, schwarze Fellfarbe) sowie der Laekenois (rauhaarig). Der vierte im Bunde, der Tervueren (langhaarig, rotbraune Fellfarbe) wurde erst einige Jahre sp\u00e4ter definiert. Die eher weniger interessanten Hunde entwickelten sich zu einer beliebten Zuchtauswahl.<\/p>\n<h2><img decoding=\"async\" class=\"alignnone wp-image-1971 \" src=\"https:\/\/tierisch-verliebt.de\/magazin\/wp-content\/uploads\/2023\/03\/Belgischer-Schaeferhund-1-1024x684.jpg\" alt=\"Belgischer Sch\u00e4ferhund\" width=\"704\" height=\"470\" srcset=\"https:\/\/tierisch-verliebt.de\/magazin\/wp-content\/uploads\/2023\/03\/Belgischer-Schaeferhund-1-1024x684.jpg 1024w, https:\/\/tierisch-verliebt.de\/magazin\/wp-content\/uploads\/2023\/03\/Belgischer-Schaeferhund-1-300x200.jpg 300w, https:\/\/tierisch-verliebt.de\/magazin\/wp-content\/uploads\/2023\/03\/Belgischer-Schaeferhund-1-768x513.jpg 768w, https:\/\/tierisch-verliebt.de\/magazin\/wp-content\/uploads\/2023\/03\/Belgischer-Schaeferhund-1-1536x1026.jpg 1536w, https:\/\/tierisch-verliebt.de\/magazin\/wp-content\/uploads\/2023\/03\/Belgischer-Schaeferhund-1.jpg 1920w\" sizes=\"(max-width: 704px) 100vw, 704px\" \/><\/h2>\n<h2>\u00dcberlegungen vor der Anschaffung eines Belgischen Sch\u00e4ferhundes<\/h2>\n<p>Bevor man sich einen Hund zulegt, sollte man gut \u00fcberlegen, ob man der Verantwortung gewachsen ist. Die Tiere ben\u00f6tigen eine gewisse Eingew\u00f6hnungszeit und einen starken Charakter an ihrer Seite, der ihnen klar definierte Aufgaben gibt.<\/p>\n<p>Die Hunde sind nicht als Wohnungshunde geeignet, denn sie brauchen gen\u00fcgend Auslauf und sind es gewohnt im Freien zu leben. Ihre Halter sollten eine willensstarke Erziehung an den Tag legen, jedoch keine Aggressionen zeigen. Zudem ben\u00f6tigen Belgische Sch\u00e4ferhunde viel Zeit mit ihren Besitzern. Wird ihnen zu wenig Aufmerksamkeit gezeigt, k\u00f6nnen sie eigensinnig und stur werden.<\/p>\n<p>Der Preis ist abh\u00e4ngig davon f\u00fcr welche Variet\u00e4t man sich entscheidet, in welchem Alter der Hund ist und ob er von einem professionellen Z\u00fcchter stammt. Ein reinrassiger Welpe von einem seri\u00f6sen Z\u00fcchter hat Impfungen und Gesundheitschecks bereits hinter sich. Oft sind die kleinen Hunde bereits mehrfach entwurmt und gechipt. In diesem Fall kann man mit bis zu 1.500 Euro rechnen.<\/p>\n<p>Bei gemeinn\u00fctzigen Tierschutzvereinen kann man ausgesetzten, einsamen Hunden gegen eine geringe Schutzgeb\u00fchr ein neues Zuhause schenken. Es lohnt sich also auch dort nachzufragen.<\/p>\n<p><iframe title=\"Belgischer Sch\u00e4ferhund | Intelligente &amp; aktive Hunderasse \u2013 Cinematic Kurzvideo\" width=\"910\" height=\"512\" src=\"https:\/\/www.youtube.com\/embed\/Tk_iE-r3OTg?feature=oembed\" frameborder=\"0\" allow=\"accelerometer; autoplay; clipboard-write; encrypted-media; gyroscope; picture-in-picture; web-share\" referrerpolicy=\"strict-origin-when-cross-origin\" allowfullscreen><\/iframe><\/p>\n<h2>Geeignete Aktivit\u00e4ten<\/h2>\n<p>Belgische Sch\u00e4ferhunde sind sportlich, aktiv und selbstbewusst. Sie k\u00f6nnen Situationen erkennen und direkt handeln, wenn n\u00f6tig. Die Hunde eignen sich f\u00fcr alle T\u00e4tigkeiten, die ihrer Gr\u00f6\u00dfe und ihrem Drang nach Bewegung gerecht werden.<\/p>\n<p>F\u00fcr den Hundesport sind die Tiere hervorragend geeignet. Beim Agility k\u00f6nnen sie ihre Klugheit unter Beweis stellen. Hierbei durchl\u00e4uft der Hund einen Hindernisparcours in einer festgelegten Zeit und einer bestimmten Reihenfolge. Der Besitzer zeigt seinem Hund anhand von K\u00f6rpersprache den richtigen Weg.<\/p>\n<p>Auch<a href=\"https:\/\/de.wikipedia.org\/wiki\/Discdogging\" target=\"_blank\" rel=\"noopener\"> Discodogging<\/a> ist eine beliebte Sportart f\u00fcr die Vierbeiner. Es dreht sich alles um eine Frisbee-Scheibe, die der Hund von seinem Besitzer zugeworfen bekommt. Die Aufgabe besteht darin diese zu fangen und sie dem Besitzer zur\u00fcckzugeben. Die Scheibe muss entweder in einer bestimmten Zeit m\u00f6glichst oft gefangen werden oder verschiedene Fang- und Wurf Techniken gezeigt werden.<\/p>\n<h2><img decoding=\"async\" class=\"alignnone wp-image-1970 \" src=\"https:\/\/tierisch-verliebt.de\/magazin\/wp-content\/uploads\/2023\/03\/Belgischer-Schaeferhund-2-1024x494.jpg\" alt=\"Belgischer Sch\u00e4ferhund\" width=\"727\" height=\"351\" srcset=\"https:\/\/tierisch-verliebt.de\/magazin\/wp-content\/uploads\/2023\/03\/Belgischer-Schaeferhund-2-1024x494.jpg 1024w, https:\/\/tierisch-verliebt.de\/magazin\/wp-content\/uploads\/2023\/03\/Belgischer-Schaeferhund-2-300x145.jpg 300w, https:\/\/tierisch-verliebt.de\/magazin\/wp-content\/uploads\/2023\/03\/Belgischer-Schaeferhund-2-768x371.jpg 768w, https:\/\/tierisch-verliebt.de\/magazin\/wp-content\/uploads\/2023\/03\/Belgischer-Schaeferhund-2-1536x742.jpg 1536w, https:\/\/tierisch-verliebt.de\/magazin\/wp-content\/uploads\/2023\/03\/Belgischer-Schaeferhund-2.jpg 1920w\" sizes=\"(max-width: 727px) 100vw, 727px\" \/><\/h2>\n<h2>Rassemerkmale des Belgischen Sch\u00e4ferhundes<\/h2>\n<p>Nach den <a href=\"https:\/\/tierisch-verliebt.de\/magazin\/fci-gruppen\/\">Standards des FCI<\/a> (Federation Cynologique Internationale) erreicht ein mittelgro\u00dfer Belgischer Sch\u00e4ferhund ideal eine Widerristh\u00f6he von 62 cm. Eine H\u00fcndin erreicht optimal mit 2 bis 4 cm Abweichung eine Widerristh\u00f6he von 58 cm.<\/p>\n<p>Kopf und Hals der Tiere sind nicht extrem lang. Der Kopf besteht zu gleichen Teilen aus Sch\u00e4del und Fang, wo die Haut am engsten anliegt. Der Hals wirkt eher muskul\u00f6s und athletisch. Belgische Sch\u00e4ferhunde imponieren mit einer \u00e4sthetischen Eleganz und Harmonie.<\/p>\n<p>Das Fell der Variet\u00e4ten Groenendael und Tervueren ist im Bereich des Nackens und der Brust auffallend lang. Der Groenendael kann einfarbig schwarzes Haar und gelegentlich wei\u00dfe Brustflecken besitzen. Der Tervueren hingegen hat ein rotbraunes Fell mit einzelnen dunkleren Sequenzen. Die Oberschenkel der beiden Variet\u00e4ten sind ebenfalls von langen Haaren verdeckt.<\/p>\n<p>Die Variet\u00e4t Malinois beeindruckt wie der Tervueren durch eine schwarze Maske. Grunds\u00e4tzlich ist der Malinois allerdings kurzhaarig. Das Fell hat eine gelbbr\u00e4unliche Farbe, meist mit einer dunkeln Stichelung. Das einzige rauhaarige Fell des Belgischen Sch\u00e4ferhundes hat der Laekenois. Seine Fellfarbe ist gelb-grau-br\u00e4unlich.<\/p>\n<h2>Die richtige Ern\u00e4hrung f\u00fcr Belgische Sch\u00e4ferhunde<\/h2>\n<p>Die Futtermenge h\u00e4ngt stark von der Gr\u00f6\u00dfe und dem Gewicht des Hundes ab. Die aktiven, leistungsstarken Hunde ben\u00f6tigen eine ausgewogene und artgerechte Ern\u00e4hrung. Neben einem hohen Fleischanteil ist auch <a href=\"https:\/\/tierisch-verliebt.de\/magazin\/obst-und-gemuese-die-die-hunde-essen\/\">Gem\u00fcse<\/a> sehr wichtig. Kohlenhydrate k\u00f6nnen in Ma\u00dfen und je nach Aktivit\u00e4t auch zugef\u00fchrt werden. Wichtig ist, dass die Tiere alle wichtigen Vitalstoffe und Omega-3-Fetts\u00e4uren erhalten. Der Protein- und Fettgehalt muss auf den individuellen Bedarf angepasst werden.<\/p>\n<p><img decoding=\"async\" class=\"alignnone wp-image-2725 \" src=\"https:\/\/tierisch-verliebt.de\/magazin\/wp-content\/uploads\/2024\/09\/belgischer-schaeferhund-essen.webp\" alt=\"belgischer-schaeferhund-essen\" width=\"601\" height=\"601\" srcset=\"https:\/\/tierisch-verliebt.de\/magazin\/wp-content\/uploads\/2024\/09\/belgischer-schaeferhund-essen.webp 1024w, https:\/\/tierisch-verliebt.de\/magazin\/wp-content\/uploads\/2024\/09\/belgischer-schaeferhund-essen-300x300.webp 300w, https:\/\/tierisch-verliebt.de\/magazin\/wp-content\/uploads\/2024\/09\/belgischer-schaeferhund-essen-150x150.webp 150w, https:\/\/tierisch-verliebt.de\/magazin\/wp-content\/uploads\/2024\/09\/belgischer-schaeferhund-essen-768x768.webp 768w\" sizes=\"(max-width: 601px) 100vw, 601px\" \/><\/p>\n<h2>FAQ<\/h2>\n<p><strong>Wie pflegeintensiv ist der Belgische Sch\u00e4ferhund?<\/strong><\/p>\n<p>Belgische Sch\u00e4ferhunde ben\u00f6tigen regelm\u00e4\u00dfiges B\u00fcrsten, vor allem w\u00e4hrend des Fellwechsels. Ein w\u00f6chentliches B\u00fcrsten reicht aus, um das Fell sauber und gl\u00e4nzend zu halten. Ihr dicker Pelz sch\u00fctzt sie vor unterschiedlichen Wetterbedingungen, ben\u00f6tigt aber wenig Pflege.<\/p>\n<p><strong>Wie viel Bewegung braucht ein Belgischer Sch\u00e4ferhund t\u00e4glich?<\/strong><\/p>\n<p>Diese Rasse ist sehr aktiv und braucht t\u00e4glich mindestens 1 bis 2 Stunden intensive Bewegung. Aktivit\u00e4ten wie Laufen, Apportieren oder mentale Aufgaben wie Suchspiele sind ideal, um ihren Energiebedarf zu decken.<\/p>\n<p><strong>Sind Belgische Sch\u00e4ferhunde anf\u00e4llig f\u00fcr gesundheitliche Probleme?<\/strong><\/p>\n<p>Sie sind generell robuste Hunde, aber wie viele gro\u00dfe Rassen k\u00f6nnen sie anf\u00e4llig f\u00fcr H\u00fcftdysplasie und Ellbogendysplasie sein. Es ist wichtig, bei einem Z\u00fcchter zu kaufen, der auf die Gesundheit der Elterntiere achtet.<\/p>\n<p><strong>Sind Belgische Sch\u00e4ferhunde f\u00fcr Wohnungshaltung geeignet?<\/strong><\/p>\n<p>Sie k\u00f6nnen in einer Wohnung leben, wenn sie ausreichend Auslauf und mentale Besch\u00e4ftigung erhalten. Ideal ist jedoch ein Haus mit Garten, in dem sie sich frei bewegen k\u00f6nnen.<\/p>\n<p><strong>Wie verh\u00e4lt sich der Belgische Sch\u00e4ferhund gegen\u00fcber Fremden?<\/strong><\/p>\n<p>Sie sind von Natur aus wachsam und misstrauisch gegen\u00fcber Fremden, was sie zu guten Wachhunden macht. Mit der richtigen Sozialisierung k\u00f6nnen sie jedoch lernen, in neuen Situationen gelassener zu sein.<\/p>\n<p><strong>Wie intelligent ist der Belgische Sch\u00e4ferhund?<\/strong><\/p>\n<p>Belgische Sch\u00e4ferhunde geh\u00f6ren zu den intelligentesten Hunderassen. Sie lernen schnell und lieben Herausforderungen, was sie zu gro\u00dfartigen Arbeitshunden und Begleitern macht.<\/p>\n","protected":false},"excerpt":{"rendered":"<p>Das Portrait des Belgischen Sch\u00e4ferhundes zeigt eine intelligente und vielseitige Hunderasse, die mit ihrem Arbeitswillen, ihrer Wachsamkeit und ihrer engen<\/p>\n","protected":false},"author":2,"featured_media":594,"parent":0,"menu_order":0,"comment_status":"closed","ping_status":"closed","template":"","meta":{"ngg_post_thumbnail":0,"footnotes":""},"class_list":["post-592","page","type-page","status-publish","has-post-thumbnail","hentry","comments-off"],"aioseo_notices":[],"_links":{"self":[{"href":"https:\/\/tierisch-verliebt.de\/magazin\/wp-json\/wp\/v2\/pages\/592","targetHints":{"allow":["GET"]}}],"collection":[{"href":"https:\/\/tierisch-verliebt.de\/magazin\/wp-json\/wp\/v2\/pages"}],"about":[{"href":"https:\/\/tierisch-verliebt.de\/magazin\/wp-json\/wp\/v2\/types\/page"}],"author":[{"embeddable":true,"href":"https:\/\/tierisch-verliebt.de\/magazin\/wp-json\/wp\/v2\/users\/2"}],"replies":[{"embeddable":true,"href":"https:\/\/tierisch-verliebt.de\/magazin\/wp-json\/wp\/v2\/comments?post=592"}],"version-history":[{"count":7,"href":"https:\/\/tierisch-verliebt.de\/magazin\/wp-json\/wp\/v2\/pages\/592\/revisions"}],"predecessor-version":[{"id":3571,"href":"https:\/\/tierisch-verliebt.de\/magazin\/wp-json\/wp\/v2\/pages\/592\/revisions\/3571"}],"wp:featuredmedia":[{"embeddable":true,"href":"https:\/\/tierisch-verliebt.de\/magazin\/wp-json\/wp\/v2\/media\/594"}],"wp:attachment":[{"href":"https:\/\/tierisch-verliebt.de\/magazin\/wp-json\/wp\/v2\/media?parent=592"}],"curies":[{"name":"wp","href":"https:\/\/api.w.org\/{rel}","templated":true}]}}