{"id":380,"date":"2019-10-25T21:57:58","date_gmt":"2019-10-25T19:57:58","guid":{"rendered":"https:\/\/tierisch-verliebt.de\/magazin\/?page_id=380"},"modified":"2025-02-22T23:39:25","modified_gmt":"2025-02-22T22:39:25","slug":"englische-bulldogge","status":"publish","type":"page","link":"https:\/\/tierisch-verliebt.de\/magazin\/englische-bulldogge\/","title":{"rendered":"Englische Bulldogge &#8211; Das Portrait"},"content":{"rendered":"<p>Die englische Bulldogge ist ein selbstbewusster, stolzer und sehr liebenswerter Hund. Hat er einmal Vertrauen gekn\u00fcpft, kann das starke Band zwischen Herrschen und Hund niemand trennen. Dennoch ist der Hund aufgrund von \u00dcberz\u00fcchtung mit einigen gesundheitlichen Problemen konfrontiert. Folgender Ratgeber zeigt Ihnen alles was Sie \u00fcber die englische Bulldogge wissen sollten. Hier kann man das vollst\u00e4ndige Portrait dieser Hunderasse finden.<\/p>\n\n<h2>Steckbrief<\/h2>\n<p><img decoding=\"async\" alt=\"check\" src=\"https:\/\/tierisch-verliebt.de\/magazin\/wp-content\/uploads\/2019\/06\/check-icon-16.png\"> <strong>Lebenserwartung:<\/strong> 8 bis 10 Jahre<br \/>\n<img decoding=\"async\" alt=\"check\" src=\"https:\/\/tierisch-verliebt.de\/magazin\/wp-content\/uploads\/2019\/06\/check-icon-16.png\"> <strong>Gewicht:<\/strong> 17 bis 25 kg<br \/>\n<img decoding=\"async\" alt=\"check\" src=\"https:\/\/tierisch-verliebt.de\/magazin\/wp-content\/uploads\/2019\/06\/check-icon-16.png\"> <strong>Widerristh\u00f6he:<\/strong> 31 bis 40 cm<br \/>\n<img decoding=\"async\" alt=\"check\" src=\"https:\/\/tierisch-verliebt.de\/magazin\/wp-content\/uploads\/2019\/06\/check-icon-16.png\"> <strong>Charakter:<\/strong> mutig, zuverl\u00e4ssig, kontakfreudig, eigenwillig, friedfertig<br \/>\n<img decoding=\"async\" alt=\"check\" src=\"https:\/\/tierisch-verliebt.de\/magazin\/wp-content\/uploads\/2019\/06\/check-icon-16.png\"> <strong>Farben:<\/strong> wei\u00df, braun, r\u00f6tlich, hellgelb oder gestromt<br \/>\n<img decoding=\"async\" alt=\"check\" src=\"https:\/\/tierisch-verliebt.de\/magazin\/wp-content\/uploads\/2019\/06\/check-icon-16.png\"> <strong>FCI-Gruppe:<\/strong> <a href=\"https:\/\/tierisch-verliebt.de\/magazin\/fci-gruppen\/\">FCI-Gruppe 2<\/a><br \/>\n<img decoding=\"async\" alt=\"check\" src=\"https:\/\/tierisch-verliebt.de\/magazin\/wp-content\/uploads\/2019\/06\/check-icon-16.png\"> <strong>Kosten:<\/strong> Zwischen 1.000 &amp; 2.500 Euro<\/p>\n<h2>Herkunft und Geschichte<\/h2>\n<p>Die Vergangenheit der <a title=\"Bulldoggen \u2013 Diese Rassen, Arten und Varianten gibt es\" href=\"https:\/\/tierisch-verliebt.de\/magazin\/bulldoggen-rassen\/\">Bulldogge<\/a> ist nicht gerade sch\u00f6n. Bis zum 18 Jahrhundert wurden Doggen f\u00fcr das Bull Baiting eingesetzt. Darunter versteht man Wetten mit gro\u00dfen Geldsummen. Das Ziel: Besonders kraftvolle Hunde mussten die englische Bulldogge niederk\u00e4mpfen. Die Wetten spiegelten sich auch in der Zucht wieder. So wurde die Bulldogge gezielt darauf gez\u00fcchtet, sich an der Nase des Bullen festbei\u00dfen zu k\u00f6nnen.<\/p>\n<p>Das Bull Baiting wurde erst 1835 verboten. Allerdings fanden weiterhin Misshandlungen statt, welche illegal ausgef\u00fchrt wurden.<\/p>\n<p><img decoding=\"async\" class=\"alignnone size-large wp-image-2247\" src=\"https:\/\/tierisch-verliebt.de\/magazin\/wp-content\/uploads\/2023\/08\/Englische-Bulldogge-1-1024x688.jpg\" alt=\"Englische Bulldogge\" width=\"910\" height=\"611\" srcset=\"https:\/\/tierisch-verliebt.de\/magazin\/wp-content\/uploads\/2023\/08\/Englische-Bulldogge-1-1024x688.jpg 1024w, https:\/\/tierisch-verliebt.de\/magazin\/wp-content\/uploads\/2023\/08\/Englische-Bulldogge-1-300x202.jpg 300w, https:\/\/tierisch-verliebt.de\/magazin\/wp-content\/uploads\/2023\/08\/Englische-Bulldogge-1-768x516.jpg 768w, https:\/\/tierisch-verliebt.de\/magazin\/wp-content\/uploads\/2023\/08\/Englische-Bulldogge-1.jpg 1280w\" sizes=\"(max-width: 910px) 100vw, 910px\" \/><\/p>\n<h2>Entwicklung einer englischen Bulldogge<\/h2>\n<p>Schon fr\u00fch war klar, die englische Bulldogge ist eigentlich ein sehr liebensw\u00fcrdiger Hund und daher ideal f\u00fcr Familien geeignet. Das z\u00fcchterische Verhalten hatte allerdings einen stark negativen Einfluss auf die Dogge. Sie wurde zunehmend kranker. Das eigentlich sehr gute Reaktionsverm\u00f6gen der Dogge ging verloren. Sie wurde \u00fcbergewichtig und erkrankte an zahlreichen k\u00f6rperlichen Behinderungen. David Leavitt ist einer der Initiatoren, die sich gegen diese Zucht ausgesprochen haben und noch heute einsetzen.<\/p>\n<p>Heute steht die Gesundheit des Hundes im Vordergrund. Die englische Bulldogge soll leistungsf\u00e4hig und liebevoll sein. Seit 2009 gibt es neue Standards welche die Zucht betreffen. Die Gesundheit des Hundes ist dabei besonders wichtig. Merkmale wie eine besonders kurze Nase, ein sehr faltiges Gesicht und kurze Beine sollen zunehmend in den Hintergrund geraten. Die Atmung und die gesundheitlichen Probleme werden hierdurch auf l\u00e4ngere Sicht beseitigt.<\/p>\n<h2>Wesen und Charakter<\/h2>\n<p>Die englische Bulldogge ist stark in Ihrem Auftreten. Sie ist kraftvoll und entschlossen. Es handelt sich um einen sehr selbstbewussten und aufmerksamen Hund. Nichts desto trotz ist die Bulldogge loyal und mutig.<\/p>\n<p>Ein typisches Merkmal: Die englische Bulldogge empfindet weniger Schmerz als andere Hunderassen. Durch Ihr zuverl\u00e4ssiges und sehr liebevolles Wesen ist sie auch f\u00fcr Kinder ideal geeignet.<\/p>\n<p>Vorsicht: Wird das Herrchen bedroht kann die englische Bulldogge durchaus gef\u00e4hrlich werden. Die englische Bulldogge ist sehr anh\u00e4nglich und zutraulich. Familien, <a href=\"https:\/\/tierisch-verliebt.de\/magazin\/haustiere-fuer-singles\/\">Singles<\/a> und P\u00e4rchen profitieren von der Haltung. Die Dogge steht gerne im Mittelpunkt und hat einen gro\u00dfen Bedarf an Liebe und Zuwendung.<\/p>\n<p>Dass hat auch einen Nachteil, bekommt der Hund weniger Aufmerksamkeit kann er zickig und temperamentvoll reagieren. Eine Dogge muss zu 100 Prozent mit in das Familienleben eingebunden werden und ausreichend Liebe erfahren.<\/p>\n<p><img decoding=\"async\" class=\"alignnone size-large wp-image-2246\" src=\"https:\/\/tierisch-verliebt.de\/magazin\/wp-content\/uploads\/2023\/08\/Englische-Bulldogge-3-1024x682.jpg\" alt=\"Englische Bulldogge\" width=\"910\" height=\"606\" srcset=\"https:\/\/tierisch-verliebt.de\/magazin\/wp-content\/uploads\/2023\/08\/Englische-Bulldogge-3-1024x682.jpg 1024w, https:\/\/tierisch-verliebt.de\/magazin\/wp-content\/uploads\/2023\/08\/Englische-Bulldogge-3-300x200.jpg 300w, https:\/\/tierisch-verliebt.de\/magazin\/wp-content\/uploads\/2023\/08\/Englische-Bulldogge-3-768x512.jpg 768w, https:\/\/tierisch-verliebt.de\/magazin\/wp-content\/uploads\/2023\/08\/Englische-Bulldogge-3.jpg 1280w\" sizes=\"(max-width: 910px) 100vw, 910px\" \/><\/p>\n<h2>Rassenmerkmale<\/h2>\n<p>Die englische Bulldogge hat einen kompakten und gut verteilten K\u00f6rper. Das Gesamtgewicht von R\u00fcden betr\u00e4gt circa 25 Kilogramm. H\u00fcndinnen erreichen ein Maximalgewicht von 23 Kilogramm. Trotz der geringen Gr\u00f6\u00dfe wiegt die englische Dogge vergleichsweise viel. Auch der Kopf wirkt im Verh\u00e4ltnis zum K\u00f6rper sehr gro\u00df und kantig. Neue Richtlinien geben vor, dass der Kopf nicht zu breit sein darf und wenige Falten besitzen darf.<\/p>\n<p>Auch der Hals wirkt m\u00e4chtig. Typische Kennzeichen sind die breite Brust und in Relation dazu das schmale Hinterteil. Auch die Ohren sind typisch. Sie sind hochangesetzt und stehen weit auseinander. Eine englische Dogge l\u00e4sst sich schnell am Gang erkennen. Die Dogge macht kurze und schnelle Schritte und geht dabei wie auf Zehenspitzen. Achten Sie darauf dass der Gang nicht zu schwer wirkt. Englische Doggen sind in den Farben wei\u00df, schwarz, rot und rehbraun vertreten. Die <a href=\"https:\/\/tierisch-verliebt.de\/magazin\/pflege-von-fell-und-zaehnen-des-hundes\/\">Haare<\/a> sind besonders kurz, dicht, fein und glatt.<\/p>\n<h2>\u00dcberlegungen vor der Anschaffung<\/h2>\n<h3>Gesundheit<\/h3>\n<p>Wie bereits erw\u00e4hnt leiden englische Bulldoggen an zahlreichen gesundheitlichen Problemen. Die durchschnittliche Lebenserwartung betr\u00e4gt circa 8 bis 10 Jahre. Wer sich f\u00fcr eine englische Bulldogge entscheidet muss unterschiedliche, gesundheitliche Aspekte beachten. Gerade wenn hei\u00dfe Temperaturen herrschen, muss der Besitzer genug Wasser zur Verf\u00fcgung stellen. Au\u00dferdem ben\u00f6tigt es einen schattigen Platz zum Ausruhen.<\/p>\n<p>Auch die Atemprobleme sollten vor der Anschaffung bedacht werden. Englische Bulldoggen bekommen nur schlecht Luft und Schnarchen. Sie ben\u00f6tigen ausreichende und regelm\u00e4\u00dfige Bewegung. Au\u00dferdem d\u00fcrfen diese in keinem Fall \u00fcberf\u00fcttert werden, da sie zu \u00dcbergewicht tendieren.<\/p>\n<p>Eine typische Erkrankung der englischen Dogge ist auch das Cherry Eye. Dabei handelt es sich um eine Erkrankung der Nickhaut. Auch verschiedene Allergien und Probleme mit der H\u00fcfte sind typische Merkmale. David Leavitt setzt sich seit den 70ern f\u00fcr ein R\u00fcckz\u00fcchtungsprogramm ein.<\/p>\n<h3>Pflege<\/h3>\n<p>Die englische Bulldogge erfordert keine gro\u00dfe Pflege. Dass Fell ist kurz und muss nur einmal w\u00f6chentlich geb\u00fcrstet werden. Das B\u00fcrsten hat einen wesentlichen Vorteil: Der Hund erh\u00e4lt eine Massage und diese regt die Durchblutung an. Auch die Hautfalten im Gesicht sollten gepflegt werden. Diese k\u00f6nnen mit Feuchtigkeitst\u00fcchern f\u00fcr Babys gereinigt werden. Die Reinigung der Falten darf regelm\u00e4\u00dfig erfolgen, da sich diese sonst entz\u00fcnden k\u00f6nnen.<\/p>\n<h3>Wesen<\/h3>\n<p>Die englische Bulldogge ist ein sehr liebenswerter Hund. Allerdings ist er auch stur. Er wird alle Anweisungen zun\u00e4chst auf Ihre Sinnhaftigkeit pr\u00fcfen. Nichts desto trotz braucht er klare Regeln. Ein vertrauensvolles Verh\u00e4ltnis und Respekt gegen\u00fcber dem Tier sind die Grundlage f\u00fcr ein erfolgreiches Zusammenleben.<\/p>\n<p><img decoding=\"async\" class=\"alignnone size-full wp-image-381\" src=\"https:\/\/tierisch-verliebt.de\/magazin\/wp-content\/uploads\/2019\/10\/Englische-Bulldogge.jpg\" alt=\"Englische Bulldogge\" width=\"960\" height=\"639\" srcset=\"https:\/\/tierisch-verliebt.de\/magazin\/wp-content\/uploads\/2019\/10\/Englische-Bulldogge.jpg 960w, https:\/\/tierisch-verliebt.de\/magazin\/wp-content\/uploads\/2019\/10\/Englische-Bulldogge-300x200.jpg 300w, https:\/\/tierisch-verliebt.de\/magazin\/wp-content\/uploads\/2019\/10\/Englische-Bulldogge-768x511.jpg 768w\" sizes=\"(max-width: 960px) 100vw, 960px\" \/><\/p>\n<h2>Geeignete Aktivit\u00e4ten<\/h2>\n<p>Englische Bulldoggen sind sehr bequeme Hunde. Sie ben\u00f6tigen daher ein Herrschen, dass sich ausreichend Zeit nimmt und mit Ihnen regelm\u00e4\u00dfig spazieren geht. Bei mangelnder Bewegung neigen die Hunde zu \u00dcbergewicht.<\/p>\n<p>Der Hund sollte in keinem Fall zu viele Treppen steigen. Ein Pluspunkt: Solange die englische Bulldogge Ihren Platz auf dem Sofa hat kann sie auch mal ein paar Stunden alleine zu Hause bleiben. L\u00e4ngere Autofahrten sollten auch mit Klimaanlage vermieden werden.<\/p>\n<p>Bei hei\u00dfen Temperaturen braucht der Hund ausreichende Ruhe. Die englische Bulldogge hat kaum <a href=\"https:\/\/tierisch-verliebt.de\/magazin\/jagdhunde\/\">Jagdtrieb<\/a>, entspannte Spazierg\u00e4nge sind genau das Richtige. Auch Autofahren lieben die meisten englischen Doggen. Schwimmen und Agility sind tolle Sportarten f\u00fcr die Dogge.<\/p>\n<p>Auch spielerische Kommandos sind f\u00fcr Doggen ideal geeignet. Man sollte es aber in keinem Fall mit Leckerlies \u00fcbertreiben. Ausdauernde Sportarten sind f\u00fcr die englische Dogge nicht geeignet.<\/p>\n<p><img decoding=\"async\" class=\"alignnone wp-image-2969 \" src=\"https:\/\/tierisch-verliebt.de\/magazin\/wp-content\/uploads\/2025\/01\/ernaehrung-English-Bulldog.webp\" alt=\"ernaehrung-englische-bulldogge\" width=\"599\" height=\"599\" srcset=\"https:\/\/tierisch-verliebt.de\/magazin\/wp-content\/uploads\/2025\/01\/ernaehrung-English-Bulldog.webp 1024w, https:\/\/tierisch-verliebt.de\/magazin\/wp-content\/uploads\/2025\/01\/ernaehrung-English-Bulldog-300x300.webp 300w, https:\/\/tierisch-verliebt.de\/magazin\/wp-content\/uploads\/2025\/01\/ernaehrung-English-Bulldog-150x150.webp 150w, https:\/\/tierisch-verliebt.de\/magazin\/wp-content\/uploads\/2025\/01\/ernaehrung-English-Bulldog-768x768.webp 768w\" sizes=\"(max-width: 599px) 100vw, 599px\" \/><\/p>\n<h2>Geeignete Ern\u00e4hrung<\/h2>\n<p>Englische Bulldoggen sind sehr gute Esser und haben ihren Napf schnell leer. \u00dcbergewicht muss vermieden werden, die t\u00e4gliche Essensmenge darf in keinem Fall \u00fcbertrieben werden.<\/p>\n<p>Die Wahl des <a href=\"https:\/\/tierisch-verliebt.de\/magazin\/insektenproteine-in-hundefutter\/\">Futters<\/a> und die der Essensmenge sind abh\u00e4ngig von Alter, Gewicht und der t\u00e4glichen Aktivit\u00e4t des Hundes. Diese Punkte bestimmen Bedarf, Energie und N\u00e4hrstoffhaushalt. Das Futter kann auch eigenst\u00e4ndig aus frischen Zutaten hergestellt werden. Auch die richtige Dosis an Vitaminen und N\u00e4hrstoffen kann prima eigenst\u00e4ndig zusammengestellt werden, allerdings muss die Menge immer im Auge behalten werden. Englischen Bulldoggen neigen zu \u00dcbergewicht.<\/p>\n<p>Fazit: Die englische Bulldogge ist ein sehr liebenswerter und treuer Hund. Allerdings ist er aufgrund von \u00dcberz\u00fcchtung mit einigen gesundheitlichen Problemen wie Kurzatmigkeit und \u00dcbergewicht konfrontiert. Regelm\u00e4\u00dfige Bewegung, viel Liebe und Zuwendung und ein kontrolliertes Essverhalten sind Pflicht.<\/p>\n<p><img decoding=\"async\" class=\"size-large wp-image-1399\" src=\"https:\/\/tierisch-verliebt.de\/magazin\/wp-content\/uploads\/2020\/11\/Englische-Bulldogge1-1024x682.jpg\" alt=\"Englische Bulldogge\" width=\"910\" height=\"606\" srcset=\"https:\/\/tierisch-verliebt.de\/magazin\/wp-content\/uploads\/2020\/11\/Englische-Bulldogge1-1024x682.jpg 1024w, https:\/\/tierisch-verliebt.de\/magazin\/wp-content\/uploads\/2020\/11\/Englische-Bulldogge1-300x200.jpg 300w, https:\/\/tierisch-verliebt.de\/magazin\/wp-content\/uploads\/2020\/11\/Englische-Bulldogge1-768x512.jpg 768w, https:\/\/tierisch-verliebt.de\/magazin\/wp-content\/uploads\/2020\/11\/Englische-Bulldogge1.jpg 1280w\" sizes=\"(max-width: 910px) 100vw, 910px\" \/><\/p>\n<h2>FAQ<\/h2>\n<h3>Ist die Englische Bulldogge f\u00fcr Ersthundebesitzer geeignet?<\/h3>\n<p>Ja, die Englische Bulldogge kann f\u00fcr Ersthundebesitzer geeignet sein, wenn sie sich \u00fcber die besonderen Bed\u00fcrfnisse dieser Rasse im Klaren sind.<br \/>\nSturheit, Gesundheitsprobleme und Pflegeaufwand erfordern Geduld und Verantwortungsbewusstsein.<br \/>\nWer eine ruhige, liebevolle und loyale Hunderasse sucht und bereit ist, sich gut um seinen Hund zu k\u00fcmmern, wird mit einer Englischen Bulldogge einen wunderbaren Begleiter finden.<\/p>\n<h3>Sind Englische Bulldogge gut mit Kindern und anderen Haustieren?<\/h3>\n<p>Englische Bulldoggen sind tolle Familienhunde und sehr kinderfreundlich.<br \/>\nMit der richtigen Sozialisation k\u00f6nnen sie sich gut mit anderen Haustieren verstehen.<br \/>\nDominanzverhalten bei anderen Hunden oder Sturheit kann vorkommen \u2013 Erziehung ist wichtig! Wer eine geduldige, freundliche und loyale Hunderasse sucht, findet in der Englischen Bulldogge einen liebevollen Begleiter f\u00fcr Kinder und andere Haustiere.<\/p>\n<h3>Wie kann man eine Englische Bulldogge geistig auslasten?<\/h3>\n<p>Englische Bulldoggen sind nicht f\u00fcr extreme Bewegung geeignet, aber sie sind intelligent und lernf\u00e4hig. Suchspiele, Intelligenzspielzeuge, Tricktraining und ruhige Spazierg\u00e4nge sind ideal, um sie geistig auszulasten. Wichtig ist, dass die \u00dcbungen motivierend, kurz und nicht zu anstrengend sind.<\/p>\n<h3>Wie lange kann eine Englische Bulldogge alleine bleiben?<\/h3>\n<p>Eine Englische Bulldogge kann 4\u20136 Stunden alleine bleiben, wenn sie daran gew\u00f6hnt ist.<br \/>\nL\u00e4ngere Zeitr\u00e4ume sind nicht ideal, da diese Rasse menschenbezogen, ruhig, aber auch empfindlich auf Langeweile und Stress reagiert. Regelm\u00e4\u00dfiges Training, ausreichend Bewegung und Besch\u00e4ftigung sind wichtig, um Trennungsangst und Frustration zu vermeiden.<\/p>\n<h3>Sind Englische Bulldoggen f\u00fcr Allergiker geeignet?<\/h3>\n<p>Englische Bulldoggen sind nicht allergikerfreundlich.<\/p>\n<ul>\n<li>Sie haaren, produzieren Hautschuppen und sabbern, was Allergien verst\u00e4rken kann.<\/li>\n<li>Regelm\u00e4\u00dfige Pflege kann helfen, aber das Risiko bleibt bestehen.<\/li>\n<\/ul>\n<p>Allergiker sollten vor der Anschaffung Zeit mit einer Englischen Bulldogge verbringen, um die eigene Reaktion zu testen. Falls die Allergie stark ist, w\u00e4re eine hypoallergene Rasse die bessere Wahl.<\/p>\n<h3>Bellen Englische Bulldoggen viel?<\/h3>\n<p>Englische Bulldoggen bellen nicht viel und sind eher ruhige Hunde.<br \/>\nSie bellen nur, wenn es einen guten Grund gibt, wie Aufmerksamkeit, Langeweile oder Unsicherheit.<br \/>\nFalls eine Bulldogge pl\u00f6tzlich \u00fcberm\u00e4\u00dfig bellt, kann das ein Zeichen f\u00fcr Stress oder gesundheitliche Probleme sein.<\/p>\n<p>Ein gut erzogener und zufriedener Bulldog ist meist ein entspannter, ruhiger Begleiter.<\/p>\n","protected":false},"excerpt":{"rendered":"<p>Die englische Bulldogge ist ein selbstbewusster, stolzer und sehr liebenswerter Hund. Hat er einmal Vertrauen gekn\u00fcpft, kann das starke Band<\/p>\n","protected":false},"author":2,"featured_media":2245,"parent":0,"menu_order":0,"comment_status":"closed","ping_status":"closed","template":"","meta":{"ngg_post_thumbnail":0,"footnotes":""},"class_list":["post-380","page","type-page","status-publish","has-post-thumbnail","hentry","comments-off"],"aioseo_notices":[],"_links":{"self":[{"href":"https:\/\/tierisch-verliebt.de\/magazin\/wp-json\/wp\/v2\/pages\/380","targetHints":{"allow":["GET"]}}],"collection":[{"href":"https:\/\/tierisch-verliebt.de\/magazin\/wp-json\/wp\/v2\/pages"}],"about":[{"href":"https:\/\/tierisch-verliebt.de\/magazin\/wp-json\/wp\/v2\/types\/page"}],"author":[{"embeddable":true,"href":"https:\/\/tierisch-verliebt.de\/magazin\/wp-json\/wp\/v2\/users\/2"}],"replies":[{"embeddable":true,"href":"https:\/\/tierisch-verliebt.de\/magazin\/wp-json\/wp\/v2\/comments?post=380"}],"version-history":[{"count":5,"href":"https:\/\/tierisch-verliebt.de\/magazin\/wp-json\/wp\/v2\/pages\/380\/revisions"}],"predecessor-version":[{"id":3123,"href":"https:\/\/tierisch-verliebt.de\/magazin\/wp-json\/wp\/v2\/pages\/380\/revisions\/3123"}],"wp:featuredmedia":[{"embeddable":true,"href":"https:\/\/tierisch-verliebt.de\/magazin\/wp-json\/wp\/v2\/media\/2245"}],"wp:attachment":[{"href":"https:\/\/tierisch-verliebt.de\/magazin\/wp-json\/wp\/v2\/media?parent=380"}],"curies":[{"name":"wp","href":"https:\/\/api.w.org\/{rel}","templated":true}]}}