{"id":350,"date":"2019-10-23T07:29:54","date_gmt":"2019-10-23T05:29:54","guid":{"rendered":"https:\/\/tierisch-verliebt.de\/magazin\/?page_id=350"},"modified":"2025-02-23T00:00:11","modified_gmt":"2025-02-22T23:00:11","slug":"malteser","status":"publish","type":"page","link":"https:\/\/tierisch-verliebt.de\/magazin\/malteser\/","title":{"rendered":"Malteser &#8211; Das Portrait"},"content":{"rendered":"<p>Ein treuer Blick, eine fr\u00f6hliche und liebenswerte Art &#8211; diese Charakterz\u00fcge machen den flauschigen Malteser zu einem treuen Begleithund. Hier kann man das vollst\u00e4ndige Portrait dieser Hunderasse finden.<\/p>\n\n<h2>Steckbrief<\/h2>\n<p><img decoding=\"async\" alt=\"check\" src=\"https:\/\/tierisch-verliebt.de\/magazin\/wp-content\/uploads\/2019\/06\/check-icon-16.png\"> <strong>Lebenserwartung:<\/strong> 12 bis 15 Jahre<br \/>\n<img decoding=\"async\" alt=\"check\" src=\"https:\/\/tierisch-verliebt.de\/magazin\/wp-content\/uploads\/2019\/06\/check-icon-16.png\"> <strong>Gewicht:<\/strong> 3 bis 4 kg<br \/>\n<img decoding=\"async\" alt=\"check\" src=\"https:\/\/tierisch-verliebt.de\/magazin\/wp-content\/uploads\/2019\/06\/check-icon-16.png\"> <strong>Widerristh\u00f6he:<\/strong> 20 bis 25 cm<br \/>\n<img decoding=\"async\" alt=\"check\" src=\"https:\/\/tierisch-verliebt.de\/magazin\/wp-content\/uploads\/2019\/06\/check-icon-16.png\"> <strong>Charakter:<\/strong> fr\u00f6hlich, lebendig, anschmiegsam, treu<br \/>\n<img decoding=\"async\" alt=\"check\" src=\"https:\/\/tierisch-verliebt.de\/magazin\/wp-content\/uploads\/2019\/06\/check-icon-16.png\"> <strong>Farben:<\/strong> wei\u00df<br \/>\n<img decoding=\"async\" alt=\"check\" src=\"https:\/\/tierisch-verliebt.de\/magazin\/wp-content\/uploads\/2019\/06\/check-icon-16.png\"> <strong>FCI-Gruppe:<\/strong> <a href=\"https:\/\/tierisch-verliebt.de\/magazin\/fci-gruppen\/\">FCI-Gruppe 9<\/a><br \/>\n<img decoding=\"async\" alt=\"check\" src=\"https:\/\/tierisch-verliebt.de\/magazin\/wp-content\/uploads\/2019\/06\/check-icon-16.png\"> <strong>Kosten:<\/strong> Zwischen 1.000 &amp; 1.500 Euro<\/p>\n<h2>Wesen und Charakter<\/h2>\n<p>Der Malteser hat sehr fr\u00f6hliche und unternehmungslustige Charakterz\u00fcge. Er ist ein offener Hund, der nicht scheu oder ablehnend auf Fremde reagiert. Dennoch baut er eine enge Beziehung zu seinem Herrchen auf und ben\u00f6tigt durch seine anschmiegsame Art viele Streicheleinheiten. Die flauschigen Hunde k\u00f6nnen gut sozialisiert mit Kindern spielen. Auch mit anderen Artgenossen, <a href=\"https:\/\/tierisch-verliebt.de\/magazin\/hund-und-katze-zusammen\/\">Katzen<\/a> oder Kleintieren k\u00f6nnen sie sich verstehen.<\/p>\n<p>Die temperamentvollen Fellnasen sind weitaus gr\u00f6\u00dferen Hunden nicht unterlegen. Sie sind aktiv und ben\u00f6tigen ausgedehnte Spazierg\u00e4nge. Bei fehlender Besch\u00e4ftigung werden sie unzufrieden. Malteser bringen einen gut ausgepr\u00e4gten Geruchssinn mit sich. Dies ist ihrer Neugierde geschuldet. Die intelligenten, kleinen Hunde eignen sich f\u00fcr Anf\u00e4nger.<\/p>\n<p><img decoding=\"async\" class=\"alignnone size-large wp-image-2322\" src=\"https:\/\/tierisch-verliebt.de\/magazin\/wp-content\/uploads\/2023\/08\/Malteser-2-1024x680.jpg\" alt=\"Malteser\" width=\"910\" height=\"604\" srcset=\"https:\/\/tierisch-verliebt.de\/magazin\/wp-content\/uploads\/2023\/08\/Malteser-2-1024x680.jpg 1024w, https:\/\/tierisch-verliebt.de\/magazin\/wp-content\/uploads\/2023\/08\/Malteser-2-300x199.jpg 300w, https:\/\/tierisch-verliebt.de\/magazin\/wp-content\/uploads\/2023\/08\/Malteser-2-768x510.jpg 768w, https:\/\/tierisch-verliebt.de\/magazin\/wp-content\/uploads\/2023\/08\/Malteser-2.jpg 1280w\" sizes=\"(max-width: 910px) 100vw, 910px\" \/><\/p>\n<h2>Herkunft &amp; Geschichte<\/h2>\n<p>Vor \u00fcber 2000 Jahren wurde die Rasse von ph\u00f6nizischen Kaufleuten von \u00c4gypten im Mittelmeerraum verbreitet. Die genaue Herkunft ist dennoch nicht genau gekl\u00e4rt. Auf dem Grabmal eines Pharaonen wurden bereits Statuetten aus Naturstein gefunden, die dem Malteser \u00e4hnlich sind. Aus der Zeit um 500 v. Chr. wurden auch Abbildungen auf Vasen gefunden, die der Rasse \u00e4hnelten. Dort sei neben dem Hund auch der Begriff &#8220;Malitae&#8221; zu entnehmen.<\/p>\n<p>Laut der F\u00e9d\u00e9ration Cynologique Internationale f\u00fchrt der Name nicht auf die Insel Malta zur\u00fcck, sondern eher auf das semiitische Wort \u201eM\u00e0lat\u201c. Dieses Wort bedeutet Zuflucht oder Hafen. Die Vorfahren der Rasse lebten Vermutungen zufolge in den H\u00e4fen oder an den K\u00fcsten des zentralen Mittelmeers und dienten vorrangig zur Bek\u00e4mpfung von <a href=\"https:\/\/tierisch-verliebt.de\/magazin\/ratte\/\">Ratten<\/a> und <a href=\"https:\/\/tierisch-verliebt.de\/magazin\/maus\/\">M\u00e4usen<\/a>.<\/p>\n<h2>\u00dcberlegungen vor der Anschaffung<\/h2>\n<p>Wer sich f\u00fcr die Rasse interessiert, sollte sich vor dem Kauf einige Gedanken machen. Der Malteser ist kein reiner Scho\u00dfhund. Er ben\u00f6tigt viel Auslauf und will k\u00f6rperlich und intellektuell gefordert werden. Alle Hunde ben\u00f6tigen viel Zeit und Geduld f\u00fcr die <a href=\"https:\/\/tierisch-verliebt.de\/magazin\/hunderziehung-grundlegendes\/\">Erziehung<\/a>. Wer diese nicht aufbringen kann, sollte komplett von der Anschaffung eines Hundes absehen. Auf Grund ihrer Gr\u00f6\u00dfe lassen sich Malteser gut in kleineren Wohnungen halten, sofern sie drau\u00dfen ausreichend Auslauf erhalten. Ein weiterer Vorteil dieser Rasse ist das fast geruchlose Fell der Hunde.<\/p>\n<p>Bei einem seri\u00f6sen Z\u00fcchter kostet ein reinrassiger Malteserwelpe, der bereits einige Gesundheitschecks und Impfungen hinter sich hat, zwischen 1.000 &#8211; 1.500 Euro. Auch beim Tierschutz kann man mit etwas Gl\u00fcck einen s\u00fc\u00dfen Malteser finden, der eine neue Familie sucht. Hierbei zahlt man nur eine geringe Schutzgeb\u00fchr und gibt einem verlassenem Malteser ein neues Zuhause.<\/p>\n<p><img decoding=\"async\" class=\"alignnone size-large wp-image-2321\" src=\"https:\/\/tierisch-verliebt.de\/magazin\/wp-content\/uploads\/2023\/08\/Malteser-3-1024x680.jpg\" alt=\"Malteser\" width=\"910\" height=\"604\" srcset=\"https:\/\/tierisch-verliebt.de\/magazin\/wp-content\/uploads\/2023\/08\/Malteser-3-1024x680.jpg 1024w, https:\/\/tierisch-verliebt.de\/magazin\/wp-content\/uploads\/2023\/08\/Malteser-3-300x199.jpg 300w, https:\/\/tierisch-verliebt.de\/magazin\/wp-content\/uploads\/2023\/08\/Malteser-3-768x510.jpg 768w, https:\/\/tierisch-verliebt.de\/magazin\/wp-content\/uploads\/2023\/08\/Malteser-3.jpg 1280w\" sizes=\"(max-width: 910px) 100vw, 910px\" \/><\/p>\n<p>Der Malteser ist grunds\u00e4tzlich ein robuster und gesunder Hund. Er z\u00e4hlt zu den kurzk\u00f6pfigen Rassen, was gesundheitliche Probleme nach sich ziehen kann, allerdings nicht muss. Wie andere kleinere Hunderassen, haben Malteser Probleme mit den Kniescheiben, deshalb ist es enorm wichtig auf das richtige Gewicht der Hunde zu achten. Bindehautentz\u00fcndungen entstehen auf Grund des langen Haares der Hunde.<\/p>\n<h2>Geeignete Aktivit\u00e4ten<\/h2>\n<p>Trotz ihrer recht kleinen Gr\u00f6\u00dfe und ihrer niedlichen Art sind Malteser keine reinen Scho\u00dfhunde. Sie ben\u00f6tigen ausreichend Auslauf, ausgedehnte Spazierg\u00e4nge und <a href=\"https:\/\/tierisch-verliebt.de\/magazin\/spiele-fuer-hunde-zu-hause\/\">Spiele<\/a>. Ihre Neugier f\u00f6rdert ihren ausgepr\u00e4gten Geruchssinn, deshalb lieben sie es ihre Umgebung zu erkunden und Spuren zu folgen. Auch Suchspiele sind eine interessante Aktivit\u00e4t f\u00fcr die kleinen Hunde. Mit verschiedenen Wurfspielsachen und B\u00e4llen toben Malteser sehr gerne rum und spielen bis zur Ersch\u00f6pfung. Die intelligenten Tiere sind f\u00fcr Tricks und Kunstst\u00fccke offen. Sie werden gerne und oft besch\u00e4ftigt und freuen sich \u00fcber jede Art der Besch\u00e4ftigung &#8211; f\u00fchlen sich Malteser unausgelastet, k\u00f6nnen sie n\u00f6rgelig und ungl\u00fccklich werden.<\/p>\n<p>Wer mit seinen Hunden professionell Sport betreiben m\u00f6chte, kann sich in &#8220;Agility&#8221; oder &#8220;Dog Dance&#8221; ausprobieren. Agility bedeutet Beweglichkeit. Bei dieser Hundesportart handelt es sich um einen abwechslungsreichen Hindernis-Parcours. Die Hunde absolvieren H\u00fcrden wie Tunnel oder Wippen unter Anleitung ihres Besitzers. Beim Dog Dance tanzen Hund und Halter im Takt zur Musik. Dabei werden Tricks und Choreografien erarbeitet.<\/p>\n<p><img decoding=\"async\" class=\"alignnone size-large wp-image-2323\" src=\"https:\/\/tierisch-verliebt.de\/magazin\/wp-content\/uploads\/2023\/08\/Malteser-1-1024x818.jpg\" alt=\"Malteser\" width=\"910\" height=\"727\" srcset=\"https:\/\/tierisch-verliebt.de\/magazin\/wp-content\/uploads\/2023\/08\/Malteser-1-1024x818.jpg 1024w, https:\/\/tierisch-verliebt.de\/magazin\/wp-content\/uploads\/2023\/08\/Malteser-1-300x240.jpg 300w, https:\/\/tierisch-verliebt.de\/magazin\/wp-content\/uploads\/2023\/08\/Malteser-1-768x613.jpg 768w, https:\/\/tierisch-verliebt.de\/magazin\/wp-content\/uploads\/2023\/08\/Malteser-1-100x80.jpg 100w, https:\/\/tierisch-verliebt.de\/magazin\/wp-content\/uploads\/2023\/08\/Malteser-1.jpg 1280w\" sizes=\"(max-width: 910px) 100vw, 910px\" \/><\/p>\n<h2>Rassemerkmale<\/h2>\n<p>Der Malteser ist ein sehr kleiner Hund. H\u00fcndinnen erreichen eine Widerristh\u00f6he von 20 &#8211; 23 cm. Bei R\u00fcden ist die Widerristh\u00f6he mit 21 &#8211; 25 cm etwas h\u00f6her. Der K\u00f6rperbau dieser Rasse ist schlank, jedoch nicht zu zierlich. Die leichten Hunde erreichen in der Regel ein Normalgewicht von 3 &#8211; 4 kg. Das auff\u00e4lligste Merkmal des Maltesers ist sein langes, weiches <a href=\"https:\/\/tierisch-verliebt.de\/magazin\/pflege-von-fell-und-zaehnen-des-hundes\/\">Fell<\/a>, das in manchen F\u00e4llen auch elfenbeinfarben sein kann. Bei Ausstellungen haben Malteser oft langes, bis zum Boden reichendes Haar. Dieses bedarf st\u00e4ndiger Pflege. Optisch zeichnet sich die Hunderasse durch schwarze Knopfaugen und einer Stupsnase aus. Der Kopf ist eher breit.<\/p>\n<h2>Geeignete Ern\u00e4hrung<\/h2>\n<p>Wie f\u00fcr jede Hunderasse ist auch f\u00fcr den Malteser eine ausgewogene und abwechslungsreiche <a href=\"https:\/\/tierisch-verliebt.de\/magazin\/havaneser-ernaehrung\/\">Ern\u00e4hrung<\/a> enorm wichtig. Malteserhunde neigen oft zu \u00dcbergewicht, deshalb sind 120 g Futter am Tag komplett ausreichend. Dabei sollte die Menge aufgeteilt werden: 50 Prozent Fleisch, 25 Prozent Gem\u00fcse und 25 Prozent Reis. Auch gen\u00fcgend Fl\u00fcssigkeit\/Wasser ist f\u00fcr die Rasse extrem wichtig, da sie zum Austrocknen neigen.<\/p>\n<p><img decoding=\"async\" class=\"alignnone wp-image-3021\" src=\"https:\/\/tierisch-verliebt.de\/magazin\/wp-content\/uploads\/2025\/02\/ernaehrung-Malteser.webp\" alt=\"ernaerung-malteser\" width=\"599\" height=\"599\" srcset=\"https:\/\/tierisch-verliebt.de\/magazin\/wp-content\/uploads\/2025\/02\/ernaehrung-Malteser.webp 1024w, https:\/\/tierisch-verliebt.de\/magazin\/wp-content\/uploads\/2025\/02\/ernaehrung-Malteser-300x300.webp 300w, https:\/\/tierisch-verliebt.de\/magazin\/wp-content\/uploads\/2025\/02\/ernaehrung-Malteser-150x150.webp 150w, https:\/\/tierisch-verliebt.de\/magazin\/wp-content\/uploads\/2025\/02\/ernaehrung-Malteser-768x768.webp 768w\" sizes=\"(max-width: 599px) 100vw, 599px\" \/><\/p>\n<h2>FAQ<\/h2>\n<h3>Wie verh\u00e4lt sich der Malteser gegen\u00fcber Kindern?<\/h3>\n<p>Der Malteser ist ein toller Familienhund und kann sich gut mit Kindern verstehen \u2013 aber es gibt ein paar Dinge zu beachten!<br \/>\nDiese kleine Rasse ist freundlich, verspielt und anh\u00e4nglich, was sie grunds\u00e4tzlich zu einem guten Begleiter f\u00fcr Kinder macht. Da Malteser jedoch klein und zart gebaut sind, ist ein respektvoller Umgang besonders wichtig.<\/p>\n<h3>Bellt ein Malteser viel?<\/h3>\n<p>Ja, der Malteser kann dazu neigen, viel zu bellen, aber das h\u00e4ngt stark von Erziehung und Umfeld ab.<br \/>\nDiese Rasse ist wachsam, aufmerksam und menschenbezogen \u2013 das kann dazu f\u00fchren, dass sie oft bellen, um ihre Bed\u00fcrfnisse oder Emotionen auszudr\u00fccken.<\/p>\n<h3>Ist der Malteser f\u00fcr Allergiker geeignet?<\/h3>\n<p>Ja, der Malteser gilt als eine der besser geeigneten Hunderassen f\u00fcr Allergiker, aber er ist nicht 100 % hypoallergen.<br \/>\nObwohl es keine v\u00f6llig allergiefreien Hunde gibt, produziert der Malteser weniger Allergene als viele andere Rassen, was ihn f\u00fcr manche Allergiker vertr\u00e4glicher macht.<\/p>\n<h3>Wie pflegeintensiv ist das Fell des Maltesers?<\/h3>\n<p>Das Fell des Maltesers ist sehr pflegeintensiv, da es lang, seidig und ohne Unterwolle ist.<br \/>\nDamit es nicht verfilzt oder schmutzig wird, ben\u00f6tigt der Malteser t\u00e4gliches B\u00fcrsten, regelm\u00e4\u00dfiges Baden und eine sorgf\u00e4ltige Fellpflege.<\/p>\n<hr>\n<p>&nbsp;<\/p>\n<p>&nbsp;<\/p>\n","protected":false},"excerpt":{"rendered":"<p>Ein treuer Blick, eine fr\u00f6hliche und liebenswerte Art &#8211; diese Charakterz\u00fcge machen den flauschigen Malteser zu einem treuen Begleithund. Hier<\/p>\n","protected":false},"author":2,"featured_media":352,"parent":0,"menu_order":0,"comment_status":"closed","ping_status":"closed","template":"","meta":{"ngg_post_thumbnail":0,"footnotes":""},"class_list":["post-350","page","type-page","status-publish","has-post-thumbnail","hentry","comments-off"],"aioseo_notices":[],"_links":{"self":[{"href":"https:\/\/tierisch-verliebt.de\/magazin\/wp-json\/wp\/v2\/pages\/350","targetHints":{"allow":["GET"]}}],"collection":[{"href":"https:\/\/tierisch-verliebt.de\/magazin\/wp-json\/wp\/v2\/pages"}],"about":[{"href":"https:\/\/tierisch-verliebt.de\/magazin\/wp-json\/wp\/v2\/types\/page"}],"author":[{"embeddable":true,"href":"https:\/\/tierisch-verliebt.de\/magazin\/wp-json\/wp\/v2\/users\/2"}],"replies":[{"embeddable":true,"href":"https:\/\/tierisch-verliebt.de\/magazin\/wp-json\/wp\/v2\/comments?post=350"}],"version-history":[{"count":5,"href":"https:\/\/tierisch-verliebt.de\/magazin\/wp-json\/wp\/v2\/pages\/350\/revisions"}],"predecessor-version":[{"id":3150,"href":"https:\/\/tierisch-verliebt.de\/magazin\/wp-json\/wp\/v2\/pages\/350\/revisions\/3150"}],"wp:featuredmedia":[{"embeddable":true,"href":"https:\/\/tierisch-verliebt.de\/magazin\/wp-json\/wp\/v2\/media\/352"}],"wp:attachment":[{"href":"https:\/\/tierisch-verliebt.de\/magazin\/wp-json\/wp\/v2\/media?parent=350"}],"curies":[{"name":"wp","href":"https:\/\/api.w.org\/{rel}","templated":true}]}}