{"id":3377,"date":"2025-11-12T11:47:45","date_gmt":"2025-11-12T10:47:45","guid":{"rendered":"https:\/\/tierisch-verliebt.de\/magazin\/?page_id=3377"},"modified":"2026-02-13T09:43:48","modified_gmt":"2026-02-13T08:43:48","slug":"christian","status":"publish","type":"page","link":"https:\/\/tierisch-verliebt.de\/magazin\/christian\/","title":{"rendered":"Christian M. Haas \u2013 Datingexperte &#038; Tierliebhaber"},"content":{"rendered":"<article id=\"autor-christian-m-haas\">\n<section>\n<h2>\u00dcber Christian<\/h2>\n<p>Christian M. Haas besch\u00e4ftigt sich seit vielen Jahren mit Online-Dating und der Entwicklung von themenspezifischen Singleb\u00f6rsen. Die Idee f\u00fcr <strong>tierisch-verliebt.de<\/strong> entstand aus einer sehr pers\u00f6nlichen Geschichte: Schon seit seiner Kindheit haben Tiere einen festen Platz in seinem Leben.<\/p>\n<\/section>\n<section>\n<h2>Von klein auf tierisch verbunden<\/h2>\n<p>Sein erstes Haustier war ein Nymphensittich, den er direkt nach der Geburt bekam \u2013 und seitdem haben ihn Tiere nie mehr losgelassen. Im Laufe der Jahre lebten bei ihm verschiedene Haustiere: V\u00f6gel, Katzen, Fische und viele mehr. Heute geh\u00f6ren zwei Katzen und drei Graupapageien zur Familie, die l\u00e4ngst nicht mehr einfach Haustiere, sondern geliebte Familienmitglieder sind.<\/p>\n<p>Dass Christian trotz seiner Katzenallergie nicht auf Tiere verzichten m\u00f6chte, zeigt, wie stark seine Bindung und Empathie zu Tieren ist. Genau daraus entstand die Idee f\u00fcr <strong>tierisch-verliebt.de<\/strong> \u2013 eine Plattform, auf der Menschen zusammenfinden, die ihre Tierliebe teilen und wo auch Haustiere beim Kennenlernen eine wichtige Rolle spielen.<\/p>\n<\/section>\n<section>\n<h2>Herz, Erfahrung &amp; tierische Inspiration<\/h2>\n<p>Im Magazin von <a href=\"https:\/\/tierisch-verliebt.de\/magazin\/\" target=\"_blank\" rel=\"noopener\">tierisch-verliebt.de<\/a> schreibt Christian M. Haas \u00fcber Themen wie das Leben mit Haustieren, Partnersuche unter Tierfreunden, den Alltag zwischen Mensch und Tier sowie Tipps f\u00fcr Paare, die mit Fell, Federn oder Flossen zusammenleben.<\/p>\n<p>Seine Texte verbinden pers\u00f6nliche Erfahrung, technisches Know-how und emotionale Tiefe \u2013 mit dem Ziel, Menschen zu inspirieren, die Liebe zu finden, die nicht nur zu ihnen passt, sondern auch zu ihren tierischen Begleitern.<\/p>\n<\/section>\n<section>\n<h2>Mehr \u00fcber Christian<\/h2>\n<p><img decoding=\"async\" class=\"alignnone wp-image-3376 size-medium\" src=\"https:\/\/tierisch-verliebt.de\/magazin\/wp-content\/uploads\/2025\/11\/Christian-M-Haas-Middle-243x300.png\" alt=\"\" width=\"243\" height=\"300\" srcset=\"https:\/\/tierisch-verliebt.de\/magazin\/wp-content\/uploads\/2025\/11\/Christian-M-Haas-Middle-243x300.png 243w, https:\/\/tierisch-verliebt.de\/magazin\/wp-content\/uploads\/2025\/11\/Christian-M-Haas-Middle-830x1024.png 830w, https:\/\/tierisch-verliebt.de\/magazin\/wp-content\/uploads\/2025\/11\/Christian-M-Haas-Middle.png 900w\" sizes=\"(max-width: 243px) 100vw, 243px\" \/><\/p>\n<ul>\n<li><a href=\"https:\/\/datingnischen.de\/christian\" target=\"_blank\" rel=\"noopener\">Vita auf Datingnischen.de<\/a><\/li>\n<li><a href=\"https:\/\/www.linkedin.com\/in\/christian-m-haas-457323379\" target=\"_blank\" rel=\"noopener\">LinkedIn-Profil<\/a><\/li>\n<li><a href=\"https:\/\/gravatar.com\/automatic8c1daff973\" target=\"_blank\" rel=\"noopener\">Gravatar-Profil<\/a><\/li>\n<\/ul>\n<\/section>\n<section>\n<h2>Transparenz<\/h2>\n<p>Christian M. Haas unterst\u00fctzt <a href=\"https:\/\/tierisch-verliebt.de\" target=\"_blank\" rel=\"noopener\">tierisch-verliebt.de<\/a> redaktionell und beratend. Der technische Betrieb und die rechtliche Verantwortung liegen beim Betreiber der Plattform.<\/p>\n<\/section>\n<\/article>\n","protected":false},"excerpt":{"rendered":"<p>\u00dcber Christian Christian M. Haas besch\u00e4ftigt sich seit vielen Jahren mit Online-Dating und der Entwicklung von themenspezifischen Singleb\u00f6rsen. Die Idee<\/p>\n","protected":false},"author":1,"featured_media":3464,"parent":0,"menu_order":0,"comment_status":"closed","ping_status":"closed","template":"","meta":{"ngg_post_thumbnail":0,"footnotes":""},"class_list":["post-3377","page","type-page","status-publish","has-post-thumbnail","hentry","comments-off"],"aioseo_notices":[],"_links":{"self":[{"href":"https:\/\/tierisch-verliebt.de\/magazin\/wp-json\/wp\/v2\/pages\/3377","targetHints":{"allow":["GET"]}}],"collection":[{"href":"https:\/\/tierisch-verliebt.de\/magazin\/wp-json\/wp\/v2\/pages"}],"about":[{"href":"https:\/\/tierisch-verliebt.de\/magazin\/wp-json\/wp\/v2\/types\/page"}],"author":[{"embeddable":true,"href":"https:\/\/tierisch-verliebt.de\/magazin\/wp-json\/wp\/v2\/users\/1"}],"replies":[{"embeddable":true,"href":"https:\/\/tierisch-verliebt.de\/magazin\/wp-json\/wp\/v2\/comments?post=3377"}],"version-history":[{"count":6,"href":"https:\/\/tierisch-verliebt.de\/magazin\/wp-json\/wp\/v2\/pages\/3377\/revisions"}],"predecessor-version":[{"id":3472,"href":"https:\/\/tierisch-verliebt.de\/magazin\/wp-json\/wp\/v2\/pages\/3377\/revisions\/3472"}],"wp:featuredmedia":[{"embeddable":true,"href":"https:\/\/tierisch-verliebt.de\/magazin\/wp-json\/wp\/v2\/media\/3464"}],"wp:attachment":[{"href":"https:\/\/tierisch-verliebt.de\/magazin\/wp-json\/wp\/v2\/media?parent=3377"}],"curies":[{"name":"wp","href":"https:\/\/api.w.org\/{rel}","templated":true}]}}