{"id":274,"date":"2019-10-02T08:03:25","date_gmt":"2019-10-02T06:03:25","guid":{"rendered":"https:\/\/tierisch-verliebt.de\/magazin\/?page_id=274"},"modified":"2025-02-03T14:33:39","modified_gmt":"2025-02-03T13:33:39","slug":"jack-russell-terrier","status":"publish","type":"page","link":"https:\/\/tierisch-verliebt.de\/magazin\/jack-russell-terrier\/","title":{"rendered":"Jack Russell Terrier &#8211; Der mutige Besch\u00fctzer"},"content":{"rendered":"<p>Jack Russel Terrier bestechen durch den liebevollen Charakter und mutigen Besch\u00fctzerinstinkt &#8211; obwohl er sehr klein ist. Er hat viel Energie und bringt somit sehr viel Leben in ein Haus. Mit einem Jack Russel Terrier wird es einem somit niemals langweilig werden. Man sollte aber den Parson Jack Russell Terrier nicht mit einem Terrier Mix verwechseln.<\/p>\n\n<h2>Steckbrief<\/h2>\n<p><img decoding=\"async\" alt=\"check\" src=\"https:\/\/tierisch-verliebt.de\/magazin\/wp-content\/uploads\/2019\/06\/check-icon-16.png\"> <strong>Lebenserwartung<\/strong>: 13 bis 16 Jahre<br \/>\n<img decoding=\"async\" alt=\"check\" src=\"https:\/\/tierisch-verliebt.de\/magazin\/wp-content\/uploads\/2019\/06\/check-icon-16.png\"> <strong>Gewicht<\/strong>: 6,3 bis 8,3 kg<br \/>\n<img decoding=\"async\" alt=\"check\" src=\"https:\/\/tierisch-verliebt.de\/magazin\/wp-content\/uploads\/2019\/06\/check-icon-16.png\"> <strong>Herkunft<\/strong>: England<br \/>\n<img decoding=\"async\" alt=\"check\" src=\"https:\/\/tierisch-verliebt.de\/magazin\/wp-content\/uploads\/2019\/06\/check-icon-16.png\"> <strong>Alternative Namen<\/strong>: Russell Terrier (AKZ)<br \/>\n<img decoding=\"async\" alt=\"check\" src=\"https:\/\/tierisch-verliebt.de\/magazin\/wp-content\/uploads\/2019\/06\/check-icon-16.png\"> <strong>Widerristh\u00f6he<\/strong>: 24 bis 39 cm<br \/>\n<img decoding=\"async\" alt=\"check\" src=\"https:\/\/tierisch-verliebt.de\/magazin\/wp-content\/uploads\/2019\/06\/check-icon-16.png\"> <strong>Charakter<\/strong>: stur, mutig, intelligent, energisch, athletisch, lautstark<br \/>\n<img decoding=\"async\" alt=\"check\" src=\"https:\/\/tierisch-verliebt.de\/magazin\/wp-content\/uploads\/2019\/06\/check-icon-16.png\"> <strong>Farben<\/strong>: wei\u00df, oft mit schwarzen oder braunen Flecken<br \/>\n<img decoding=\"async\" alt=\"check\" src=\"https:\/\/tierisch-verliebt.de\/magazin\/wp-content\/uploads\/2019\/06\/check-icon-16.png\"> <strong>Kosten:<\/strong> Zwischen 1.000 &amp; 1.200 Euro<\/p>\n<p><img decoding=\"async\" class=\"alignnone size-large wp-image-2291\" src=\"https:\/\/tierisch-verliebt.de\/magazin\/wp-content\/uploads\/2023\/08\/Jack-Russell-1-1024x597.jpg\" alt=\"Jack Russell \" width=\"910\" height=\"531\" srcset=\"https:\/\/tierisch-verliebt.de\/magazin\/wp-content\/uploads\/2023\/08\/Jack-Russell-1-1024x597.jpg 1024w, https:\/\/tierisch-verliebt.de\/magazin\/wp-content\/uploads\/2023\/08\/Jack-Russell-1-300x175.jpg 300w, https:\/\/tierisch-verliebt.de\/magazin\/wp-content\/uploads\/2023\/08\/Jack-Russell-1-768x448.jpg 768w, https:\/\/tierisch-verliebt.de\/magazin\/wp-content\/uploads\/2023\/08\/Jack-Russell-1.jpg 1280w\" sizes=\"(max-width: 910px) 100vw, 910px\" \/><\/p>\n<h2>Wesen und Charakter des Jack Russell Terriers<\/h2>\n<p>Der Jack Russel Terrier wurde unter anderem auch f\u00fcr die <a href=\"https:\/\/tierisch-verliebt.de\/magazin\/jagdhunde\/\">Jagd<\/a> gez\u00fcchtet. Das merkt man ihm auch sofort an, denn er jagt eigentlich allem hinterher das sich bewegt, egal ob eine Eidechse, ein Eichh\u00f6rnchen oder eine Katze. Der Charakter des Terriers ist voll mit Selbstvertrauen und vor allem furchtlos. Zudem geh\u00f6rt Wachsamkeit und Intelligenz auch zu den Z\u00fcgen des Jack Russel Terriers.<\/p>\n<p>Deshalb eignen sie sich, trotz der kleinen Gr\u00f6\u00dfe, auch als Wachhunde. Das Wesen des Hundes ist sehr anh\u00e4nglich, er sucht immer Kontakt mit seinem Besitzer, der auch immer verteidigt wird. Meistens bellen diese kleinen Vierbeiner, wenn sich andere Menschen oder auch andere seiner Art n\u00e4hern, aber nur, um das Herrchen zu sch\u00fctzen.<\/p>\n<h2>Herkunft &amp; Geschichte<\/h2>\n<p>Der Jack Russel Terrier wurde erstmals im Jahre 1800 in England gez\u00fcchtet. Der Pfarrer John Russel, der gerne zur Jagt ging, z\u00fcchtete diese Rasse. Der <a title=\"Portrait zur Hunderasse der Terrier\" href=\"https:\/\/tierisch-verliebt.de\/magazin\/terrier\/\">Terrier<\/a> war sozusagen als Vervollst\u00e4ndigung der Gruppe seiner Jagdhunde gedacht. Er wollte schon immer einen kleinen, aber robusten Hund, da diese gut F\u00fcchse jagen konnten. Zum Zeitpunkt, als John Russel anfing Jack Russel Terrier zu gr\u00fcnden, gab es bereits unterschiedliche Terrierrassen.<\/p>\n<p>Eine Terrier-H\u00fcndin hatte der Pfarrer bereits, diese hie\u00df Trump. Diese H\u00fcndin wurde mit verscheidenen anderen Terrierrassen gekreuzt. Durch diese Kreuzungen sahen nicht alle Jack Russel Terrier gleich aus, so bekam er viele verschiedene Terrier Mix e. Bis ins Jahr 1920 wurden die Russel Terrier als Working Terrier bezeichnet. Der Name des Z\u00fcchters kam erst sp\u00e4ter als Rassename auf.<\/p>\n<p>Die Kreuzung mit anderen Terrierarten ging bis 1990, bis der British Kennel Club den Jack Russel Terrier als selbstst\u00e4ndige Rasse anerkannte. Die Internationale kynologische Vereinigung (kurz FIC) machte dann das gleiche im Jahre 2000. Durch die <a href=\"https:\/\/tierisch-verliebt.de\/magazin\/fci-gruppen\/\">FCI<\/a> wurde der Terrier in zwei Versionen aufgeteilt: Der Parson Russell (Parson steht f\u00fcr Pfarrer) ist gr\u00f6\u00dfer und quadratischer als der &#8220;normale&#8221; Jack Russell Terrier.<\/p>\n<p><img decoding=\"async\" class=\"alignnone size-large wp-image-2290\" src=\"https:\/\/tierisch-verliebt.de\/magazin\/wp-content\/uploads\/2023\/08\/Jack-Russell-2-1024x682.jpg\" alt=\"Jack Russell \" width=\"910\" height=\"606\" srcset=\"https:\/\/tierisch-verliebt.de\/magazin\/wp-content\/uploads\/2023\/08\/Jack-Russell-2-1024x682.jpg 1024w, https:\/\/tierisch-verliebt.de\/magazin\/wp-content\/uploads\/2023\/08\/Jack-Russell-2-300x200.jpg 300w, https:\/\/tierisch-verliebt.de\/magazin\/wp-content\/uploads\/2023\/08\/Jack-Russell-2-768x512.jpg 768w, https:\/\/tierisch-verliebt.de\/magazin\/wp-content\/uploads\/2023\/08\/Jack-Russell-2.jpg 1280w\" sizes=\"(max-width: 910px) 100vw, 910px\" \/><\/p>\n<h2>\u00dcberlegungen vor der Anschaffung (Voraussetzungen, Kosten, Platzbedarf, etc.)<\/h2>\n<p>Wer sich einen Jack Russel Terrier kaufen will, der sollte beachten, dass sie zwar fr\u00f6hliche, kleine Hunde sind, dennoch aber sehr sensibel sind. Diese Rasse verf\u00fcgt \u00fcber ein gro\u00dfes Einf\u00fchlungsverm\u00f6gen. Wenn Sie sehen, dass ihr Besitzer traurig oder angeschlagen ist, dann wollen die Jack Russel Terrier ihren Besitzer mit ihren T\u00e4nzen aufmuntern. Aber man muss sagen, dass gerade Jack Russel Welpen eine starke F\u00fchrung ben\u00f6tigen, die bereits in Welpenalter mit einer liebevollen, aber konsequenten <a href=\"https:\/\/tierisch-verliebt.de\/magazin\/hunderziehung-grundlegendes\/\">Erziehung<\/a> beginnen sollte.<\/p>\n<p>Da diese Hunderasse sehr an seinen Besitzer gebunden ist, sollte auf jeden Fall das &#8220;alleine zu Hause bleiben&#8221; schon sehr fr\u00fch trainiert werden. Denn ansonsten kann es sein, dass die das Haus verlassen und bei der R\u00fcckkehr eine verw\u00fcstete Inneneinrichtung vorfinden. Jack Russel Terrier m\u00f6gen es sehr alles spielerisch zu erlernen. Ein Jack Russel Terrier kostet beim Z\u00fcchter ca. 1.000 Euro. Zudem sollte man bedenken, dass man Geld f\u00fcr Hundebetten, Hundesteuer, Versicherung, Futter, und Tierarztbesuche haben sollte.<\/p>\n<h2>Geeignete Aktivit\u00e4ten<\/h2>\n<p>Da der Jack Russel ein sehr aktiver Hund sind, d\u00fcrfen diverse Spiele in Haushalt nicht fehlen:<\/p>\n<ul>\n<li>Apportierball<\/li>\n<li>Zerrseile<\/li>\n<li>Intelligenzspiele<\/li>\n<\/ul>\n<p>Nat\u00fcrlich muss man den Jack Russel Terrier auch etwas motivieren, nat\u00fcrlich mit Futter, deshalb sollte man darauf achten, dass das Futter zwar schackhaft, aber kalorienarm ist. Der Schwierigkeitsgrad der verschiedenen Spiele sollte auch immer langsam gesteigert werden.<br \/>\nUm diese Hundetasse k\u00f6rperlich auszulasten, muss man mehr tun, als nur spazieren zu gehen. Man sollte t\u00e4glich <a href=\"https:\/\/tierisch-verliebt.de\/magazin\/spiele-fuer-hunde-zu-hause\/\">Bewegungsspiele<\/a> wie Ballspiele, Apportieren oder Jagdspiele aus\u00fcben, um den Hund wirklich auszulasten.<\/p>\n<p><img decoding=\"async\" class=\"alignnone size-large wp-image-2288\" src=\"https:\/\/tierisch-verliebt.de\/magazin\/wp-content\/uploads\/2023\/08\/Jack-Russell-4-1024x681.jpg\" alt=\"Jack Russell \" width=\"910\" height=\"605\" srcset=\"https:\/\/tierisch-verliebt.de\/magazin\/wp-content\/uploads\/2023\/08\/Jack-Russell-4-1024x681.jpg 1024w, https:\/\/tierisch-verliebt.de\/magazin\/wp-content\/uploads\/2023\/08\/Jack-Russell-4-300x199.jpg 300w, https:\/\/tierisch-verliebt.de\/magazin\/wp-content\/uploads\/2023\/08\/Jack-Russell-4-768x511.jpg 768w, https:\/\/tierisch-verliebt.de\/magazin\/wp-content\/uploads\/2023\/08\/Jack-Russell-4.jpg 1280w\" sizes=\"(max-width: 910px) 100vw, 910px\" \/><\/p>\n<h2>Rassemerkmale<\/h2>\n<p>Der Jack Russell Terrier hat so wie jeder andere Rassehund seine Merkmale. Diese sind unter anderem die Gr\u00f6\u00dfe, Gewicht und die Farbe des <a href=\"https:\/\/tierisch-verliebt.de\/magazin\/pflege-von-fell-und-zaehnen-des-hundes\/\">Fells<\/a>. Ab wann ist ein Jack Russel ausgewachsen? Der Jack Russell ist von der Widerristh\u00f6he aus gesehen zwischen 25 und 30 Zentimeter hoch. Ein 25 cm gro\u00dfer Jack Russell Terrier sollte ca. 5 kg wiegen.<\/p>\n<p>Die Farben des Rassehundes sind folgende: Das meiste Fell ist wei\u00df und hat Abzeichen in braun, Lohfarben, schwarz oder eine Kombination aus diesen Farben. Das Fell selber kann rau, glatt oder stichelhaarig sein. Die Ohren sind V-f\u00f6rmig und nach unten geklappt.<\/p>\n<h2>Geeignete Ern\u00e4hrung<\/h2>\n<p>Beim Thema <a href=\"https:\/\/tierisch-verliebt.de\/magazin\/insektenproteine-in-hundefutter\/\">Futter<\/a> gib es unterschiedliche Meinungen, die einen sagen Trockenfutter w\u00e4re besser, die anderen stimmen dem nicht zu und nehmen das Nassfutter. Bei Welpen gibt es aber eine Regel: Man nimmt am Besten das, was der Z\u00fcchter dem kleinen Jack Russell gegeben hat. In der Regel kaufen die meisten das Erwachsenenfutter der gleichen Marke. Ansonsten muss man schauen was dem Hund gut bekommt und was er mag.<\/p>\n<p><img decoding=\"async\" class=\"alignnone wp-image-2991\" src=\"https:\/\/tierisch-verliebt.de\/magazin\/wp-content\/uploads\/2025\/02\/ernaehrung-jack-russel.webp\" alt=\"ernaehrung-jack-russell-terrier\" width=\"600\" height=\"600\" srcset=\"https:\/\/tierisch-verliebt.de\/magazin\/wp-content\/uploads\/2025\/02\/ernaehrung-jack-russel.webp 1024w, https:\/\/tierisch-verliebt.de\/magazin\/wp-content\/uploads\/2025\/02\/ernaehrung-jack-russel-300x300.webp 300w, https:\/\/tierisch-verliebt.de\/magazin\/wp-content\/uploads\/2025\/02\/ernaehrung-jack-russel-150x150.webp 150w, https:\/\/tierisch-verliebt.de\/magazin\/wp-content\/uploads\/2025\/02\/ernaehrung-jack-russel-768x768.webp 768w\" sizes=\"(max-width: 600px) 100vw, 600px\" \/><\/p>\n<p>Man r\u00e4t auf jeden Fall davon ab, dem Parson Jack Russell Terrier die Reste des Mittagessen zu geben, es kann sein, dass er von gesalzenem Fleisch eine Nierenkrankheit oder zu hohen Blutdruck bekommt. N\u00fcsse sind auch sehr sch\u00e4dlich, denn der Phosphorgehalt st\u00f6rt beim Wachstum der Knochen. Hier k\u00f6nnen Missbildungen die Folge vom Verzehr sein.<\/p>\n<p><img decoding=\"async\" class=\"alignnone size-large wp-image-2289\" src=\"https:\/\/tierisch-verliebt.de\/magazin\/wp-content\/uploads\/2023\/08\/Jack-Russell-3-1024x768.jpg\" alt=\"Jack Russell \" width=\"910\" height=\"683\" srcset=\"https:\/\/tierisch-verliebt.de\/magazin\/wp-content\/uploads\/2023\/08\/Jack-Russell-3-1024x768.jpg 1024w, https:\/\/tierisch-verliebt.de\/magazin\/wp-content\/uploads\/2023\/08\/Jack-Russell-3-300x225.jpg 300w, https:\/\/tierisch-verliebt.de\/magazin\/wp-content\/uploads\/2023\/08\/Jack-Russell-3-768x576.jpg 768w, https:\/\/tierisch-verliebt.de\/magazin\/wp-content\/uploads\/2023\/08\/Jack-Russell-3-600x450.jpg 600w, https:\/\/tierisch-verliebt.de\/magazin\/wp-content\/uploads\/2023\/08\/Jack-Russell-3.jpg 1280w\" sizes=\"(max-width: 910px) 100vw, 910px\" \/><\/p>\n<h2>FAQ<\/h2>\n<h3><span id=\"Ist_ein_Husky_als_Familienhund_geeignet\">Ist ein Jack Russell Terrier als Familienhund geeignet?<\/span><\/h3>\n<p>Ja, ein Jack Russell Terrier kann ein gro\u00dfartiger Familienhund sein \u2013 aber nur, wenn seine Bed\u00fcrfnisse erf\u00fcllt werden.<br \/>\nDiese Rasse ist lebhaft, intelligent &amp; verspielt, ben\u00f6tigt aber klare Regeln, viel Bewegung &amp; geistige Besch\u00e4ftigung.<\/p>\n<h3>Welche gesundheitlichen Probleme sind typisch f\u00fcr den <span id=\"Ist_ein_Husky_als_Familienhund_geeignet\">Jack Russell Terrier<\/span><span id=\"Welche_gesundheitlichen_Probleme_sind_typisch_fur_den_Havaneser\">?<\/span><\/h3>\n<p>Jack Russell Terrier sind insgesamt robuste Hunde, aber einige Krankheiten treten rassetypisch h\u00e4ufiger auf &#8211; Gelenk- &amp; Knochenprobleme, Augenerkrankungen, Hautprobleme &amp; Allergien, Zahnprobleme, Herzkrankheiten.<br \/>\nGute Ern\u00e4hrung, regelm\u00e4\u00dfige Bewegung &amp; tier\u00e4rztliche Kontrollen helfen, viele Probleme zu vermeiden.<br \/>\nFr\u00fchzeitige Vorsorge kann die Lebensqualit\u00e4t &amp; Lebenserwartung deines Jack Russells deutlich verbessern!<\/p>\n<h3>Ist der <span id=\"Ist_ein_Husky_als_Familienhund_geeignet\">Jack Russell Terrier <\/span><span id=\"Ist_der_Golden_Retriever_fur_Allergiker_geeignet\">f\u00fcr Allergiker geeignet?<\/span><\/h3>\n<p>Nein, der Jack Russell Terrier ist nicht ideal f\u00fcr Allergiker.<br \/>\nDiese Rasse haart m\u00e4\u00dfig bis stark, besonders w\u00e4hrend des Fellwechsels, und produziert Hautschuppen (Dander), die oft allergische Reaktionen ausl\u00f6sen.<\/p>\n<h3>Wie verh\u00e4lt sich der Jack Russell Terrier gegen\u00fcber Fremden?<\/h3>\n<p>Jack Russell Terrier sind in der Regel aufmerksam, neugierig und wachsam gegen\u00fcber Fremden.<br \/>\nJe nach Sozialisierung kann ihr Verhalten von freundlich und offen bis hin zu misstrauisch und reserviert reichen.<\/p>\n<h3>Ist der <span id=\"Ist_ein_Husky_als_Familienhund_geeignet\">Jack Russell Terrier <\/span><span id=\"Ist_der_Hovawart_fur_Ersthundebesitzer_geeignet\">f\u00fcr Ersthundebesitzer geeignet?<\/span><\/h3>\n<p>Der Jack Russell Terrier ist nicht die einfachste Wahl f\u00fcr Ersthundebesitzer, aber mit der richtigen Einstellung &amp; Erziehung kann er ein gro\u00dfartiger Begleiter sein.<br \/>\nDiese Rasse ist intelligent, aktiv &amp; selbstbewusst, was sie zwar liebenswert, aber auch anspruchsvoll in der Erziehung macht.<\/p>\n<p>&nbsp;<\/p>\n","protected":false},"excerpt":{"rendered":"<p>Jack Russel Terrier bestechen durch den liebevollen Charakter und mutigen Besch\u00fctzerinstinkt &#8211; obwohl er sehr klein ist. Er hat viel<\/p>\n","protected":false},"author":1,"featured_media":277,"parent":0,"menu_order":0,"comment_status":"closed","ping_status":"closed","template":"","meta":{"ngg_post_thumbnail":0,"footnotes":""},"class_list":["post-274","page","type-page","status-publish","has-post-thumbnail","hentry","comments-off"],"aioseo_notices":[],"_links":{"self":[{"href":"https:\/\/tierisch-verliebt.de\/magazin\/wp-json\/wp\/v2\/pages\/274","targetHints":{"allow":["GET"]}}],"collection":[{"href":"https:\/\/tierisch-verliebt.de\/magazin\/wp-json\/wp\/v2\/pages"}],"about":[{"href":"https:\/\/tierisch-verliebt.de\/magazin\/wp-json\/wp\/v2\/types\/page"}],"author":[{"embeddable":true,"href":"https:\/\/tierisch-verliebt.de\/magazin\/wp-json\/wp\/v2\/users\/1"}],"replies":[{"embeddable":true,"href":"https:\/\/tierisch-verliebt.de\/magazin\/wp-json\/wp\/v2\/comments?post=274"}],"version-history":[{"count":5,"href":"https:\/\/tierisch-verliebt.de\/magazin\/wp-json\/wp\/v2\/pages\/274\/revisions"}],"predecessor-version":[{"id":2287,"href":"https:\/\/tierisch-verliebt.de\/magazin\/wp-json\/wp\/v2\/pages\/274\/revisions\/2287"}],"wp:featuredmedia":[{"embeddable":true,"href":"https:\/\/tierisch-verliebt.de\/magazin\/wp-json\/wp\/v2\/media\/277"}],"wp:attachment":[{"href":"https:\/\/tierisch-verliebt.de\/magazin\/wp-json\/wp\/v2\/media?parent=274"}],"curies":[{"name":"wp","href":"https:\/\/api.w.org\/{rel}","templated":true}]}}