{"id":2125,"date":"2023-07-14T16:20:09","date_gmt":"2023-07-14T14:20:09","guid":{"rendered":"https:\/\/tierisch-verliebt.de\/magazin\/?page_id=2125"},"modified":"2025-02-24T08:53:14","modified_gmt":"2025-02-24T07:53:14","slug":"saluki","status":"publish","type":"page","link":"https:\/\/tierisch-verliebt.de\/magazin\/saluki\/","title":{"rendered":"Portrait zu Hunderasse: Saluki"},"content":{"rendered":"\n<h2>Kurzbeschreibung \/ Einleitung<\/h2>\n<p>Schon vor Jahrhunderten wurde der Saluki aufgrund seiner Rasseeigenschaften als <a href=\"https:\/\/tierisch-verliebt.de\/magazin\/jagdhunde\/\">Jagdhund<\/a> gesch\u00e4tzt. Seine flinken Beine sowie der athletische K\u00f6rperbau sind auch heute noch bezeichnend. Der \u00e4u\u00dferst intelligente Vierbeiner besitzt eine schnelle Auffassungsgabe und ist in seinem gewohntem Umfeld aufgeschlossen und gesellig. Hier kann man das vollst\u00e4ndige Portrait dieser Hunderasse finden.<\/p>\n<h2>Wesen und Charakter<\/h2>\n<p>Der Saluki geh\u00f6rt zur Spezies <a href=\"https:\/\/tierisch-verliebt.de\/magazin\/windhunde\/\">Windhund<\/a> und ist von Natur aus ein schneller J\u00e4ger. So erinnert sein Wesen manchmal an die Charakterz\u00fcge von <a href=\"https:\/\/tierisch-verliebt.de\/magazin\/katzenrassen\/\">Katzen<\/a>, denn sein angeborener Jagdtrieb kommt besonders bei ausgiebigen Spazierg\u00e4ngen in der Natur zum Vorschein. Aus diesem Grund ist der Saluki schnell gelangweilt, wenn er nicht ausreichend Freilauf oder Besch\u00e4ftigungsm\u00f6glichkeiten hat. Trotzdem bindet er sich eng an Menschen und genie\u00dft Streicheleinheiten in vollen Z\u00fcgen. Wenn er allerdings Ruhe braucht, was relativ h\u00e4ufig vorkommen kann, zieht er sich auch gerne zur\u00fcck und bleibt f\u00fcr sich.<\/p>\n<p>Diese Hunderasse besitzt eine besonders schnelle Auffassungsgabe und ist \u00e4u\u00dferst intelligent. Angesichts dessen, lernt er schnell und Ma\u00dfnahmen zur <a href=\"https:\/\/tierisch-verliebt.de\/magazin\/hunderziehung-grundlegendes\/\">Erziehung<\/a> zeigen schnell Erfolg. Fremden gegen\u00fcber ist er allerdings zun\u00e4chst ein wenig skeptisch. Streichelt man ihn ungefragt, kann es sein, dass er ablehnend reagiert. Auch mit Kindern tut sich der Saluki zun\u00e4chst ein wenig schwer. Wenn das Eis allerdings gebrochen ist, ist der Saluki sehr aufgeschlossen und gesellig. Je fr\u00fcher der Vierbeiner in die Familie kommt, desto schneller und besser vertr\u00e4gt er sich mit anderen Haustieren und Kindern.<\/p>\n<p><img decoding=\"async\" class=\"alignnone size-large wp-image-2127\" src=\"https:\/\/tierisch-verliebt.de\/magazin\/wp-content\/uploads\/2023\/07\/Saluki-2-1024x682.jpg\" alt=\"Saluki\" width=\"910\" height=\"606\" srcset=\"https:\/\/tierisch-verliebt.de\/magazin\/wp-content\/uploads\/2023\/07\/Saluki-2-1024x682.jpg 1024w, https:\/\/tierisch-verliebt.de\/magazin\/wp-content\/uploads\/2023\/07\/Saluki-2-300x200.jpg 300w, https:\/\/tierisch-verliebt.de\/magazin\/wp-content\/uploads\/2023\/07\/Saluki-2-768x512.jpg 768w, https:\/\/tierisch-verliebt.de\/magazin\/wp-content\/uploads\/2023\/07\/Saluki-2.jpg 1280w\" sizes=\"(max-width: 910px) 100vw, 910px\" \/><\/p>\n<h2>Herkunft &amp; Geschichte<\/h2>\n<p>Im Nahen Osten wird dem Saluki schon seit Jahrtausenden eine hohe Wertsch\u00e4tzung entgegengebracht. In der Vergangenheit war er dort stets ein treuer Jagdbegleiter mit sanftem Wesen. Auf der <a href=\"https:\/\/tierisch-verliebt.de\/magazin\/jagdhunde\/\">Jagd<\/a> nach Hasen und Gazellen begleitete er die Nomaden als flinker Helfer mit ungeb\u00e4ndigtem Jagdtrieb. Schon lange bevor sie sich der Zucht von Araberpferden widmeten, sollen die arabischen Beduinen mit der Zucht von Salukis begonnen haben. Die Vierbeiner wurden damals wie ein Teil der Familie behandelt, sie durften in den Zelten schlafen und wurden liebevoll umsorgt.<\/p>\n<p>Daher war ein Verkauf der hochgesch\u00e4tzten Hunderasse eher abwegig, weshalb die Vierbeiner erst sp\u00e4ter den Weg nach Europa fanden. Im Jahre 1840 waren die ersten Salukis unter dem Namen \u201epersische Greyhounds\u201c bekannt. Erst im Jahr 1895 begannen die Menschen, diese Hunderasse auf europ\u00e4ischem Boden zu z\u00fcchten. Verantwortlich daf\u00fcr war die Baronin Florence Amherst of Hackney. Sie brachte eine H\u00fcndin und einen R\u00fcden aus der Zucht von Prinz Abdullah von Transjordanien nach England. 1992 wurde der erste Salukiwurf offiziell registriert.<\/p>\n<h2>\u00dcberlegungen vor der Anschaffung (Voraussetzungen, Kosten, Platzbedarf)<\/h2>\n<p>Der Saluki ist aufgrund seiner Charaktereigenschaften und seines Wesens kein Hund f\u00fcr jeden. Auch noch heute z\u00e4hlt er zu den kostbarsten Hunderassen der Welt und ist nach wie vor ein Statussymbol. Tiere, die von der rein arabischen Abstammungslinie abstammen, <a href=\"https:\/\/tierisch-verliebt.de\/magazin\/unterhalt-eines-hundes\/\">kosten<\/a> zwischen 10 000 und 12 000 Euro.<\/p>\n<p>Der Anschaffungspreis ist also relativ hoch und hinzukommen Kosten f\u00fcr Futter, Tierarzt, <a href=\"https:\/\/tierisch-verliebt.de\/magazin\/sichere-spielzeug%d0%b5-fuer-den-hund\/\">Spielzeuge<\/a>, Kurse und weiteres Zubeh\u00f6r. Besonders die artgerechte Haltung ist bei dieser Hunderasse kostenintensiv. Aufgrund der hohen Lauffreude ben\u00f6tigt der Vierbeiner viel Platz und im besten Fall einen gro\u00dfen Garten. Die Haltung in einer kleinen st\u00e4dtischen Wohnung kommt demnach nicht infrage.<\/p>\n<p>Vor allem aber fordert der Saluki sehr viel Zeit ein. Regelm\u00e4\u00dfige, ausgedehnte Spazierg\u00e4nge, bei denen der Hund k\u00f6rperlich und geistig gefordert wird, geh\u00f6ren zum Tagesprogramm. Ein kurzer Spaziergang reicht nicht aus, um den Bewegungsdrang des Salukis zu befriedigen. Seinen Jagdinstinkt kann er am besten auf gro\u00dfen, weitl\u00e4ufigen Anlagen ausleben. Rassetypische Krankheiten treten \u00e4u\u00dferst selten auf, trotzdem sollte aber das n\u00f6tige Kleingeld f\u00fcr regelm\u00e4\u00dfige Tierarztbesuche vorhanden sein.<\/p>\n<p><img decoding=\"async\" class=\"alignnone size-large wp-image-2128\" src=\"https:\/\/tierisch-verliebt.de\/magazin\/wp-content\/uploads\/2023\/07\/Saluki-3-1024x682.jpg\" alt=\"Saluki\" width=\"910\" height=\"606\" srcset=\"https:\/\/tierisch-verliebt.de\/magazin\/wp-content\/uploads\/2023\/07\/Saluki-3-1024x682.jpg 1024w, https:\/\/tierisch-verliebt.de\/magazin\/wp-content\/uploads\/2023\/07\/Saluki-3-300x200.jpg 300w, https:\/\/tierisch-verliebt.de\/magazin\/wp-content\/uploads\/2023\/07\/Saluki-3-768x512.jpg 768w, https:\/\/tierisch-verliebt.de\/magazin\/wp-content\/uploads\/2023\/07\/Saluki-3.jpg 1280w\" sizes=\"(max-width: 910px) 100vw, 910px\" \/><\/p>\n<h2>Geeignete Aktivit\u00e4ten<\/h2>\n<p>Der ausdauernde Jagdhund aus dem Orient ist ein ausgesprochen schneller L\u00e4ufer mit gro\u00dfem Drang zur Bewegung. Im besten Fall hat er den ganzen Tag die M\u00f6glichkeit, im Garten eine Runde zu drehen. Doch diese Aktivit\u00e4t alleine reicht nicht aus, denn am gl\u00fccklichsten ist der Saluki, wenn er sich bei einem Rennen auspowern kann. Au\u00dferdem liebt er <a href=\"https:\/\/tierisch-verliebt.de\/magazin\/spiele-fuer-hunde-zu-hause\/\">Spiele<\/a> unterschiedlichster Art. Da er wesentlich schneller als der Mensch ist, begleitet man ihn am besten auf dem Fahrrad oder Pferd.<\/p>\n<p>Beim Jagd-Coursing oder <a href=\"https:\/\/tierisch-verliebt.de\/magazin\/windhunde\/\">Windhunderennen<\/a> misst er sich ehrgeizig mit seinen Artgenossen und wird sowohl geistig als auch k\u00f6rperlich gefordert. Viele Besitzer besuchen daher mit ihrem Vierbeiner einen Parkour und simulieren eine Hasenjagd. Die Bewegung der Attrappe l\u00f6st im Saluki einen Reflex aus und er folgt ihr in Windeseile. Der Vierbeiner muss eine enorme Aufmerksamkeit an den Tag legen und darf zugleich den un\u00fcbersichtlichen Parkour nicht aus den Augen verlieren.<\/p>\n<h2>Rassenmerkmale<\/h2>\n<p>Dem Saluki sieht man auf den ersten Blick an, dass er zur Spezies der <a href=\"https:\/\/tierisch-verliebt.de\/magazin\/windhunde\/\">Windhunde<\/a> geh\u00f6rt. Sein athletischer, schlanker K\u00f6rperbau verleiht ihm ein elegantes und erhabenes Erscheinungsbild. Die Struktur des <a href=\"https:\/\/tierisch-verliebt.de\/magazin\/pflege-von-fell-und-zaehnen-des-hundes\/\">Fells<\/a> ist seidig und glatt, an den Ohren, der Rute sowie an den Beinen bis hoch zu den Schenkeln wird es langhaarig.<\/p>\n<p>Sein schlanker, eleganter, aber trotzdem muskul\u00f6ser K\u00f6rperbau verleiht ihm Kraft und Ausdauer. Charakteristisch ist au\u00dferdem der lang gestreckte Kopf des Vierbeiners. Optimal f\u00fcr die Sichtjagd, sitzen die dunklen, leuchtenden Augen vorne und besitzen einen aufmerksamen Ausdruck. In der Zucht sind alle Farbkombinationen oder Farben bis auf Brindle (gestromt) zul\u00e4ssig.<\/p>\n<p>Der Saluki kann eine durchschnittliche Widerristh\u00f6he von 58 bis 71 Zentimetern erreichen. H\u00fcndinnen sind im Durchschnitt kleiner. Sein Trab ist fl\u00fcssig, m\u00fchelos und geschmeidig, w\u00e4hrend das Gangwerk vom Boden abhebend und leichtf\u00fc\u00dfig ist. Generell gilt die Rasse als gesund, bei zu gro\u00dfer Anstrengung besteht allerdings die Gefahr f\u00fcr Magendrehungen. Deshalb sollte der Saluki zwei Stunden vor anstrengenden Aktivit\u00e4ten nicht gef\u00fcttert werden. Vereinzelt kann es zu F\u00e4llen von Epilepsie oder Herztod kommen.<\/p>\n<p><img decoding=\"async\" class=\"alignnone size-large wp-image-2103\" src=\"https:\/\/tierisch-verliebt.de\/magazin\/wp-content\/uploads\/2023\/07\/windhunde-2-1024x676.jpg\" alt=\"windhunde\" width=\"910\" height=\"601\" srcset=\"https:\/\/tierisch-verliebt.de\/magazin\/wp-content\/uploads\/2023\/07\/windhunde-2-1024x676.jpg 1024w, https:\/\/tierisch-verliebt.de\/magazin\/wp-content\/uploads\/2023\/07\/windhunde-2-300x198.jpg 300w, https:\/\/tierisch-verliebt.de\/magazin\/wp-content\/uploads\/2023\/07\/windhunde-2-768x507.jpg 768w, https:\/\/tierisch-verliebt.de\/magazin\/wp-content\/uploads\/2023\/07\/windhunde-2.jpg 1280w\" sizes=\"(max-width: 910px) 100vw, 910px\" \/><\/p>\n<h2>Geeignete Ern\u00e4hrung<\/h2>\n<p>Wie alle anderen Hunderassen stammt auch der Saluki vom Wolf ab. Aus diesem Grund ist er ein Fleischesser und bevorzugt qualitativ hochwertiges Fleisch. Muskelfleisch sollte daher der Hauptbestandteil seiner <a href=\"https:\/\/tierisch-verliebt.de\/magazin\/havaneser-ernaehrung\/\">Ern\u00e4hrung<\/a> sein. Alleine von Fleisch darf der Saluki allerdings nicht ern\u00e4hrt werden. Damit der Vierbeiner alle N\u00e4hrstoffe aufnehmen kann, die sein athletischer K\u00f6rper ben\u00f6tigt, sollte der Speiseplan m\u00f6glichst abwechslungsreich sein.<\/p>\n<p>Gute N\u00e4hrstoff- und Minerallieferanten sind beispielsweise Quark, Obst, gekochter Reis, Nudeln und <a href=\"https:\/\/tierisch-verliebt.de\/magazin\/obst-und-gemuese-die-die-hunde-essen\/\">Gem\u00fcse<\/a>. Aus diesem Grund ist es empfehlenswert, ein Greyhound Futter, welches speziell auf die Bed\u00fcrfnisse der Tiere abgestimmt ist, zu verf\u00fcttern. Im Idealfall erh\u00e4lt der Vierbeiner eine Kombination aus Trocken- und Nassfutter. Wenn das <a href=\"https:\/\/tierisch-verliebt.de\/magazin\/insektenproteine-in-hundefutter\/\">Futter<\/a> selbst zusammengestellt wird, sind die erforderlichen Mischverh\u00e4ltnisse zu beachten. Zur Belohnung darf der Saluki hin und wieder ein Leckerli naschen, allerdings mit Ma\u00df und Ziel.<\/p>\n<h2 data-pm-slice=\"1 1 []\">FAQ`s<\/h2>\n<h3>Wie geht ein Saluki mit Kindern oder anderen Haustieren um?<\/h3>\n<p>Ein Saluki ist ein sensibler und sanfter Hund, der gut mit Kindern und anderen Haustieren auskommen kann, wenn er entsprechend sozialisiert wird. Aufgrund seines zur\u00fcckhaltenden und w\u00fcrdevollen Wesens bevorzugt er jedoch eine ruhige Umgebung.<\/p>\n<p><strong>Mit Kindern:<\/strong> Salukis sind geduldig und freundlich, besonders wenn Kinder respektvoll mit ihnen umgehen. Sie sch\u00e4tzen sanfte Streicheleinheiten und ruhige Interaktionen, k\u00f6nnen aber auf lautes oder grobes Verhalten eher distanziert reagieren. Es ist wichtig, dass Kinder lernen, dem Hund seinen Raum zu lassen, damit sich der Saluki sicher f\u00fchlt.<\/p>\n<p><img decoding=\"async\" class=\"alignnone size-large wp-image-2886\" src=\"https:\/\/tierisch-verliebt.de\/magazin\/wp-content\/uploads\/2025\/01\/Saluki-andere-Tiere-1024x656.jpg\" alt=\"\" width=\"910\" height=\"583\" srcset=\"https:\/\/tierisch-verliebt.de\/magazin\/wp-content\/uploads\/2025\/01\/Saluki-andere-Tiere-1024x656.jpg 1024w, https:\/\/tierisch-verliebt.de\/magazin\/wp-content\/uploads\/2025\/01\/Saluki-andere-Tiere-300x192.jpg 300w, https:\/\/tierisch-verliebt.de\/magazin\/wp-content\/uploads\/2025\/01\/Saluki-andere-Tiere-768x492.jpg 768w, https:\/\/tierisch-verliebt.de\/magazin\/wp-content\/uploads\/2025\/01\/Saluki-andere-Tiere.jpg 1280w\" sizes=\"(max-width: 910px) 100vw, 910px\" \/><\/p>\n<p><strong>Mit anderen Haustieren:<\/strong> Salukis haben einen ausgepr\u00e4gten Jagdtrieb, was bei kleineren Tieren wie Kaninchen oder Meerschweinchen eine Herausforderung sein kann. Mit anderen Hunden kommen sie oft gut zurecht, vor allem, wenn sie \u00e4hnliche Spiel- und Bewegungsbed\u00fcrfnisse haben. Katzen k\u00f6nnen akzeptiert werden, wenn der Saluki von klein auf an sie gew\u00f6hnt wird. Eine kontrollierte Einf\u00fchrung zwischen dem Saluki und anderen Haustieren ist entscheidend, um ein harmonisches Zusammenleben zu gew\u00e4hrleisten.<\/p>\n<h3>Welche gesundheitlichen Probleme treten bei Salukis h\u00e4ufig auf?<\/h3>\n<p>&nbsp;<\/p>\n<p>Salukis gelten im Allgemeinen als robuste und gesunde Hunderasse, doch wie bei allen Hunden gibt es einige gesundheitliche Probleme, die bei ihnen h\u00e4ufiger auftreten k\u00f6nnen:<\/p>\n<ul>\n<li><strong>Herzerkrankungen:<\/strong> Eine der bekanntesten Erkrankungen bei Salukis ist die idiopathische ventrikul\u00e4re Arrhythmie, eine Herzrhythmusst\u00f6rung, die fr\u00fchzeitig erkannt werden sollte, um Risiken zu minimieren.<\/li>\n<li><strong>Empfindlichkeit gegen\u00fcber Narkose:<\/strong> Aufgrund ihres geringen K\u00f6rperfettanteils reagieren Salukis sensibler auf Narkosemittel. Tier\u00e4rzte sollten dies bei Behandlungen oder Operationen ber\u00fccksichtigen.<\/li>\n<li><strong>Autoimmunerkrankungen:<\/strong> Einige Salukis k\u00f6nnen an Autoimmunerkrankungen wie Hypothyreose (Schilddr\u00fcsenunterfunktion) leiden, was regelm\u00e4\u00dfig \u00fcberwacht werden sollte.<\/li>\n<li><strong>Augenprobleme:<\/strong> Krankheiten wie progressive Retinaatrophie (PRA), die zu Sehproblemen oder Blindheit f\u00fchren kann, sind bei Salukis gelegentlich zu beobachten. Regelm\u00e4\u00dfige Augenuntersuchungen sind daher ratsam.<\/li>\n<li><strong>Osteosarkom:<\/strong> Obwohl selten, kann diese aggressive Form von Knochenkrebs auch bei Salukis auftreten.<\/li>\n<li><strong>Magendrehung:<\/strong> Wie viele andere gro\u00dfe Hunde sind Salukis anf\u00e4llig f\u00fcr eine Magendrehung. Dies ist ein akuter Notfall, der schnelles Handeln erfordert.<\/li>\n<li><strong>Hautempfindlichkeit:<\/strong> Die feine Haut der Salukis kann leicht verletzt werden, weshalb Verletzungen gut versorgt werden sollten.<\/li>\n<\/ul>\n<p>Regelm\u00e4\u00dfige tier\u00e4rztliche Untersuchungen, eine gesunde Ern\u00e4hrung und ausreichende Bewegung tragen dazu bei, das Risiko solcher Erkrankungen zu minimieren. Zudem ist es wichtig, einen Saluki nur von seri\u00f6sen Z\u00fcchtern zu erwerben, die auf die Gesundheit ihrer Zuchtlinien achten.<\/p>\n<h3>Wie pflegeintensiv ist das Fell eines Salukis?<\/h3>\n<p><img decoding=\"async\" class=\"alignnone size-large wp-image-2885\" src=\"https:\/\/tierisch-verliebt.de\/magazin\/wp-content\/uploads\/2025\/01\/Saluki-1024x682.jpg\" alt=\"\" width=\"910\" height=\"606\" srcset=\"https:\/\/tierisch-verliebt.de\/magazin\/wp-content\/uploads\/2025\/01\/Saluki-1024x682.jpg 1024w, https:\/\/tierisch-verliebt.de\/magazin\/wp-content\/uploads\/2025\/01\/Saluki-300x200.jpg 300w, https:\/\/tierisch-verliebt.de\/magazin\/wp-content\/uploads\/2025\/01\/Saluki-768x512.jpg 768w, https:\/\/tierisch-verliebt.de\/magazin\/wp-content\/uploads\/2025\/01\/Saluki.jpg 1280w\" sizes=\"(max-width: 910px) 100vw, 910px\" \/><\/p>\n<p>Das Fell eines Salukis ist relativ pflegeleicht, was die Haltung dieser Hunderasse unkompliziert macht. Salukis haben ein kurzes, seidiges Fell, das entweder glatt oder leicht befedert sein kann (insbesondere an Ohren, Beinen und Schwanz).<\/p>\n<ul>\n<li><strong>Pflegeaufwand: <\/strong>B\u00fcrsten: Ein- bis zweimal w\u00f6chentliches B\u00fcrsten reicht in der Regel aus, um lose Haare zu entfernen und das Fell gl\u00e4nzend zu halten. W\u00e4hrend des Fellwechsels (Fr\u00fchling und Herbst) kann etwas h\u00e4ufiger geb\u00fcrstet werden.<\/li>\n<li><strong style=\"font-size: 1.125rem;\">Baden: <\/strong><span style=\"font-size: 1.125rem;\">Salukis ben\u00f6tigen nur selten ein Bad, es sei denn, sie haben sich stark verschmutzt. Verwende dabei ein mildes Hundeshampoo, um die empfindliche Haut nicht zu reizen.<\/span><\/li>\n<li><strong>Hautpflege:<\/strong><span style=\"font-size: 1.125rem;\"> Da Salukis eine feine und empfindliche Haut haben, ist es wichtig, Kratzer oder kleine Verletzungen sorgf\u00e4ltig zu behandeln, um Infektionen zu vermeiden.<\/span><\/li>\n<li><strong>Ohren:<\/strong> Die langen, h\u00e4ngenden Ohren k\u00f6nnen anf\u00e4llig f\u00fcr Verschmutzungen sein. Eine regelm\u00e4\u00dfige Kontrolle und sanfte Reinigung der Ohren ist empfehlenswert.<\/li>\n<li><strong>Krallen:<\/strong> Salukis sind sehr aktive Hunde, sodass sich ihre Krallen oft von selbst abnutzen. Dennoch sollten sie regelm\u00e4\u00dfig \u00fcberpr\u00fcft und bei Bedarf gek\u00fcrzt werden.<\/li>\n<\/ul>\n<p><strong>Besonderheit<\/strong><br \/>\nDer Saluki haart wenig und hat keinen typischen &#8220;Hundegeruch&#8221;, was ihn besonders angenehm f\u00fcr empfindliche Personen macht. Insgesamt ist der Pflegeaufwand gering, aber er sch\u00e4tzt die Aufmerksamkeit und Zeit, die ihm bei der Fellpflege gewidmet wird.<\/p>\n<h3>Wie finde ich einen seri\u00f6sen Z\u00fcchter f\u00fcr Salukis?<\/h3>\n<p>Einen seri\u00f6sen Z\u00fcchter f\u00fcr Salukis zu finden, ist entscheidend, um einen gesunden und gut sozialisierten Hund zu bekommen. Hier sind einige Tipps, die dir helfen k\u00f6nnen:<\/p>\n<p><strong>1. Mitglieder in anerkannten Zuchtverb\u00e4nden<\/strong><br \/>\nSuche nach Z\u00fcchtern, die Mitglied in einem anerkannten Zuchtverband wie dem Verband f\u00fcr das Deutsche Hundewesen (VDH) oder der F\u00e9d\u00e9ration Cynologique Internationale (FCI) sind. Diese Organisationen stellen sicher, dass die Z\u00fcchter strenge Zuchtstandards einhalten.<\/p>\n<p><strong>2. Pers\u00f6nlicher Besuch<\/strong><br \/>\nBesuche den Z\u00fcchter vor Ort. Achte darauf, dass die Hunde in einer sauberen und artgerechten Umgebung leben, gen\u00fcgend Platz haben und gut sozialisiert wirken.<br \/>\nDer Z\u00fcchter sollte dir die Mutterh\u00fcndin zeigen k\u00f6nnen, da dies oft einen Eindruck von der Gesundheit und dem Wesen der Welpen vermittelt.<\/p>\n<p><strong>3. Gesundheitsnachweise<\/strong><br \/>\nEin seri\u00f6ser Z\u00fcchter stellt dir die Gesundheitsunterlagen der Elterntiere zur Verf\u00fcgung. Dazu geh\u00f6ren Tests auf rassetypische Krankheiten wie Herzuntersuchungen, Augenuntersuchungen und andere relevante genetische Tests.<\/p>\n<p><strong>4. Fragen stellen<\/strong><br \/>\nEin guter Z\u00fcchter wird dir viele Fragen zu deinen Lebensumst\u00e4nden, deiner Erfahrung mit Hunden und deinen Erwartungen an den Saluki stellen. Das zeigt, dass er das Wohl seiner Welpen ernst nimmt. Gleichzeitig sollte er offen alle deine Fragen beantworten, z. B. zu F\u00fctterung, Pflege oder dem Wesen der Hunde.<\/p>\n<p><strong>5. Kein Druck oder Sofortkauf<\/strong><br \/>\nSeri\u00f6se Z\u00fcchter haben Wartelisten und geben ihre Welpen fr\u00fchestens ab einem Alter von 8 bis 12 Wochen ab. Sie setzen dich nicht unter Druck, sofort einen Welpen zu kaufen.<\/p>\n<p><strong>6. Referenzen und Empfehlungen<\/strong><br \/>\nSprich mit anderen Saluki-Besitzern oder frage in Hundeforen und bei Tier\u00e4rzten nach Empfehlungen f\u00fcr Z\u00fcchter. Oft k\u00f6nnen erfahrene Halter dir wertvolle Tipps geben.<\/p>\n<p><strong>7. Vertrag und R\u00fcckgaberecht<\/strong><br \/>\nEin seri\u00f6ser Z\u00fcchter wird dir einen Kaufvertrag anbieten, der alle wichtigen Informationen zu Gesundheit, Impfungen und R\u00fcckgaberechten enth\u00e4lt. Viele Z\u00fcchter bestehen darauf, dass sie informiert werden, falls der Hund einmal abgegeben werden muss.<\/p>\n<p><strong>8. Achte auf Warnsignale<\/strong><br \/>\nVermeide Z\u00fcchter, die:<\/p>\n<ul>\n<li>Viele Rassen gleichzeitig z\u00fcchten.<\/li>\n<li>Welpen ohne Papiere oder zu ungew\u00f6hnlich niedrigen Preisen anbieten.<\/li>\n<li>Keine Fragen zu deiner Eignung als Halter stellen.<\/li>\n<\/ul>\n<p>Die Suche nach einem seri\u00f6sen Z\u00fcchter erfordert Geduld, aber sie lohnt sich, um einen gesunden und gut sozialisierten Saluki zu finden, der perfekt zu deinem Leben passt.<\/p>\n","protected":false},"excerpt":{"rendered":"<p>Kurzbeschreibung \/ Einleitung Schon vor Jahrhunderten wurde der Saluki aufgrund seiner Rasseeigenschaften als Jagdhund gesch\u00e4tzt. Seine flinken Beine sowie der<\/p>\n","protected":false},"author":1,"featured_media":2126,"parent":0,"menu_order":0,"comment_status":"closed","ping_status":"closed","template":"","meta":{"ngg_post_thumbnail":0,"footnotes":""},"class_list":["post-2125","page","type-page","status-publish","has-post-thumbnail","hentry","comments-off"],"aioseo_notices":[],"_links":{"self":[{"href":"https:\/\/tierisch-verliebt.de\/magazin\/wp-json\/wp\/v2\/pages\/2125","targetHints":{"allow":["GET"]}}],"collection":[{"href":"https:\/\/tierisch-verliebt.de\/magazin\/wp-json\/wp\/v2\/pages"}],"about":[{"href":"https:\/\/tierisch-verliebt.de\/magazin\/wp-json\/wp\/v2\/types\/page"}],"author":[{"embeddable":true,"href":"https:\/\/tierisch-verliebt.de\/magazin\/wp-json\/wp\/v2\/users\/1"}],"replies":[{"embeddable":true,"href":"https:\/\/tierisch-verliebt.de\/magazin\/wp-json\/wp\/v2\/comments?post=2125"}],"version-history":[{"count":4,"href":"https:\/\/tierisch-verliebt.de\/magazin\/wp-json\/wp\/v2\/pages\/2125\/revisions"}],"predecessor-version":[{"id":2884,"href":"https:\/\/tierisch-verliebt.de\/magazin\/wp-json\/wp\/v2\/pages\/2125\/revisions\/2884"}],"wp:featuredmedia":[{"embeddable":true,"href":"https:\/\/tierisch-verliebt.de\/magazin\/wp-json\/wp\/v2\/media\/2126"}],"wp:attachment":[{"href":"https:\/\/tierisch-verliebt.de\/magazin\/wp-json\/wp\/v2\/media?parent=2125"}],"curies":[{"name":"wp","href":"https:\/\/api.w.org\/{rel}","templated":true}]}}