{"id":1694,"date":"2022-09-16T22:37:01","date_gmt":"2022-09-16T20:37:01","guid":{"rendered":"https:\/\/tierisch-verliebt.de\/magazin\/?page_id=1694"},"modified":"2022-10-02T18:41:32","modified_gmt":"2022-10-02T16:41:32","slug":"maine-coon-haltung","status":"publish","type":"page","link":"https:\/\/tierisch-verliebt.de\/magazin\/maine-coon-haltung\/","title":{"rendered":"5 Tipps f\u00fcr die Haltung einer Maine Coon Katze"},"content":{"rendered":"<p>Die Maine Coon ist eine der gr\u00f6\u00dften Hauskatzenrassen und wird deshalb auch als sanfter Riese bezeichnet. Main Coon Katzen sind unkompliziert, anh\u00e4nglich und loyal. Diese Katzen verbringen gerne viel Zeit mit ihren Besitzern und kommen gut mit Kindern und anderen Haustieren aus.<br \/>\n<!--more--><\/p>\n<p>Wie der Name schon erahnen l\u00e4sst: Die Maine Coon wurde 1985 zur offiziellen Staatskatze des US-Bundesstaates Maine ernannt, und sie ist immer noch eine beliebte Rasse in ganz Amerika aber auch in Europa und Japan.<\/p>\n<p>Mit ihrem buschigen Schwanz, den gro\u00dfen Pfoten und dem halblanghaarigen, wasserdichten Fell ist die Maine Coon von Natur aus gut f\u00fcr kaltes, verschneites Wetter ger\u00fcstet. Gepaart mit einem ausgepr\u00e4gten Jagdinstinkt und einer au\u00dfergew\u00f6hnlichen Intelligenz ist es keine \u00dcberraschung, dass diese Katzen zu beliebten Bauernhofkatzen wurden.<\/p>\n<p>Der genaue Ursprung der Maine Coons bleibt ein R\u00e4tsel, aber sie gelten wahrscheinlich als die \u00e4lteste in Amerika heimische Katzenrasse. Obwohl die braun gestromte Variante am h\u00e4ufigsten vorkommt, sind auch andere Farben und Muster bei reinrassigen Maine Coons zu finden und bei Tierhaltern auf der ganzen Welt sehr begehrt.<\/p>\n<h2>Hier sind 5 Tipps f\u00fcr die Haltung einer Maine Coon Katze<\/h2>\n<h4>1. Stellen Sie ihr eine eigene Katzentoilette zur Verf\u00fcgung<\/h4>\n<p>Maine Coons sind saubere Katzen. Ihre Maine Coon ist gl\u00fccklich, wenn sie eine saubere Katzentoilette hat, die sie nicht teilen muss und sich in einem ruhigen Bereich Ihres Hauses befindet. Sie wird ihr Gesch\u00e4ft nicht gerne in einem belebten, lauten Bereich verrichten und viele Katzen sind nicht scharf auf ein Katzenklo f\u00fcr mehrere Katzen.<\/p>\n<p>Wenn Ihre Katze au\u00dferhalb derselben Katzenklos macht, versuchen Sie, die Schale umzustellen und eine Schale pro Katze im Haushalt vorzusehen. Und wenn m\u00f6glich, reinigen Sie die Schale zweimal t\u00e4glich. Bedenken Sie auch: da es sich um eine gro\u00dfe Katze handelt, ben\u00f6tigt sie auch ein gro\u00dfes Katzenklo.<\/p>\n<h4><strong>2. Vermeiden Sie gro\u00dfe Ver\u00e4nderungen<\/strong><\/h4>\n<p>Wenn Sie Ihre M\u00f6bel regelm\u00e4\u00dfig umstellen, k\u00f6nnen Sie eine Ver\u00e4nderung im Verhalten Ihrer Maine Coon feststellen. Manche reagieren extrem empfindlich auf Ver\u00e4nderungen in ihrer Umgebung, was zu Stress und unerw\u00fcnschtem Verhalten f\u00fchren kann. Halten Sie Ihre Katze bei Laune, indem Sie ihre Umgebung so weit wie m\u00f6glich unver\u00e4ndert beibehalten.<\/p>\n<h4>3. Lassen Sie Wohnungskatzen Platz f\u00fcr Bewegung<\/h4>\n<p>Maine Coons stecken voller Energie und brauchen viel Platz, um sich zu verausgaben. Wenn Sie eine Wohnungskatze haben, achten Sie darauf, dass Sie sie nicht in einem kleinen Bereich einsperren.<\/p>\n<p>Wenn Sie eine Treppe haben, lassen Sie Ihrer Katze die Freiheit, diese hinauf und hinunter zu laufen. Wenn Sie einen langen Korridor haben, wird Ihre Katze es genie\u00dfen, dort hin und her zu laufen.<\/p>\n<p>Wenn Ihre Katze ihre nat\u00fcrliche Energie auf diese Weise ausleben kann, wird sie viel gl\u00fccklicher sein und weniger wahrscheinlich an Ihren M\u00f6beln kratzen. Die meisten Katzen machen Dinge nur kaputt, um aufgestaute Energie abzubauen.<\/p>\n<h4><strong>4. Bieten Sie Ihrer Katze etwas zum Kratzen an<\/strong><\/h4>\n<p>Maine Coons haben scharfe Krallen, die eine Menge Schaden anrichten k\u00f6nnen. Wenn Sie versuchen, Ihre Maine Coon daran zu hindern, an Dingen zu kratzen, werden Sie den Kampf h\u00f6chstwahrscheinlich verlieren.<\/p>\n<p>Ihre einzige Hoffnung besteht darin, Ihrer Katze einen sch\u00f6nen, stabilen Kratzbaum oder -pfosten zu kaufen und sie vom ersten Tag an dazu zu ermutigen, ihn auch zu benutzen. Selbst dann wird sie jedoch wahrscheinlich immer noch von Zeit zu Zeit an anderen Dingen kratzen.<\/p>\n<p>Kratzen ist ein v\u00f6llig nat\u00fcrliches, instinktives Verhalten und dient mehreren Zwecken: zum Entfernen der abgestorbenen \u00e4u\u00dferen Krallenschicht, zum Markieren des Territoriums durch Hinterlassen eines sichtbaren Zeichens und eines Geruchs, zum Dehnen der Muskeln und zum Bewegen der F\u00fc\u00dfe und Krallen.<\/p>\n<p>Seien Sie niemals b\u00f6se oder bestrafen Sie Ihre Katze, wenn sie kratzt, denn sie wird es nicht verstehen, aber es wird sie belasten. Die M\u00f6glichkeit, zu kratzen und sich zu strecken, macht Ihre Katze gl\u00fccklich.<\/p>\n<h4>5. Investieren Sie in einen Kletterbaum<\/h4>\n<p>Ein Kletterbaum ist eine super Sache, besonders f\u00fcr Maine Coons im Haus. Katzen lieben es, zu klettern und zu springen, und ein Kletterbaum ist der perfekte Ort, an dem sie ihre aufgestaute Energie ausleben k\u00f6nnen.<\/p>\n<p>Gute Kletterb\u00e4ume f\u00fcr den Innenbereich bieten Sitzstangen und Boxen, in denen Katzen schlafen oder sich entspannen k\u00f6nnen. Achten Sie nur darauf, dass Sie einen stabilen Baum ausw\u00e4hlen, der nicht umkippen kann. Wenn Sie ein Heimwerkerexperte sind (oder jemanden kennen, der es ist), k\u00f6nnen Sie Ihre eigenen Kletterkreationen bauen oder mit Teppich ausgelegte Regale und Sitzstangen an beliebigen Stellen an den W\u00e4nden anbringen &#8211; Ihre Maine Coon Katze wird es lieben, darauf herumzukrabbeln.<\/p>\n<h2>Entfernen Sie Ihrer Maine Coon nicht die Krallen!<\/h2>\n<p>Vermeiden Sie es unter allen Umst\u00e4nden, Ihrer Maine Coon die Krallen zu entfernen. Wenn Ihre Katze die M\u00f6bel zerkratzt, kann es gut sein, dass sie sich langweilt oder sich ignoriert f\u00fchlt und wei\u00df, dass dies Ihre Aufmerksamkeit erregen wird.<\/p>\n<p>Katzen brauchen ihre Krallen aus verschiedenen Gr\u00fcnden, z. B. zum Schutz, zum Greifen beim Klettern, um ihre Muskeln richtig zu dehnen und zu konditionieren und um sich zu kratzen, um Juckreiz zu lindern.<\/p>\n<p>Um eine Katze zu entkrallen, entfernt der Tierarzt das erste Gelenk jeder Zehe. Versuchen Sie sich vorzustellen, welche Schmerzen eine Katze erleidet, w\u00e4hrend sie sich von dieser Operation erholt. Und dann stellen Sie sich vor, dass sie lernen muss, mit diesen fehlenden Gelenken an jedem Zeh zu laufen.<\/p>\n<p>Ohne Krallen wird Ihre Katze nicht mehr in der Lage sein, ihre Muskeln angemessen zu strecken und zu beugen. Viele Menschen berichten, dass ihre Katzen nach dieser Operation b\u00f6sartiger werden und dazu neigen, mehr zu bei\u00dfen.<\/p>\n<p>Ein paar zerkratzte M\u00f6bel m\u00fcssen Sie vielleicht in Kauf nehmen, wenn Sie eine Maine Coon besitzen. Aber Ihre Katze wird ohne ihre Krallen definitiv nicht gl\u00fccklich sein.<\/p>\n<h2>Weitere Artikel zu Maine Coon Katzen<\/h2>\n<ul>\n<li><a href=\"https:\/\/tierisch-verliebt.de\/magazin\/maine-coon-charakter\/\">Charakter der Maine Coon Katze<\/a><\/li>\n<li><a href=\"https:\/\/tierisch-verliebt.de\/magazin\/maine-coon-pflege\/\">Die richtige Pflege der Maine Coon<\/a><\/li>\n<li><a href=\"https:\/\/tierisch-verliebt.de\/magazin\/maine-coon-ernaehrung\/\">Was ist die beste Ern\u00e4hrung f\u00fcr Ihre Maine Coon Katze<\/a><\/li>\n<li><a href=\"https:\/\/tierisch-verliebt.de\/magazin\/maine-coon-wissenswertes\/\">Wissenswertes \u00fcber Maine Coon Katze<\/a><\/li>\n<li><a href=\"https:\/\/tierisch-verliebt.de\/magazin\/maine-coon-inzucht\/\">Inzucht &#8211; Wieviel Inzucht darf bei einer Maine Coon Katze sein?<\/a><\/li>\n<\/ul>\n","protected":false},"excerpt":{"rendered":"<p>Die Maine Coon ist eine der gr\u00f6\u00dften Hauskatzenrassen und wird deshalb auch als sanfter Riese bezeichnet. Main Coon Katzen sind<\/p>\n","protected":false},"author":2,"featured_media":1695,"parent":0,"menu_order":0,"comment_status":"closed","ping_status":"closed","template":"","meta":{"ngg_post_thumbnail":0,"footnotes":""},"class_list":["post-1694","page","type-page","status-publish","has-post-thumbnail","hentry","comments-off"],"aioseo_notices":[],"_links":{"self":[{"href":"https:\/\/tierisch-verliebt.de\/magazin\/wp-json\/wp\/v2\/pages\/1694","targetHints":{"allow":["GET"]}}],"collection":[{"href":"https:\/\/tierisch-verliebt.de\/magazin\/wp-json\/wp\/v2\/pages"}],"about":[{"href":"https:\/\/tierisch-verliebt.de\/magazin\/wp-json\/wp\/v2\/types\/page"}],"author":[{"embeddable":true,"href":"https:\/\/tierisch-verliebt.de\/magazin\/wp-json\/wp\/v2\/users\/2"}],"replies":[{"embeddable":true,"href":"https:\/\/tierisch-verliebt.de\/magazin\/wp-json\/wp\/v2\/comments?post=1694"}],"version-history":[{"count":5,"href":"https:\/\/tierisch-verliebt.de\/magazin\/wp-json\/wp\/v2\/pages\/1694\/revisions"}],"predecessor-version":[{"id":1792,"href":"https:\/\/tierisch-verliebt.de\/magazin\/wp-json\/wp\/v2\/pages\/1694\/revisions\/1792"}],"wp:featuredmedia":[{"embeddable":true,"href":"https:\/\/tierisch-verliebt.de\/magazin\/wp-json\/wp\/v2\/media\/1695"}],"wp:attachment":[{"href":"https:\/\/tierisch-verliebt.de\/magazin\/wp-json\/wp\/v2\/media?parent=1694"}],"curies":[{"name":"wp","href":"https:\/\/api.w.org\/{rel}","templated":true}]}}