{"id":1680,"date":"2022-09-16T12:05:04","date_gmt":"2022-09-16T10:05:04","guid":{"rendered":"https:\/\/tierisch-verliebt.de\/magazin\/?page_id=1680"},"modified":"2022-09-19T22:07:27","modified_gmt":"2022-09-19T20:07:27","slug":"havaneser-geeignete-aktivitaeten","status":"publish","type":"page","link":"https:\/\/tierisch-verliebt.de\/magazin\/havaneser-geeignete-aktivitaeten\/","title":{"rendered":"Geeignete Aktivit\u00e4ten &#8211; So h\u00e4lst du deinen Havaneser fit"},"content":{"rendered":"<h2>K\u00f6rperliche Auslastung durch ausgedehnte Spazierg\u00e4nge<\/h2>\n<p>Um den Havaneser fit zu halten sind ausgiebige und ausgedehnte Spazierg\u00e4nge ein absolutes Muss. Der Havaneser hat das Bed\u00fcrfnis sich k\u00f6rperlich auszupowern. Bereits im Welpenalter darf die Bewegung daher nicht zu kurz kommen.<br \/>\n<!--more--><\/p>\n<p>Sie sorgt f\u00fcr eine gesunde k\u00f6rperliche Entwicklung des Nachwuchses. Durch die k\u00f6rperliche Auslastung wird das Immunsystem des Hundes gest\u00e4rkt, der Hund ist infolge unanf\u00e4lliger f\u00fcr Krankheiten. Die Muskeln, der Kreislauf und das Herz sollen durch die Bewegung gest\u00e4rkt werden. Ganz nach dem Motto: wer rastet, der rostet! Vorsicht ist allerdings bei Welpen oder Junghunden geboten, hier sollte nicht \u00fcbertrieben und die Bewegung in Ma\u00dfen ausge\u00fcbt werden, denn ihr Muskelapparat befindet sich noch im Aufbau. Und auch bei \u00e4lteren Hunden, den Senioren, darf ruhig ein Gang runtergeschaltet werden.<\/p>\n<p>Ausgedehnte Spazierg\u00e4nge helfen den t\u00e4glichen Bewegungsbedarf zu befriedigen. Doch ein Spaziergang ist nicht gleich ein Spaziergang. Ein stupides \u201eNebenherlaufen\u201c sollte tunlichst vermieden werden. Der Abwechslung halber sollte immer wieder eine neue Gegend erkundet werden. Auch kann das Lieblingsspielzeug des Havanesers zur t\u00e4glichen Gassirunde mitgenommen oder w\u00e4hrend des Spaziergangs ein Futterdummy geworfen werden. Auch Baumst\u00e4mme oder sonstige Hindernisse k\u00f6nnen als Parcours genutzt werden, um damit den Spaziergang abwechslungsreicher zu gestalten. Der Havaneser sollte beim Gassigehen aber auch einfach mal in Ruhe gelassen werden. Er sollte die Gegend nach Herzenslust erschn\u00fcffeln k\u00f6nnen, denn er m\u00f6chte die Umgebung in Ruhe erkunden und braucht daf\u00fcr auch ein gem\u00e4chliches Tempo seiner menschlichen Begleitung.<\/p>\n<h2>Geistige Auslastung &#8211; geistige Besch\u00e4ftigung<\/h2>\n<p>Neben der k\u00f6rperlichen Auslastung darf die geistige Auslastung selbstverst\u00e4ndlich nicht fehlen. Eine weitere M\u00f6glichkeit den Havaneser auszulasten, ist die k\u00f6rperliche Bewegung und die geistige Auslastung miteinander zu verbinden, wie z.B. beim Hundesport. Der Havaneser ist nicht der typische Hund f\u00fcr den beliebten Sport \u201eAgility\u201c, dennoch haben die meisten viel Spa\u00df bei der Aus\u00fcbung, da der Sport viel Abwechslung bringt.<\/p>\n<p>Das geistige Potenzial kann aber auch durch Spiele, wie z.B. Apportieren, Klickertraining, Gehorsamsspielen oder das Anlernen von Tricks ausgelastet und gef\u00f6rdert werden. Der Hund muss immer wieder vor mentale Aufgaben gestellt und zum Mitdenken animiert werden. Dabei sollte immer nach dem Belohnungsprinzip trainiert werden. Das bedeutet, dass der Hund allein durch positive Anreize best\u00e4rkt wird. Auch hier sollte eine \u00dcberforderung vermieden werden, indem bspw. schrittweise an die Tricks herangearbeitet wird. Da der Havaneser eine schnelle Auffassungsgabe besitzt, wird sich der Trainingserfolg recht schnell einstellen.<\/p>\n<h2>Soziale Kontakte \u2013 Ausgeglichenheit durch Kontakt mit Artgenossen<\/h2>\n<p>Wie auch alle anderen Hunderassen ist der Havaneser ein Rudeltier, der den Kontakt zu seinesgleichen sucht und auch braucht. Neben der k\u00f6rperlichen und geistigen Auslastung sollte also darauf geachtet werden, dass diesem Bed\u00fcrfnis des Vierbeiners ausreichend Sorge getragen wird. Die sozialen Kontakte sollten m\u00f6glichst bereits im Welpenalter ausgelebt werden k\u00f6nnen. Denn in der Pr\u00e4gungsphase lernt der Havaneser, wie er sich gegen\u00fcber seinen Artgenossen zu verhalten hat. Von ihnen lernt er einen gewissen Verhaltenskodex, den er nicht von seinen menschlichen Partnern erlernen kann. Bleibt die soziale Interaktion des Hundes aus, f\u00fchrt fehlendes Sozialverhalten unwillk\u00fcrlich zur Unsicherheit und infolge zur seelischen Unzufriedenheit des Havanesers und gegebenenfalls zu einer ungl\u00fccklichen inneren Haltung des Vierbeiners. Dieser seelische Stress schl\u00e4gt sich wiederum auf die Gesundheit des Havanesers aus und kann k\u00f6rperliche Folgen haben. Der Hund wird zunehmend nerv\u00f6ser, Allergien treten auf, Haarausfall oder auch Gewichtsverlust sind m\u00f6gliche Folgen des seelischen Ungleichgewichts.<\/p>\n<p>Die sozialen Kontakte k\u00f6nnen in Hundeparks oder in speziellen Hundegruppen, die sich regelm\u00e4\u00dfig treffen, ausgelebt werden. Auch Wanderungen, die speziell f\u00fcr Hundef\u00fchrer angeboten werden sind eine gute M\u00f6glichkeit bestehende Sozialkontakte zu f\u00f6rdern oder neue Bekanntschaften zu schlie\u00dfen.<br \/>\nDamit sollte neben der k\u00f6rperlichen und der geistigen Auslastung die sozialen Kontakte nicht zu kurz kommen. Denn nur wenn alle drei Komponenten miteinander vereint sind, ist der Havaneser optimal ausgelastet und kann fit und gesund gehalten werden.<\/p>\n<h2>Weitere Artikel zu Havaneser Hunden<\/h2>\n<ul>\n<li><a href=\"https:\/\/tierisch-verliebt.de\/magazin\/havaneser-herkunft-geschichte\/\">Der Havaneser, seine Reise nach Kuba und zur\u00fcck<\/a><\/li>\n<li><a href=\"https:\/\/tierisch-verliebt.de\/magazin\/havaneser-charakter\/\">Havaneser-Hunde &#8211; Charakter<\/a><\/li>\n<li><a href=\"https:\/\/tierisch-verliebt.de\/magazin\/havaneser-pflege\/\">Die Pflege der Havaneser<\/a><\/li>\n<li><a href=\"https:\/\/tierisch-verliebt.de\/magazin\/havaneser-ernaehrung\/\">Havaneser Ern\u00e4hrung &#8211; So f\u00fctterst du optimal<\/a><\/li>\n<li><a href=\"https:\/\/tierisch-verliebt.de\/magazin\/havaneser-zucht\/\">Havaneser-Hunde &#8211; Zucht &amp; Z\u00fcchter &#8211; Das gilt es zu beachten<\/a><\/li>\n<\/ul>\n","protected":false},"excerpt":{"rendered":"<p>K\u00f6rperliche Auslastung durch ausgedehnte Spazierg\u00e4nge Um den Havaneser fit zu halten sind ausgiebige und ausgedehnte Spazierg\u00e4nge ein absolutes Muss. Der<\/p>\n","protected":false},"author":2,"featured_media":1681,"parent":0,"menu_order":0,"comment_status":"closed","ping_status":"closed","template":"","meta":{"ngg_post_thumbnail":0,"footnotes":""},"class_list":["post-1680","page","type-page","status-publish","has-post-thumbnail","hentry","comments-off"],"aioseo_notices":[],"_links":{"self":[{"href":"https:\/\/tierisch-verliebt.de\/magazin\/wp-json\/wp\/v2\/pages\/1680","targetHints":{"allow":["GET"]}}],"collection":[{"href":"https:\/\/tierisch-verliebt.de\/magazin\/wp-json\/wp\/v2\/pages"}],"about":[{"href":"https:\/\/tierisch-verliebt.de\/magazin\/wp-json\/wp\/v2\/types\/page"}],"author":[{"embeddable":true,"href":"https:\/\/tierisch-verliebt.de\/magazin\/wp-json\/wp\/v2\/users\/2"}],"replies":[{"embeddable":true,"href":"https:\/\/tierisch-verliebt.de\/magazin\/wp-json\/wp\/v2\/comments?post=1680"}],"version-history":[{"count":2,"href":"https:\/\/tierisch-verliebt.de\/magazin\/wp-json\/wp\/v2\/pages\/1680\/revisions"}],"predecessor-version":[{"id":1774,"href":"https:\/\/tierisch-verliebt.de\/magazin\/wp-json\/wp\/v2\/pages\/1680\/revisions\/1774"}],"wp:featuredmedia":[{"embeddable":true,"href":"https:\/\/tierisch-verliebt.de\/magazin\/wp-json\/wp\/v2\/media\/1681"}],"wp:attachment":[{"href":"https:\/\/tierisch-verliebt.de\/magazin\/wp-json\/wp\/v2\/media?parent=1680"}],"curies":[{"name":"wp","href":"https:\/\/api.w.org\/{rel}","templated":true}]}}