{"id":1163,"date":"2020-04-15T09:08:47","date_gmt":"2020-04-15T07:08:47","guid":{"rendered":"https:\/\/tierisch-verliebt.de\/magazin\/?page_id=1163"},"modified":"2020-10-19T20:42:56","modified_gmt":"2020-10-19T18:42:56","slug":"sokoke","status":"publish","type":"page","link":"https:\/\/tierisch-verliebt.de\/magazin\/sokoke\/","title":{"rendered":"Eine Katze f\u00fcr gesellige Menschen: Portrait zu Katzenrasse Sokoke"},"content":{"rendered":"<h2>Wer Wildtiere liebt, wird diese Katzenrasse m\u00f6gen<\/h2>\n<p>Die Katzenrasse Sokoke ist immer noch sehr selten. Die Sokoke ist eine robuste geschmeidige Katze. Sie wird erst seit rund 40 Jahren bei uns in Europa gez\u00fcchtet, urspr\u00fcnglich stammt sie aus Kenia. Eine sch\u00f6ne Katze ist die mittelgro\u00dfe Sokoke. Ihr muskul\u00f6ser K\u00f6rper wird gepr\u00e4gt von langen Linien und starken Knochen. Ihr Schwanz wird zur Spitze hin immer d\u00fcnner, w\u00e4hrend ihr dreieckig geformter Kopf gro\u00dfe, breite Ohren hat und im Verh\u00e4ltnis zum K\u00f6rper relativ klein ist. Ihre gro\u00dfen, schr\u00e4g stehenden Augen liegen weit auseinander und sind mandelf\u00f6rmig. Die Augenfarbe der Sokoke variiert von gr\u00fcn bis zu Goldt\u00f6nen. Ihr sch\u00f6nes Fell gibt der Sokoke zudem ein exotisches Aussehen. Bei guter und gesunder Ern\u00e4hrung gl\u00e4nzt das Fell wundersch\u00f6n. Hier nun das vollst\u00e4ndige Portrait zu dieser Rasse.<\/p>\n\n<h2>Steckbrief<\/h2>\n<p><img decoding=\"async\" alt=\"check\" src=\"https:\/\/tierisch-verliebt.de\/magazin\/wp-content\/uploads\/2019\/06\/check-icon-16.png\"> <strong>Name<\/strong>: Sokoke (African Shorthair)<br \/>\n<img decoding=\"async\" alt=\"check\" src=\"https:\/\/tierisch-verliebt.de\/magazin\/wp-content\/uploads\/2019\/06\/check-icon-16.png\"> <strong>Wissenschaftlicher Name<\/strong>: Felis catus<br \/>\n<img decoding=\"async\" alt=\"check\" src=\"https:\/\/tierisch-verliebt.de\/magazin\/wp-content\/uploads\/2019\/06\/check-icon-16.png\"> <strong>Herkunft<\/strong>: Kenia<br \/>\n<img decoding=\"async\" alt=\"check\" src=\"https:\/\/tierisch-verliebt.de\/magazin\/wp-content\/uploads\/2019\/06\/check-icon-16.png\"> <strong>Lebenserwartung<\/strong>: 12 &#8211; 16 Jahre<br \/>\n<img decoding=\"async\" alt=\"check\" src=\"https:\/\/tierisch-verliebt.de\/magazin\/wp-content\/uploads\/2019\/06\/check-icon-16.png\"> <strong>Gewicht<\/strong>: 3 \u2013 6 kg<br \/>\n<img decoding=\"async\" alt=\"check\" src=\"https:\/\/tierisch-verliebt.de\/magazin\/wp-content\/uploads\/2019\/06\/check-icon-16.png\"> <strong>Fellfarben<\/strong>:  schwarzbraun bis gold mit Tabby-Muster<br \/>\n<img decoding=\"async\" alt=\"check\" src=\"https:\/\/tierisch-verliebt.de\/magazin\/wp-content\/uploads\/2019\/06\/check-icon-16.png\"> <strong>Charakter<\/strong>: \tlebendig, schnell, klettert gern und gut, verspielt und verschmust<br \/>\n<img decoding=\"async\" alt=\"check\" src=\"https:\/\/tierisch-verliebt.de\/magazin\/wp-content\/uploads\/2019\/06\/check-icon-16.png\"> <strong>Kosten<\/strong>: Zwischen 1.500 &#038; 1.800 Euro<\/p>\n<h2>Die Herkunft und die Geschichte der Sokoke<\/h2>\n<p>Im Jahre 1978 wurde die Rasse im Khadzonzo in Kenia entdeckt. Die Menschen dort nannten sie ob ihres Felles so, denn der Name bedeutet \u00fcbersetzt \u201eAussehen wie Baumrinde\u201c. Die D\u00e4nin Jenny Slater fand einen Wurf der K\u00e4tzchen auf einer Kokospalmen &#8211; Plantage im Arabuko \u2013 Sokok\u00e9 Regenwald an der Ostk\u00fcste von Kenia. Sie behielt die kleinen K\u00e4tzchen und zog zwei von ihnen gro\u00df. Ihrer Freundin Gloria Moeldrum gefielen die Katzen so gut, dass sie immer wieder einige der Exemplare mit nach D\u00e4nemark nahm, z\u00fcchtete und verkaufte. Die F\u00e9d\u00e9ration Internationale F\u00e9line (FIFe), eine internationale Dachorganisation von Katzenzuchtverb\u00e4nden, ernannte die Sokoke 2003 zur neuen Rasse der TICA. Bereits 1984 wurde eine der Katzen dieser neuen Rasse auf einer Ausstellung in Kopenhagen gezeigt. Heute werden die sogenannten Khadzono-Katzen in D\u00e4nemark, Norwegen, den USA und Kanada gez\u00fcchtet und anschlie\u00dfend in die ganze Welt verkauft.<\/p>\n<h2>Ihr erfreulicher Charakter<\/h2>\n<p>Die Sokoke ist eine freundliche und auf Geselligkeit angelegte Katze, die gern spielt, dabei neugierig an allen und jeden herum schnuppert. Ihr gro\u00dfer Bewegungsdrang und ihr h\u00e4ufiges Mauze d\u00fcrften nicht jedermanns Sache sein, wer es gern ruhiger mag, sollte sich keine Sokoke zulegen. Menschen, die selbst gern Umgang mit anderen Zeitgenossen pflegen, Kinder und Tiere lieben, legen sich mit dieser sch\u00f6nen Katze einen kleinen Wildfang zu, der es ihnen stets danken wird. Denn neben Bewegung und Klettern, liebt die Sokoke das Schmusen.<\/p>\n<h2>Weitere Merkmale der Rasse Sokoke:<\/h2>\n<ul>\n<li>Kurzes, dichtes Fell ohne Unterwolle<\/li>\n<li>Gr\u00fcne oder bernsteinfarbene Augen<\/li>\n<li>Fell ist gestreift und memoriert (Blotched Tabby)<\/li>\n<li>Farbe des Fells ist Schwarzbraun bis Gold mit Tabby \u2013 Muster<\/li>\n<li>Mittelgro\u00df mit ovalen Pfoten<\/li>\n<li>ihre Nase ist breit und gerade mit rotem Nasenspiegel<\/li>\n<li>Lange, kr\u00e4ftige Beine<\/li>\n<li>Reagiert empfindlich auf K\u00e4lte<\/li>\n<li>Lebenserwartung liegt bei 12 bis 14 Jahren<\/li>\n<\/ul>\n<h2>Die geeignete Ern\u00e4hrung f\u00fcr eine Sokoke<\/h2>\n<p>Was ist denn die beste Ern\u00e4hrung f\u00fcr diese sch\u00f6ne athletische Katze? Immer noch eine Maus, denn diese enth\u00e4lt alles, was eine Katze braucht. Die Sokoke verf\u00fcgt \u00fcber einen gro\u00dfen, gesunden Appetit. Bewegung ist also wichtig, damit sie kein \u00fcbersch\u00fcssiges Fett ansetzt, aber auch die richtige Ern\u00e4hrung f\u00fcr ihren Bewegungsdrang. Ihr hochwertiges <a href=\"https:\/\/tierisch-verliebt.de\/magazin\/katzenfutter-im-test\/\">Futter<\/a> sollte daher rationiert werden. Die Katze frisst sowohl Nass- als auch Trockenfutter. Am liebsten frisst die Katzenart Sokoken Huhn, Kaninchen oder Rind. Hier sollte der oder die Halterin leicht verdaulichem Fleisch den Vorrang geben. Rohes Fleisch sollte den Katzen eher selten gegeben werden, da oft Parasiten enthalten sind und es Krankheiten hervorrufen kann. Ebenso sollte vegetarische Kost nicht auf dem Speiseplan fehlen, wie hin und wieder Katzengras oder Katzenminze. \u00dcbrigens mag auch keine Katze das ewig gleiche Futter, Abwechslung muss sein!<\/p>\n<h2>Einige Tipps vor der Anschaffung dieser Katzenart<\/h2>\n<p>Die Sokoke ist eine athletische Katze. Sie ben\u00f6tigt viel Bewegung. Klettern ist ihr Leben. Daher sollten Menschen, die nur \u00fcber eine kleine Wohnung verf\u00fcgen, eher auf den Kauf dieser Katze verzichten. Denn sie braucht viel Platz und Raum f\u00fcr M\u00f6glichkeiten zum Auslaufen und Klettern. Au\u00dferdem ist die Katzenart sehr gesellig, allein zu Hause gef\u00e4llt es den Sokoken gar nicht. Die Katze ist daher wunderbar f\u00fcr Kinder geeignet. Sie spielt gern und das am liebsten in Gesellschaft, dabei ist sie stets aktiv. Auch den Umgang mit Hunden scheut sie nicht. Dabei spricht sie gern, das hei\u00dft sie mauzt viel. Die Katze schnuppert stets sehr gern und ist zudem neugierig, reibt sich gern an den Beinen ihrer Halter, ist Fremden gegen\u00fcber jedoch scheu. Die Sokoke ist neugierig, lebendig, aktiv, manchmal etwas laut, rennt und klettert ausgesprochen gern, der ideale Spielgef\u00e4hrte in einer Familie.<\/p>\n<h2>Die Voraussetzungen, die Kosten und der Platzbedarf f\u00fcr die Anschaffung<\/h2>\n<p>Die Katze ist teuer, mindestens 1500 \u20ac m\u00fcssen K\u00e4ufer f\u00fcr eine Sokoke auf den Tisch legen. Zudem sollte die Katze gegen Tollwut und Leukose, Katzenschnupfen und -seuche geimpft werden. Noch immer ist die Katze selten und wird nur in wenigen L\u00e4ndern der Welt gez\u00fcchtet, daher auch ihr hoher Preis. Vor dem Kauf sollte darauf geachtet werden, das die ausgew\u00e4hlte Sokoke ein Zertifikat \u00fcber ihre Echtheit besitzt, denn die Regeln f\u00fcr ihre Zucht sind sehr streng. Es d\u00fcrfen auch nur Sokoken miteinander gepaart werden. Nur wer \u00fcber viel Platz verf\u00fcgt, die M\u00f6glichkeit besitzt, der Katze Auslauf zu bieten, mindestens \u00fcber den entsprechenden Raum im Haus oder in der Wohnung verf\u00fcgt, einen Katzenbaum anzuschaffen und weitere Tiere oder eine Familie sein eigen nennt, sollte sich diese aktive Katze zulegen.<\/p>\n<h2>Welche Aktivit\u00e4ten mag die Katze?<\/h2>\n<p>Kurz gesagt, spielen, toben, schmusen und schnuppern. Allerdings liebt die Sokoke es im Gegensatz zu anderen Katzen auch schon einmal, nach Fischen im Teich zu tauchen oder Insekten auf B\u00e4umen zu jagen. Sie braucht wenig Pflege, wegen ihres dichten Kurzhaares, genie\u00dft es jedoch, wenn sie regelm\u00e4\u00dfig geb\u00fcrstet wird. Die Katze liebt andere Tiere, lebt gern in einer Familie und freut sich immer \u00fcber gesellige Mitmenschen. Die Sokoke ist daher eine Katze, mit der sich ihre Halter gern besch\u00e4ftigen sollten, denn dann besitzen sie eine gesunde, sch\u00f6ne und lebendige Katze.<\/p>\n","protected":false},"excerpt":{"rendered":"<p>Wer Wildtiere liebt, wird diese Katzenrasse m\u00f6gen Die Katzenrasse Sokoke ist immer noch sehr selten. Die Sokoke ist eine robuste<\/p>\n","protected":false},"author":2,"featured_media":0,"parent":0,"menu_order":0,"comment_status":"closed","ping_status":"closed","template":"","meta":{"ngg_post_thumbnail":0,"footnotes":""},"class_list":["post-1163","page","type-page","status-publish","hentry","comments-off"],"aioseo_notices":[],"_links":{"self":[{"href":"https:\/\/tierisch-verliebt.de\/magazin\/wp-json\/wp\/v2\/pages\/1163","targetHints":{"allow":["GET"]}}],"collection":[{"href":"https:\/\/tierisch-verliebt.de\/magazin\/wp-json\/wp\/v2\/pages"}],"about":[{"href":"https:\/\/tierisch-verliebt.de\/magazin\/wp-json\/wp\/v2\/types\/page"}],"author":[{"embeddable":true,"href":"https:\/\/tierisch-verliebt.de\/magazin\/wp-json\/wp\/v2\/users\/2"}],"replies":[{"embeddable":true,"href":"https:\/\/tierisch-verliebt.de\/magazin\/wp-json\/wp\/v2\/comments?post=1163"}],"version-history":[{"count":5,"href":"https:\/\/tierisch-verliebt.de\/magazin\/wp-json\/wp\/v2\/pages\/1163\/revisions"}],"predecessor-version":[{"id":1246,"href":"https:\/\/tierisch-verliebt.de\/magazin\/wp-json\/wp\/v2\/pages\/1163\/revisions\/1246"}],"wp:attachment":[{"href":"https:\/\/tierisch-verliebt.de\/magazin\/wp-json\/wp\/v2\/media?parent=1163"}],"curies":[{"name":"wp","href":"https:\/\/api.w.org\/{rel}","templated":true}]}}