{"id":1133,"date":"2020-04-06T09:44:34","date_gmt":"2020-04-06T07:44:34","guid":{"rendered":"https:\/\/tierisch-verliebt.de\/magazin\/?page_id=1133"},"modified":"2025-04-30T22:31:36","modified_gmt":"2025-04-30T20:31:36","slug":"american-wirehair","status":"publish","type":"page","link":"https:\/\/tierisch-verliebt.de\/magazin\/american-wirehair\/","title":{"rendered":"American Wirehair &#8211; Das Portrait"},"content":{"rendered":"<p>Die American Wirehair wird auch Amerikanische Drahthaarkatze genannt. Die ist eine <a href=\"https:\/\/tierisch-verliebt.de\/magazin\/hauskatze\/\">Hauskatzen<\/a>-Rasse, welche in New York entstand. Da es nicht viele Z\u00fcchter dieser Rasse gibt, ist diese Katzenart in Europa selten anzutreffen. Hier nun das vollst\u00e4ndige Portrait zu Rasse American Wirehair.<\/p>\n\n<h2>Steckbrief<\/h2>\n<p><img decoding=\"async\" alt=\"check\" src=\"https:\/\/tierisch-verliebt.de\/magazin\/wp-content\/uploads\/2019\/06\/check-icon-16.png\"> <strong>Name<\/strong>: American Wirehair (Amerikanische Drahthaarkatze)<br \/>\n<img decoding=\"async\" alt=\"check\" src=\"https:\/\/tierisch-verliebt.de\/magazin\/wp-content\/uploads\/2019\/06\/check-icon-16.png\"> <strong>Wissenschaftlicher Name<\/strong>: Felis catus<br \/>\n<img decoding=\"async\" alt=\"check\" src=\"https:\/\/tierisch-verliebt.de\/magazin\/wp-content\/uploads\/2019\/06\/check-icon-16.png\"> <strong>Herkunft<\/strong>: USA<br \/>\n<img decoding=\"async\" alt=\"check\" src=\"https:\/\/tierisch-verliebt.de\/magazin\/wp-content\/uploads\/2019\/06\/check-icon-16.png\"> <strong>Lebenserwartung<\/strong>: 14 &#8211; 16 Jahre<br \/>\n<img decoding=\"async\" alt=\"check\" src=\"https:\/\/tierisch-verliebt.de\/magazin\/wp-content\/uploads\/2019\/06\/check-icon-16.png\"> <strong>Gewicht<\/strong>: 2,5 \u2013 5 kg<br \/>\n<img decoding=\"async\" alt=\"check\" src=\"https:\/\/tierisch-verliebt.de\/magazin\/wp-content\/uploads\/2019\/06\/check-icon-16.png\"> <strong>Fellfarben<\/strong>: alle Farben au\u00dfer Chocolate, Cinnamon, Fawn, Lilac<br \/>\n<img decoding=\"async\" alt=\"check\" src=\"https:\/\/tierisch-verliebt.de\/magazin\/wp-content\/uploads\/2019\/06\/check-icon-16.png\"> <strong>Charakter<\/strong>: tolerant, intelligent, treu, lebensfreudig<br \/>\n<img decoding=\"async\" alt=\"check\" src=\"https:\/\/tierisch-verliebt.de\/magazin\/wp-content\/uploads\/2019\/06\/check-icon-16.png\"> <strong>Kosten<\/strong>: Zwischen 800 &amp; 1.200 Euro<\/p>\n<h2>Wesen und Charakter<\/h2>\n<p>Die American Wirehair ist bekannt daf\u00fcr, tolerant, intelligent, anh\u00e4nglich, unkompliziert, treu, neugierig und lebensfreudig zu sein. Deshalb eignet sie sich ideal als Haustier f\u00fcr Familien mit Kindern. Da sie auch gerne Freundschaften mit Artgenossen schlie\u00dft, ist sie auch kompatibel mit anderen Haustieren.<\/p>\n<p>Diese Katzenrasse ist sehr verspielt und liebt, neben dem Spiel im Haus, auch die Jagd im Freien. Jedoch wird sie, wenn man sie nur in der Wohnung h\u00e4lt, ungl\u00fccklich. Der Kratzbaum als einzige M\u00f6glichkeit zum Spielen und Klettern, macht sie nicht gl\u00fccklich. Deshalb braucht die Katze Freilauf und da sie seht sozial ist, braucht sie ebenso Artgenossen, mit denen sie sich austoben kann, daher sollte man sich bei der Anschaffung \u00fcberlegen, sich gleich eine zweite Katze anzuschaffen.<\/p>\n<h2>Herkunft &amp; Geschichte<\/h2>\n<p>Die American Wirehair hat einen \u00e4hnlichen Charakter und auch ein \u00e4hnliches \u00c4u\u00dferes wie die <a href=\"https:\/\/tierisch-verliebt.de\/magazin\/europaeisch-kurzhaar\/\">Europ\u00e4ische Kurzhaarkatze<\/a>. Die erste Katze dieser Art wurde 1966 Verona, in New York entdeckt. Der Kater hatte rotes und wei\u00dfes, drahtiges Fell. Dieses entstand aufgrund des Gendefektes. Eine Bewohnerin des Ortes nahm den Kater und benannte ihn &#8220;Council Rock Farm Adam of Hifi&#8221;. Die Frau startete ein Zuchtprogramm mit einer Wurfschwester &#8220;Tip-Toe of HiFi&#8221;. Aus dieser Paarung entstammten wiederum drahthaarige Nachkommen, welche an Z\u00fcchter in Kanada und Deutschland verkauft wurden. Seit 1967 ist die Rasse registriert. Jedoch vergingen Jahre bis die Anerkennung der &#8220;Cat Fanciers Association&#8221; erfolgte. Erst 1978 wurde die Rasse als American Shorthair aufgenommen. Da das Gen f\u00fcr das drahtige Fell vererbt wird, wird es an die H\u00e4lfte jedes Wurfes weitergegeben. Um eine Entstehung von Erbkrankheiten zu vermeiden, wird heutzutage noch immer die American Wirehair mit der Amerikanischen Kurzhaarkatze gekreutzt.<\/p>\n<h2>\u00dcberlegungen vor der Anschaffung<\/h2>\n<h4>Gesundheit und Pflege<\/h4>\n<p>Obwohl man sich m\u00f6glicherweise denkt, dass die Pflege eines solchen Fells viel Arbeit in Anspruch nimmt, ist die American Wirehair sehr pflegeleicht. Das Fell ben\u00f6tigt keinerlei besondere Zuwendung. Lediglich das B\u00fcrsten einmal w\u00f6chentlich ist n\u00f6tig und die Menge an verschluckbaren Haaren zu minimieren. Man kann, w\u00e4hrend der Fellwechselzeit, der Drahthaarkatze Katzengras anbieten, damit das verschluckte Haar wieder ausgeschieden werden kann. Einmal j\u00e4hrlich sollte man einen Gesundheitscheck beim Tierarzt machen, damit Lunge und Herz abgeh\u00f6rt und das Maul untersucht werden. Ebenso kann man sich wieder \u00fcber anstehende Impfungen und eine Ungezieferprophylaxe informieren. Ebenso ist die Katzenart bekannt daf\u00fcr, nur wenige gesundheitliche Probleme zu haben.<\/p>\n<h4>Haltung<\/h4>\n<p>Da die Katze sehr bewegungsfreudig ist, sollte man vor der Anschaffung sichergehen, der Katze auch dies bieten zu k\u00f6nnen was sie braucht- viel Platz und Abwechslung. In einer kleinen Wohnung wird sie sich nicht wohl f\u00fchlen. Auf jeden Fall sollte man einen Kratzbaum anschaffen und viele Spielzeuge bereit haben. Ideal w\u00e4ren eine Terrasse oder ein Garten, in welchem sich die K\u00e4tzchen austoben k\u00f6nnen. Bei hellfarbigen Katzen sollte man darauf achten, dass sie nicht zu sehr der UV-Strahlung ausgesetzt sind, da sie sehr empfindlich auf diese reagieren. Ebenso sollte man diese Katzenart nicht alleine lassen, sie hat gerne Menschen um sich und bestenfalls einen Artgenossen.<\/p>\n<h4>Kosten<\/h4>\n<p>Der Anschaffungspreis liegt zwischen 800 und 1.200 Euro. Der hohe Preis liegt daran, dass es in Europa eine sehr seltene Katzenart ist, weshalb es zu h\u00f6heren Preisen kommt. Um die t\u00e4glichen Bed\u00fcrfnisse der Katze zu stillen, sollte man ungef\u00e4hr 50 Euro monatlich einrechnen.<\/p>\n<p><img decoding=\"async\" class=\"alignnone size-large wp-image-3227\" src=\"https:\/\/tierisch-verliebt.de\/magazin\/wp-content\/uploads\/2025\/04\/American-Wirehair-1024x683.png\" alt=\"American Wirehair\" width=\"910\" height=\"607\" srcset=\"https:\/\/tierisch-verliebt.de\/magazin\/wp-content\/uploads\/2025\/04\/American-Wirehair-1024x683.png 1024w, https:\/\/tierisch-verliebt.de\/magazin\/wp-content\/uploads\/2025\/04\/American-Wirehair-300x200.png 300w, https:\/\/tierisch-verliebt.de\/magazin\/wp-content\/uploads\/2025\/04\/American-Wirehair-768x512.png 768w, https:\/\/tierisch-verliebt.de\/magazin\/wp-content\/uploads\/2025\/04\/American-Wirehair.png 1536w\" sizes=\"(max-width: 910px) 100vw, 910px\" \/>&nbsp;<\/p>\n<h2>Geeignete Aktivit\u00e4ten<\/h2>\n<p>Da die Katzen von Ihren Ahnen einen ausgepr\u00e4gten Jagdinstinkt geerbt hat, sollte man regelm\u00e4\u00dfig Versteckspielchen mit ihren Beutetieren machen. Darunter z\u00e4hlen V\u00f6gel und auch M\u00e4use. Der Jagdinstinkt wird somit gestillt und die Katze gleichzeitig gef\u00fcttert. Man sollte sie auch regelm\u00e4\u00dfig an die frische Luft bringen und ihr Auslauf gew\u00e4hren.<\/p>\n<h2>Rassemerkmale<\/h2>\n<p>Das Ber\u00fchmte der einzigartigen Rasse ist die drahtige Fellstruktur. Jedes Haar des Felles ist verbogen und an den Enden kr\u00e4useln sich die Haare. Die Schnurrbarthaare sind ebenfalls abgeknickt. Das Fell wirkt zerzaust und gleichzeitig kuschelig. Die Beine sind muskelhaft unf haben kr\u00e4ftige Pfoten. Das Gesicht ist rund und enth\u00e4lt hohe Backenknochen und eine massive Schnauze. Ihre Augen stehen weit auseinander und leicht schr\u00e4g. Die Augenfarbe kann jede beliebige sein- mit zwei Ausnahmen: Ist das Fell silberfarbig so ist nur eine gr\u00fcne Augenfarbe zugelassen- ebenso bei der Fellfarbe Brown Tabby nur goldfarbige Augen. Ebenso ist bei der Fellfarbe alles zugelassen au\u00dfer die Farben Chocolate, Cinnamon, Lilac und Fawn.<\/p>\n<p>Die American Wirehair erreichen eine Gr\u00f6\u00dfe zwischen 30 und 35 Zentimetern und wiegen zwischen drei und acht Kilogramm.<\/p>\n<h2>Geeignete Ern\u00e4hrung<\/h2>\n<p>Diese Katzenrasse profitiert von einer proteinreichen Ern\u00e4hrung. Da Katzen von Natur aus Fleischfresser sind, k\u00f6nnen die American Wirehair die Kohlenhydrate nur begrenzt verwerten. Das Trockenfutter enth\u00e4lt viele pflanzliche Bestandteile, die f\u00fcr feste Kroketten sorgt.<\/p>\n<p>Darum sollte man beim Futterkauf auf folgendes achten: An oberster Stelle der Zutatenliste im <a href=\"https:\/\/tierisch-verliebt.de\/magazin\/katzenfutter-im-test\/\">Futter<\/a> sollte Fleisch stehen. Ebenso wichtig wie Muskelfleisch sind Innereien. Es ist auch nichts falsch daran, das Futter f\u00fcr die Katze selber zu kochen. Es gibt mittlerweile viele Ratgeber dazu und auch Shops, in denen man rohes Fleisch und auch Nahrungserg\u00e4nzungen f\u00fcr die Vierbeiner kaufen kann.<\/p>\n<p><img decoding=\"async\" class=\"alignnone size-large wp-image-3228\" src=\"https:\/\/tierisch-verliebt.de\/magazin\/wp-content\/uploads\/2025\/04\/American-Wirehair2-1024x683.png\" alt=\"American Wirehair2\" width=\"910\" height=\"607\" srcset=\"https:\/\/tierisch-verliebt.de\/magazin\/wp-content\/uploads\/2025\/04\/American-Wirehair2-1024x683.png 1024w, https:\/\/tierisch-verliebt.de\/magazin\/wp-content\/uploads\/2025\/04\/American-Wirehair2-300x200.png 300w, https:\/\/tierisch-verliebt.de\/magazin\/wp-content\/uploads\/2025\/04\/American-Wirehair2-768x512.png 768w, https:\/\/tierisch-verliebt.de\/magazin\/wp-content\/uploads\/2025\/04\/American-Wirehair2.png 1536w\" sizes=\"(max-width: 910px) 100vw, 910px\" \/><\/p>\n<h2><span id=\"FAQ\">FAQ<\/span><\/h2>\n<h3 data-start=\"484\" data-end=\"751\">Ist die American Wirehair f\u00fcr Anf\u00e4nger geeignet?<\/h3>\n<p data-start=\"484\" data-end=\"751\">Ja \u2013 sie gilt als unkompliziert, robust und pflegeleicht. Wer bereit ist, Freigang zu erm\u00f6glichen und sich regelm\u00e4\u00dfig mit ihr zu besch\u00e4ftigen, findet in ihr eine ideale Familienkatze \u2013 auch f\u00fcr Anf\u00e4nger geeignet.<\/p>\n<h3 data-start=\"753\" data-end=\"978\">Wie oft sollte die American Wirehair geb\u00fcrstet werden?<\/h3>\n<p data-start=\"753\" data-end=\"978\">Einmal w\u00f6chentlich reicht vollkommen aus. W\u00e4hrend des Fellwechsels kann etwas mehr Pflege n\u00f6tig sein, insbesondere wenn sich lose Haare im drahtigen Fell verfangen.<\/p>\n<h3 data-start=\"980\" data-end=\"1164\"><strong data-start=\"980\" data-end=\"1035\">Vertragen sich American Wirehair Katzen mit Hunden?<\/strong><\/h3>\n<p data-start=\"980\" data-end=\"1164\">In der Regel ja. Sie sind tolerant und sozial, besonders wenn der Hund katzenvertr\u00e4glich und die Eingew\u00f6hnung langsam erfolgt.<\/p>\n<h3 data-start=\"1469\" data-end=\"1634\"><strong data-start=\"1469\" data-end=\"1526\">Wie viel Schlaf braucht eine American Wirehair Katze?<\/strong><\/h3>\n<p data-start=\"1469\" data-end=\"1634\">Wie die meisten Katzen schl\u00e4ft sie ca. 12\u201316 Stunden t\u00e4glich \u2013 in mehreren Etappen verteilt \u00fcber den Tag.<\/p>\n<h3 data-start=\"1636\" data-end=\"1799\">Wie alt werden American Wirehair Katzen im Durchschnitt?<\/h3>\n<p data-start=\"1636\" data-end=\"1799\">Mit guter Pflege und artgerechter Haltung erreichen sie in der Regel ein Alter von 14 bis 16 Jahren.<\/p>\n<p>&nbsp;<\/p>\n","protected":false},"excerpt":{"rendered":"<p>Die American Wirehair wird auch Amerikanische Drahthaarkatze genannt. Die ist eine Hauskatzen-Rasse, welche in New York entstand. Da es nicht<\/p>\n","protected":false},"author":2,"featured_media":0,"parent":0,"menu_order":0,"comment_status":"closed","ping_status":"closed","template":"","meta":{"ngg_post_thumbnail":0,"footnotes":""},"class_list":["post-1133","page","type-page","status-publish","hentry","comments-off"],"aioseo_notices":[],"_links":{"self":[{"href":"https:\/\/tierisch-verliebt.de\/magazin\/wp-json\/wp\/v2\/pages\/1133","targetHints":{"allow":["GET"]}}],"collection":[{"href":"https:\/\/tierisch-verliebt.de\/magazin\/wp-json\/wp\/v2\/pages"}],"about":[{"href":"https:\/\/tierisch-verliebt.de\/magazin\/wp-json\/wp\/v2\/types\/page"}],"author":[{"embeddable":true,"href":"https:\/\/tierisch-verliebt.de\/magazin\/wp-json\/wp\/v2\/users\/2"}],"replies":[{"embeddable":true,"href":"https:\/\/tierisch-verliebt.de\/magazin\/wp-json\/wp\/v2\/comments?post=1133"}],"version-history":[{"count":5,"href":"https:\/\/tierisch-verliebt.de\/magazin\/wp-json\/wp\/v2\/pages\/1133\/revisions"}],"predecessor-version":[{"id":3229,"href":"https:\/\/tierisch-verliebt.de\/magazin\/wp-json\/wp\/v2\/pages\/1133\/revisions\/3229"}],"wp:attachment":[{"href":"https:\/\/tierisch-verliebt.de\/magazin\/wp-json\/wp\/v2\/media?parent=1133"}],"curies":[{"name":"wp","href":"https:\/\/api.w.org\/{rel}","templated":true}]}}