{"id":1123,"date":"2020-03-31T15:12:45","date_gmt":"2020-03-31T13:12:45","guid":{"rendered":"https:\/\/tierisch-verliebt.de\/magazin\/?page_id=1123"},"modified":"2025-11-02T22:29:04","modified_gmt":"2025-11-02T21:29:04","slug":"javanese","status":"publish","type":"page","link":"https:\/\/tierisch-verliebt.de\/magazin\/javanese\/","title":{"rendered":"Javanese &#8211; Das Portrait"},"content":{"rendered":"<p>Die Javanesen, auch bekannt als Orientalische Langhaar-Katze oder Mandarin, ist eine Katze, wie der Name schon sagt, mit orientalischem Aussehen. Hier nun das vollst\u00e4ndige Portrait zu dieser Rasse.<\/p>\n\n<h2>Steckbrief<\/h2>\n<p><img decoding=\"async\" alt=\"check\" src=\"https:\/\/tierisch-verliebt.de\/magazin\/wp-content\/uploads\/2019\/06\/check-icon-16.png\"> <strong>Name<\/strong>: Javanese (Orientalische Langhaar-Katze, Mandarin)<br \/>\n<img decoding=\"async\" alt=\"check\" src=\"https:\/\/tierisch-verliebt.de\/magazin\/wp-content\/uploads\/2019\/06\/check-icon-16.png\"> <strong>Wissenschaftlicher Name<\/strong>: Felis catus<br \/>\n<img decoding=\"async\" alt=\"check\" src=\"https:\/\/tierisch-verliebt.de\/magazin\/wp-content\/uploads\/2019\/06\/check-icon-16.png\"> <strong>Herkunft<\/strong>: USA<br \/>\n<img decoding=\"async\" alt=\"check\" src=\"https:\/\/tierisch-verliebt.de\/magazin\/wp-content\/uploads\/2019\/06\/check-icon-16.png\"> <strong>Lebenserwartung<\/strong>: 14 &#8211; 20 Jahre<br \/>\n<img decoding=\"async\" alt=\"check\" src=\"https:\/\/tierisch-verliebt.de\/magazin\/wp-content\/uploads\/2019\/06\/check-icon-16.png\"> <strong>Gewicht<\/strong>: 3 \u2013 5 kg<br \/>\n<img decoding=\"async\" alt=\"check\" src=\"https:\/\/tierisch-verliebt.de\/magazin\/wp-content\/uploads\/2019\/06\/check-icon-16.png\"> <strong>Fellfarben<\/strong>: creme, schokoladenbraun, blue, fawn, schwarz, zimt, wei\u00df<br \/>\n<img decoding=\"async\" alt=\"check\" src=\"https:\/\/tierisch-verliebt.de\/magazin\/wp-content\/uploads\/2019\/06\/check-icon-16.png\"> <strong>Charakter<\/strong>: gesellig, lebhaft, anh\u00e4nglich, menschenbezogen<br \/>\n<img decoding=\"async\" alt=\"check\" src=\"https:\/\/tierisch-verliebt.de\/magazin\/wp-content\/uploads\/2019\/06\/check-icon-16.png\"> <strong>Kosten<\/strong>: Zwischen 900 &amp; 1.100 Euro<\/p>\n<h2>Wesen und Charakter<\/h2>\n<p>Die Katzenrasse Javanese ist bekannt daf\u00fcr sich sehr zum Menschen hingezogen zu f\u00fchlen und diese f\u00fcr die Katze im Mittelpunkt ihres Lebens stehen. Au\u00dferdem gelten sie als sehr anh\u00e4nglich und verschmust, die immer die N\u00e4he zu ihrer Bezugsperson suchen, die sie sich vorher selbst aussuchen. Da sie sich zudem sehr gerne und viel bewegen, spielen sie am liebsten, um ausreichend besch\u00e4ftigt zu werden.<\/p>\n<p>Javanesen wissen auch immer genau was sie m\u00f6chten. Dies \u00e4u\u00dfern sie mit verschiedenen Lauten, um ihre W\u00fcnsche und Bed\u00fcrfnisse befriedigt zu bekommen. Des Weiteren steht sie gerne im Mittelpunkt und m\u00f6chte den ganzen Tag Aufmerksamkeit.<\/p>\n<p>Sie kommt mit anderen Haustieren, generell anderen Tieren und allen Familienmitgliedern sehr gut aus und ist dabei dennoch sehr aufgeweckt und extrovertiert.<\/p>\n<p><img decoding=\"async\" class=\"alignnone size-full wp-image-3371\" src=\"https:\/\/tierisch-verliebt.de\/magazin\/wp-content\/uploads\/2025\/11\/Javanese.png\" alt=\"Javanese\" width=\"1024\" height=\"1024\" srcset=\"https:\/\/tierisch-verliebt.de\/magazin\/wp-content\/uploads\/2025\/11\/Javanese.png 1024w, https:\/\/tierisch-verliebt.de\/magazin\/wp-content\/uploads\/2025\/11\/Javanese-300x300.png 300w, https:\/\/tierisch-verliebt.de\/magazin\/wp-content\/uploads\/2025\/11\/Javanese-150x150.png 150w, https:\/\/tierisch-verliebt.de\/magazin\/wp-content\/uploads\/2025\/11\/Javanese-768x768.png 768w\" sizes=\"(max-width: 1024px) 100vw, 1024px\" \/><\/p>\n<h2>Herkunft und Geschichte<\/h2>\n<p>Die Javanesen haben ihren Ursprung nicht wie man vermuten konnte auf der Insel Java, sondern in den USA. Allerdings stammt ihr Name angeblich von den T\u00e4nzern der Insel Java ab.<\/p>\n<p>Die Zucht der Katzen begann in den USA in den 1960-Jahren, als die ersten W\u00fcrfe auftauchten, die besondere Fellzeichnungen hatten. Aufgrund dieser besonderen Eigenschaft wurde aus diesen W\u00fcrfen eine eigene Rasse ins Leben gerufen und die Zucht noch gezielter aufgenommen. Die offizielle Anerkennung der Rasse geschah dennoch erst knapp 20 Jahre sp\u00e4ter im Jahre 1979. Seit dem ist auch der alternative Name Mandarin g\u00e4ngig. In den USA ist sie jedoch bis heute keine offizielle Rasse und gilt dort nur als Variante der <a href=\"https:\/\/tierisch-verliebt.de\/magazin\/balinese\/\">Balinesen-Katzen<\/a>. Durch die deutlich unterschiedlichen Merkmale gerade in Bezug auf das Fell und der Augen hat sich jedoch in der Zwischenzeit der Name Javanese eher durchgesetzt.<\/p>\n<h2>\u00dcberlegungen vor der Anschaffung<\/h2>\n<p>Da die Katze sehr bewegungsfreudig und lebendig ist, ist es wichtig, dass man gen\u00fcgend Zeit f\u00fcr die Katze findet und nicht den ganzen Tag au\u00dfer Haus ist. Falls dies doch hin und wieder der Fall sein sollte, wenn man zum Beispiel arbeiten muss, sollte auf jeden Fall ein Kratzbaum mit verschiedenen Kletterm\u00f6glichkeiten in den eigenen R\u00e4umlichkeiten vorhanden sein. Auch ein Haus mit Garten w\u00e4re von Vorteil, sodass die Katze sich auch drau\u00dfen ungest\u00f6rt aufhalten kann und etwas Auslauf hat. Auch eine zweite Katze oder ein anderes zweites Haustier sind von Vorteil, da sich die Katze gerne in Gesellschaft befindet und nicht wirklich gerne alleine ist.<\/p>\n<p>Die Katze ist hingegen in der Pflege einfach zu handhaben und ben\u00f6tigt nicht mehr, als andere Katzen. Das Fell ist sehr pflegeleicht und muss nur ab und zu geb\u00fcrstet und noch seltener einmal gewachsen werden.<\/p>\n<h2>Geeignete Aktivit\u00e4ten<\/h2>\n<p>Da die Katze sich sehr viel bewegen m\u00f6chte eignen sich alle Aktivit\u00e4ten, die mit Bewegung zu tun haben. Dazu z\u00e4hlen unter anderem kleine Fangspiele in der Wohnung als auch in einem m\u00f6glichen Garten. Da die Javanesen auch sehr schlau und clever sind kann man zudem auch versuchen, der Katze leichte Tricks beizubringen. Aber auch regelm\u00e4\u00dfige Streichel- und Kuscheleinheiten manchmal als Besch\u00e4ftigung f\u00fcr die Katze v\u00f6llig ausreichen.<\/p>\n<p>Mit einem eigenen Kratzbaum kann sich die Katze eine Zeit lang zudem auch einmal alleine besch\u00e4ftigen, wenn sich sonst kein anderer in den R\u00e4umlichkeiten befindet.<\/p>\n<h2>Rassenmerkmale<\/h2>\n<p>Folgende Rassenmerkmale zeichnen die Katzenrasse Javanese aus:<\/p>\n<ul>\n<li>Herkunftsland: USA<\/li>\n<li>Gewicht: bis zu 3 kg (weiblich) und bis zu 5 kg (m\u00e4nnlich)<\/li>\n<li>Gr\u00f6\u00dfe: mittelgro\u00dfe Katze<\/li>\n<li>Lebenserwartung: bis maximal 20 Jahre<\/li>\n<li>Fellfarben: fast in allen Farben vorhanden, unter anderem in Schwarz, Chocolate und Creme; au\u00dferdem kann die Katze verschiedene Muster besitzen, zum Beispiel getupft, getigert oder getickt<\/li>\n<li>K\u00f6rperbau: schlank, lang gestreckt, muskul\u00f6s, ovale Pfoten, lange Beine, keilf\u00f6rmiger Kopf, der unten spitz zul\u00e4uft<\/li>\n<li>Augenfarbe: in der Regel gr\u00fcn, bei wei\u00dfem Fell oftmals blau<\/li>\n<\/ul>\n<p><img decoding=\"async\" class=\"alignnone size-large wp-image-3372\" src=\"https:\/\/tierisch-verliebt.de\/magazin\/wp-content\/uploads\/2025\/11\/Javanese2-683x1024.png\" alt=\"Javanese2\" width=\"683\" height=\"1024\" srcset=\"https:\/\/tierisch-verliebt.de\/magazin\/wp-content\/uploads\/2025\/11\/Javanese2-683x1024.png 683w, https:\/\/tierisch-verliebt.de\/magazin\/wp-content\/uploads\/2025\/11\/Javanese2-200x300.png 200w, https:\/\/tierisch-verliebt.de\/magazin\/wp-content\/uploads\/2025\/11\/Javanese2-768x1152.png 768w, https:\/\/tierisch-verliebt.de\/magazin\/wp-content\/uploads\/2025\/11\/Javanese2.png 1024w\" sizes=\"(max-width: 683px) 100vw, 683px\" \/><\/p>\n<h2>Geeignete Ern\u00e4hrung<\/h2>\n<p>Grunds\u00e4tzlich ist jede Katze verschieden und hat zudem individuelle Bed\u00fcrfnisse in Bezug auf die Ern\u00e4hrung. Deshalb ist es wichtig die Ern\u00e4hrung sowohl an das Alter als auch an die Lebensweise abzustimmen.<\/p>\n<p>Die Nahrung sollte auf jeden Fall sehr viel Fleisch enthalten, da die Javanesen Fleischliebhaber sind. Man sollte dabei darauf achten, dass das <a href=\"https:\/\/tierisch-verliebt.de\/magazin\/katzenfutter-im-test\/\">Futter<\/a> hochwertig ist und alle wichtige Mineralien und Vitamine enth\u00e4lt, um M\u00e4ngel in der Ern\u00e4hrung zu vermeiden. Da die Javanesen allerdings keine riesigen Anspr\u00fcche in Bezug auf das Futter stellen, sollte dies kein Problem f\u00fcr den Halter darstellen.<\/p>\n<h2 data-start=\"563\" data-end=\"593\"><strong data-start=\"567\" data-end=\"593\">FAQ<\/strong><\/h2>\n<h3 data-start=\"595\" data-end=\"894\"><strong data-start=\"595\" data-end=\"643\">Ist die Javanese als Wohnungskatze geeignet?<\/strong><\/h3>\n<p data-start=\"595\" data-end=\"894\">Ja. Die Javanese f\u00fchlt sich als Wohnungskatze sehr wohl, solange sie genug Bewegung, Kletterm\u00f6glichkeiten und vor allem sozialen Kontakt hat. Sie ist sehr menschenorientiert und braucht N\u00e4he \u2013 ein Haushalt, in dem oft jemand zuhause ist, ist ideal.<\/p>\n<h3 data-start=\"896\" data-end=\"1216\"><strong data-start=\"896\" data-end=\"930\">Braucht die Javanese Freigang?<\/strong><\/h3>\n<p data-start=\"896\" data-end=\"1216\">Freigang ist nicht zwingend notwendig. Da die Javanese h\u00e4ufig sehr zutraulich und wenig misstrauisch gegen\u00fcber Fremden ist, kann ungesicherter Freigang sogar gef\u00e4hrlich werden. Empfehlenswert sind ein <strong data-start=\"1134\" data-end=\"1156\">gesicherter Balkon<\/strong>, ein Katzenbaum und abwechslungsreich gestaltete Wohnr\u00e4ume.<\/p>\n<h3 data-start=\"1218\" data-end=\"1518\"><strong data-start=\"1218\" data-end=\"1264\">Kann die Javanese alleine gehalten werden?<\/strong><\/h3>\n<p data-start=\"1218\" data-end=\"1518\">Nur bedingt. Die Javanese ist extrem sozial und sucht aktiv die N\u00e4he von Menschen oder Artgenossen. Wird sie zu lange allein gelassen, kann sie ungl\u00fccklich oder sogar depressiv werden. F\u00fcr Berufst\u00e4tige ist <strong data-start=\"1473\" data-end=\"1489\">Zweithaltung<\/strong> fast immer die bessere Wahl.<\/p>\n<h3 data-start=\"1520\" data-end=\"1769\"><strong data-start=\"1520\" data-end=\"1560\">Ist die Javanese familienfreundlich?<\/strong><\/h3>\n<p data-start=\"1520\" data-end=\"1769\">Ja, die Javanese versteht sich meist hervorragend mit Kindern, die respektvoll und freundlich mit ihr umgehen. Sie ist verspielt, anh\u00e4nglich und sucht aktiv den Kontakt \u2013 eine gute Kombination f\u00fcr Familien.<\/p>\n<h3 data-start=\"1771\" data-end=\"2059\"><strong data-start=\"1771\" data-end=\"1841\">Wie vertr\u00e4gt sich die Javanese mit anderen Katzen oder Haustieren?<\/strong><\/h3>\n<p data-start=\"1771\" data-end=\"2059\">Sehr gut. Die Javanese ist kontaktfreudig und genie\u00dft Gesellschaft. Sie kommt h\u00e4ufig auch mit katzenfreundlichen Hunden gut zurecht. Sie \u00fcbernimmt oft sogar eine soziale \u201evermittelnde\u201c Rolle in Mehrkatzenhaushalten.<\/p>\n<h3 data-start=\"2061\" data-end=\"2367\"><strong data-start=\"2061\" data-end=\"2109\">Wie laut oder kommunikativ ist die Javanese?<\/strong><\/h3>\n<p data-start=\"2061\" data-end=\"2367\">Typisch orientalisch: <strong data-start=\"2134\" data-end=\"2156\">Sie spricht gerne.<\/strong><br data-start=\"2156\" data-end=\"2159\">Ihre Stimme ist dabei klar, melodisch und manchmal sehr expressiv. Sie \u201eerz\u00e4hlt\u201c, kommentiert und sucht aktiv Dialog mit ihren Menschen. Wer eine ruhige, stille Katze m\u00f6chte, ist mit dieser Rasse eher falsch.<\/p>\n","protected":false},"excerpt":{"rendered":"<p>Die Javanesen, auch bekannt als Orientalische Langhaar-Katze oder Mandarin, ist eine Katze, wie der Name schon sagt, mit orientalischem Aussehen.<\/p>\n","protected":false},"author":2,"featured_media":1124,"parent":0,"menu_order":0,"comment_status":"closed","ping_status":"closed","template":"","meta":{"ngg_post_thumbnail":0,"footnotes":""},"class_list":["post-1123","page","type-page","status-publish","has-post-thumbnail","hentry","comments-off"],"aioseo_notices":[],"_links":{"self":[{"href":"https:\/\/tierisch-verliebt.de\/magazin\/wp-json\/wp\/v2\/pages\/1123","targetHints":{"allow":["GET"]}}],"collection":[{"href":"https:\/\/tierisch-verliebt.de\/magazin\/wp-json\/wp\/v2\/pages"}],"about":[{"href":"https:\/\/tierisch-verliebt.de\/magazin\/wp-json\/wp\/v2\/types\/page"}],"author":[{"embeddable":true,"href":"https:\/\/tierisch-verliebt.de\/magazin\/wp-json\/wp\/v2\/users\/2"}],"replies":[{"embeddable":true,"href":"https:\/\/tierisch-verliebt.de\/magazin\/wp-json\/wp\/v2\/comments?post=1123"}],"version-history":[{"count":6,"href":"https:\/\/tierisch-verliebt.de\/magazin\/wp-json\/wp\/v2\/pages\/1123\/revisions"}],"predecessor-version":[{"id":3373,"href":"https:\/\/tierisch-verliebt.de\/magazin\/wp-json\/wp\/v2\/pages\/1123\/revisions\/3373"}],"wp:featuredmedia":[{"embeddable":true,"href":"https:\/\/tierisch-verliebt.de\/magazin\/wp-json\/wp\/v2\/media\/1124"}],"wp:attachment":[{"href":"https:\/\/tierisch-verliebt.de\/magazin\/wp-json\/wp\/v2\/media?parent=1123"}],"curies":[{"name":"wp","href":"https:\/\/api.w.org\/{rel}","templated":true}]}}