{"id":1109,"date":"2020-03-26T13:15:19","date_gmt":"2020-03-26T12:15:19","guid":{"rendered":"https:\/\/tierisch-verliebt.de\/magazin\/?page_id=1109"},"modified":"2025-05-02T20:43:58","modified_gmt":"2025-05-02T18:43:58","slug":"burmilla","status":"publish","type":"page","link":"https:\/\/tierisch-verliebt.de\/magazin\/burmilla\/","title":{"rendered":"Katzenrasse Burmilla &#8211; Das Portrait"},"content":{"rendered":"<p>Die Burmilla ist eine Kurzhaarkatze, die urspr\u00fcnglich aus Gro\u00dfbritannien stammt und eher zuf\u00e4llig entstanden ist. Sie ist vor allem in Europa sehr beliebt und wird dort immer mehr in die Haushalte geholt. Dies liegt vor allem daran, dass sie sehr pflegeleicht ist und mit jedem Mensch, jedem Kind und anderen Tieren sofort zurechtkommt. Hier nun das vollst\u00e4ndige Portrait zu dieser Rasse.<\/p>\n\n<h2>Steckbrief<\/h2>\n<p><img decoding=\"async\" alt=\"check\" src=\"https:\/\/tierisch-verliebt.de\/magazin\/wp-content\/uploads\/2019\/06\/check-icon-16.png\"> <strong>Name<\/strong>: Burmilla<br \/>\n<img decoding=\"async\" alt=\"check\" src=\"https:\/\/tierisch-verliebt.de\/magazin\/wp-content\/uploads\/2019\/06\/check-icon-16.png\"> <strong>Wissenschaftlicher Name<\/strong>: Felis catus<br \/>\n<img decoding=\"async\" alt=\"check\" src=\"https:\/\/tierisch-verliebt.de\/magazin\/wp-content\/uploads\/2019\/06\/check-icon-16.png\"> <strong>Herkunft<\/strong>: Gro\u00dfbritannien<br \/>\n<img decoding=\"async\" alt=\"check\" src=\"https:\/\/tierisch-verliebt.de\/magazin\/wp-content\/uploads\/2019\/06\/check-icon-16.png\"> <strong>Lebenserwartung<\/strong>: 15 &#8211; 17 Jahre<br \/>\n<img decoding=\"async\" alt=\"check\" src=\"https:\/\/tierisch-verliebt.de\/magazin\/wp-content\/uploads\/2019\/06\/check-icon-16.png\"> <strong>Gewicht<\/strong>: 2,5 \u2013 6,5 kg<br \/>\n<img decoding=\"async\" alt=\"check\" src=\"https:\/\/tierisch-verliebt.de\/magazin\/wp-content\/uploads\/2019\/06\/check-icon-16.png\"> <strong>Fellfarben<\/strong>: Wei\u00df, Wei\u00df mit blauen Haarspitzen, Rot, Flieder, Zimt, Chocolat, Schwarz<br \/>\n<img decoding=\"async\" alt=\"check\" src=\"https:\/\/tierisch-verliebt.de\/magazin\/wp-content\/uploads\/2019\/06\/check-icon-16.png\"> <strong>Charakter<\/strong>: anh\u00e4nglich, gelassen, verspielt, menschenbezogen<br \/>\n<img decoding=\"async\" alt=\"check\" src=\"https:\/\/tierisch-verliebt.de\/magazin\/wp-content\/uploads\/2019\/06\/check-icon-16.png\"> <strong>Kosten<\/strong>: Zwischen 750 &amp; 1.200 Euro<\/p>\n<h2>Wesen und Charakter<\/h2>\n<p>Burmillakatzen ben\u00f6tigen viel Kontakt zu Menschen und lernen ihren Besitzer und deren Familie sehr schnell lieben. Sie sind sehr anh\u00e4nglich und suchen immer N\u00e4he ohne sich jedoch sofort abh\u00e4ngig von Menschen zu werden. Au\u00dferdem ist sie sehr anspruchsvoll und wei\u00df genau was sie m\u00f6chte.<\/p>\n<p>Des Weiteren ist sie stets entspannt und gelassen und passt deshalb in so gut wie jeden Haushalt. Zus\u00e4tzlich hat sie ein gutes Gesp\u00fcr f\u00fcr Menschen und merkt in der Regel sofort wenn irgendetwas nicht stimmt.<\/p>\n<p>Auch mit Kindern und anderen Tieren kommt die Burmilla sehr gut zurecht, allerdings am besten mit anderen Katzen.<\/p>\n<p><img decoding=\"async\" class=\"alignnone size-large wp-image-3261\" src=\"https:\/\/tierisch-verliebt.de\/magazin\/wp-content\/uploads\/2025\/05\/Katzenrasse-Burmilla-1024x683.png\" alt=\"Katzenrasse Burmilla\" width=\"910\" height=\"607\" srcset=\"https:\/\/tierisch-verliebt.de\/magazin\/wp-content\/uploads\/2025\/05\/Katzenrasse-Burmilla-1024x683.png 1024w, https:\/\/tierisch-verliebt.de\/magazin\/wp-content\/uploads\/2025\/05\/Katzenrasse-Burmilla-300x200.png 300w, https:\/\/tierisch-verliebt.de\/magazin\/wp-content\/uploads\/2025\/05\/Katzenrasse-Burmilla-768x512.png 768w, https:\/\/tierisch-verliebt.de\/magazin\/wp-content\/uploads\/2025\/05\/Katzenrasse-Burmilla.png 1536w\" sizes=\"(max-width: 910px) 100vw, 910px\" \/><\/p>\n<h2>Herkunft und Geschichte<\/h2>\n<p>Die Katzenrasse Burmilla stammt urspr\u00fcnglich aus Gro\u00dfbritannien und ist dort 1981 eher zuf\u00e4llig entstanden. Laut verschiedenen Erz\u00e4hlungen besa\u00df die englische Baronin Miranda von Kirchberg sowohl eine Chinchilla-Perserkatze und als auch eine <a href=\"https:\/\/tierisch-verliebt.de\/magazin\/burma-katze\/\">Burmakatze<\/a>. Die Chinchilla-Perserkatze war im Zimmer der Baronin eingesperrt als diese nicht zu Hause war und wurde von der Haush\u00e4lterin wieder herausgelassen. Dadurch gelang die Chinchilla-Perserkatze zur Burmakatze und diese paarten sich anschlie\u00dfend. Infolge dessen wurden die ersten Burmillakatzen geboren.<\/p>\n<p>Da einige Jahre sp\u00e4ter der sogenannte &#8220;Burmilla Cat Club&#8221; gegr\u00fcndet wurde, wurde die eher zuf\u00e4llig entstandene Rasse immer bekannter und verbreitete sich immer mehr und zwar nicht nur in Europa sondern auf der ganzen Welt. Im Jahre 1996 wurde schlie\u00dflich die Zucht der Katzen offiziell von der &#8220;FiFe&#8221; anerkannt.<\/p>\n<h2>\u00dcberlegungen vor der Anschaffung<\/h2>\n<p>Da es bisher nur sehr wenige Z\u00fcchter der Burmilla gibt, sollte man sich im Vorhinein genau \u00fcberlegen von wem man sich die Katze kauft. Um die Entscheidung zu treffen ist es am besten sich vor Ort ein Bild von der Haltung und von der Katze selbst zu machen<\/p>\n<p>Da die Burmilla sehr viel N\u00e4he zu ihrem Besitzer sucht, ist es wichtig, dass man genug Zeit f\u00fcr die Katze hat und nicht den ganzen Tag au\u00dfer Haus ist. Ansonsten sollte man daf\u00fcr sorgen, dass ein weiteres Haustier vorhanden ist oder andere Katzen in der unmittelbaren Nachbarschaft leben.<\/p>\n<p>Um ihrem gro\u00dfen Bewegungsdrang entsprechen zu k\u00f6nnen ist es au\u00dferdem von Vorteil, wenn ein Garten vorhanden ist. Falls nicht ist ein Kratzbett oder Kratzbaum mit vielen Kletterm\u00f6glichkeiten ein Muss. Ein Kratzbaum hilft auch dabei um ihre Krallen sch\u00e4rfen und ihre Muskeln st\u00e4rken zu k\u00f6nnen.<\/p>\n<h2>Geeignete Aktivit\u00e4ten<\/h2>\n<p>Da die Burmilla sehr schlau und wissbegierig ist, kann man zu Hause versuchen, ihnen kleine Tricks beizubringen. Au\u00dferdem ist ein Kratzbaum in den R\u00e4umlichkeiten sehr gut geeignet, damit sich die Katze alleine besch\u00e4ftigen kann.<\/p>\n<p>Ebenso k\u00f6nnen verschiedene Trainingsprogramme wie Clickertraining oder Cat-Agility daf\u00fcr sorgen und dem Besitzer helfen, den Alltag der Katze sehr abwechslungsreich gestalten zu k\u00f6nnen.<\/p>\n<p>Falls ein Garten vorhanden ist, sind auch Kletterm\u00f6glichkeiten dort gut geeignet, um die Katze zu besch\u00e4ftigen. Nat\u00fcrlich sind auch allt\u00e4gliche Dinge wie Wollkn\u00e4uel, verschiedene Formen von B\u00e4llen, Wurfspielzeug oder auch Laserpointer und Taschenlampen, um zusammen mit der Katze zu spielen und diese somit dauerhaft gl\u00fccklich zu machen.<\/p>\n<p><img decoding=\"async\" class=\"alignnone size-large wp-image-3262\" src=\"https:\/\/tierisch-verliebt.de\/magazin\/wp-content\/uploads\/2025\/05\/Katzenrasse-Burmilla2-1024x683.png\" alt=\"Katzenrasse Burmilla2\" width=\"910\" height=\"607\" srcset=\"https:\/\/tierisch-verliebt.de\/magazin\/wp-content\/uploads\/2025\/05\/Katzenrasse-Burmilla2-1024x683.png 1024w, https:\/\/tierisch-verliebt.de\/magazin\/wp-content\/uploads\/2025\/05\/Katzenrasse-Burmilla2-300x200.png 300w, https:\/\/tierisch-verliebt.de\/magazin\/wp-content\/uploads\/2025\/05\/Katzenrasse-Burmilla2-768x512.png 768w, https:\/\/tierisch-verliebt.de\/magazin\/wp-content\/uploads\/2025\/05\/Katzenrasse-Burmilla2.png 1536w\" sizes=\"(max-width: 910px) 100vw, 910px\" \/><\/p>\n<h2>Rassenmerkmale<\/h2>\n<p>Folgende Rassenmerkmale zeichnen die Burmilla aus:<\/p>\n<ol>\n<li>Gr\u00f6\u00dfe: klein bis mittelgro\u00df<\/li>\n<li>2,5 bis 4,5 kg (weiblich)<\/li>\n<li>15 bis 17 Jahre<\/li>\n<li>K\u00f6rperbau: kr\u00e4ftig, schlank, kurze Beine<\/li>\n<li>Wei\u00df, Wei\u00df mit blauen Haarspitzen, Rot, Flieder, Zimt, Chocolat, Schwarz<\/li>\n<li>Felll\u00e4nge: Kurzhaar<\/li>\n<li>Augenfarbe: Gr\u00fcn<\/li>\n<li>Herkunft: Gro\u00dfbritannien<\/li>\n<\/ol>\n<p>Au\u00dferdem wirkt sie durch ihr hell scheinendes Fell sehr grazil und ist ein echter Hingucker.<\/p>\n<h2>Geeignete Ern\u00e4hrung<\/h2>\n<p>Zuerst sollte man generell darauf achten, dass das <a href=\"https:\/\/tierisch-verliebt.de\/magazin\/katzenfutter-im-test\/\">Katzenfutter<\/a> sehr hochwertig sein sollte. Ansonsten kann es zu einem Mangel an Vitaminen und Mineralien kommen worunter das Aussehen der Katze sehr leiden.<\/p>\n<p>Da die Burmillakatze eher Fleisch bevorzugt ist es wichtig, dass der Fleischanteil im Futter sehr hoch ist. Dabei ist es v\u00f6llig egal, ob es sich um Trocken- oder Nassfutter handelt, nur die Qualit\u00e4t des Futters spielt eine Rolle.<\/p>\n<p>Ansonsten kann man auch auf BARF zur\u00fcckgreifen oder das Futter selbst kochen. Dazu sollte man sich allerdings sehr gut bei \u00c4rzten oder anderem Fachpersonal informieren, um Mangelerscheinungen zu verhindern.<\/p>\n<h2>FAQ<\/h2>\n<h3 data-start=\"924\" data-end=\"1163\">Wie viel kostet die Haltung einer Burmilla-Katze monatlich?<\/h3>\n<p data-start=\"924\" data-end=\"1163\">Mit hochwertigen Futtermitteln, Tierarztkosten, Pflegebedarf und Zubeh\u00f6r muss man mit etwa 60\u2013100\u202f\u20ac monatlich rechnen \u2013 je nach individuellen Anspr\u00fcchen und Gesundheitslage.<\/p>\n<h3 data-start=\"1165\" data-end=\"1407\">Wie lange kann eine Burmilla alleine bleiben?<\/h3>\n<p data-start=\"1165\" data-end=\"1407\">Ein paar Stunden sind in Ordnung \u2013 l\u00e4ngere Alleinzeiten sollte man vermeiden oder durch einen Katzenpartner kompensieren. Die Burmilla liebt Gesellschaft und leidet schnell unter Einsamkeit.<\/p>\n<h3 data-start=\"1409\" data-end=\"1656\">Gibt es rassetypische Erbkrankheiten?<\/h3>\n<p data-start=\"1409\" data-end=\"1656\">Die Burmilla gilt als robuste Rasse. Dennoch sollte auf seri\u00f6se Z\u00fcchter geachtet werden, die Gesundheitsnachweise vorlegen k\u00f6nnen \u2013 insbesondere in Bezug auf genetisch bedingte Nieren- oder Zahnprobleme.<\/p>\n","protected":false},"excerpt":{"rendered":"<p>Die Burmilla ist eine Kurzhaarkatze, die urspr\u00fcnglich aus Gro\u00dfbritannien stammt und eher zuf\u00e4llig entstanden ist. Sie ist vor allem in<\/p>\n","protected":false},"author":2,"featured_media":1110,"parent":0,"menu_order":0,"comment_status":"closed","ping_status":"closed","template":"","meta":{"ngg_post_thumbnail":0,"footnotes":""},"class_list":["post-1109","page","type-page","status-publish","has-post-thumbnail","hentry","comments-off"],"aioseo_notices":[],"_links":{"self":[{"href":"https:\/\/tierisch-verliebt.de\/magazin\/wp-json\/wp\/v2\/pages\/1109","targetHints":{"allow":["GET"]}}],"collection":[{"href":"https:\/\/tierisch-verliebt.de\/magazin\/wp-json\/wp\/v2\/pages"}],"about":[{"href":"https:\/\/tierisch-verliebt.de\/magazin\/wp-json\/wp\/v2\/types\/page"}],"author":[{"embeddable":true,"href":"https:\/\/tierisch-verliebt.de\/magazin\/wp-json\/wp\/v2\/users\/2"}],"replies":[{"embeddable":true,"href":"https:\/\/tierisch-verliebt.de\/magazin\/wp-json\/wp\/v2\/comments?post=1109"}],"version-history":[{"count":5,"href":"https:\/\/tierisch-verliebt.de\/magazin\/wp-json\/wp\/v2\/pages\/1109\/revisions"}],"predecessor-version":[{"id":3263,"href":"https:\/\/tierisch-verliebt.de\/magazin\/wp-json\/wp\/v2\/pages\/1109\/revisions\/3263"}],"wp:featuredmedia":[{"embeddable":true,"href":"https:\/\/tierisch-verliebt.de\/magazin\/wp-json\/wp\/v2\/media\/1110"}],"wp:attachment":[{"href":"https:\/\/tierisch-verliebt.de\/magazin\/wp-json\/wp\/v2\/media?parent=1109"}],"curies":[{"name":"wp","href":"https:\/\/api.w.org\/{rel}","templated":true}]}}