{"id":1026,"date":"2020-03-16T17:59:39","date_gmt":"2020-03-16T16:59:39","guid":{"rendered":"https:\/\/tierisch-verliebt.de\/magazin\/?page_id=1026"},"modified":"2020-10-19T21:08:06","modified_gmt":"2020-10-19T19:08:06","slug":"tonkanese","status":"publish","type":"page","link":"https:\/\/tierisch-verliebt.de\/magazin\/tonkanese\/","title":{"rendered":"Tonkanese &#8211; Das Portrait"},"content":{"rendered":"<p>Bei der Katzenrasse Tonkanese handelt es sich um eine edle Katzenrasse, welche Eigenschaften von <a href=\"https:\/\/tierisch-verliebt.de\/magazin\/siamkatze\/\">Siamesen<\/a> und <a href=\"https:\/\/tierisch-verliebt.de\/magazin\/burma-katze\/\">Burmesen<\/a> miteinander in einer Katze von mittlerer Gr\u00f6\u00dfe mit den charakteristischen t\u00fcrkis-blauen Augen vereint. Hier nun das vollst\u00e4ndige Portrait zu dieser Rasse.<\/p>\n\n<h2>Steckbrief<\/h2>\n<p><img decoding=\"async\" alt=\"check\" src=\"https:\/\/tierisch-verliebt.de\/magazin\/wp-content\/uploads\/2019\/06\/check-icon-16.png\"> <strong>Name<\/strong>: Tonkanese<br \/>\n<img decoding=\"async\" alt=\"check\" src=\"https:\/\/tierisch-verliebt.de\/magazin\/wp-content\/uploads\/2019\/06\/check-icon-16.png\"> <strong>Wissenschaftlicher Name<\/strong>: Felis silvestris catus<br \/>\n<img decoding=\"async\" alt=\"check\" src=\"https:\/\/tierisch-verliebt.de\/magazin\/wp-content\/uploads\/2019\/06\/check-icon-16.png\"> <strong>Herkunft<\/strong>: Kanada\/USA<br \/>\n<img decoding=\"async\" alt=\"check\" src=\"https:\/\/tierisch-verliebt.de\/magazin\/wp-content\/uploads\/2019\/06\/check-icon-16.png\"> <strong>Lebenserwartung<\/strong>: 9 &#8211; 14 Jahre<br \/>\n<img decoding=\"async\" alt=\"check\" src=\"https:\/\/tierisch-verliebt.de\/magazin\/wp-content\/uploads\/2019\/06\/check-icon-16.png\"> <strong>Gewicht<\/strong>: 3 \u2013 5 kg<br \/>\n<img decoding=\"async\" alt=\"check\" src=\"https:\/\/tierisch-verliebt.de\/magazin\/wp-content\/uploads\/2019\/06\/check-icon-16.png\"> <strong>Fellfarben<\/strong>: point, mink, sepia<br \/>\n<img decoding=\"async\" alt=\"check\" src=\"https:\/\/tierisch-verliebt.de\/magazin\/wp-content\/uploads\/2019\/06\/check-icon-16.png\"> <strong>Charakter<\/strong>: \tselbstbewusst, freundlich, gesellig, aktiv<br \/>\n<img decoding=\"async\" alt=\"check\" src=\"https:\/\/tierisch-verliebt.de\/magazin\/wp-content\/uploads\/2019\/06\/check-icon-16.png\"> <strong>Kosten<\/strong>: Zwischen 800 &#038; 1.200 Euro<\/p>\n<h2>Herkunft und Geschichte<\/h2>\n<p>Bilder und Manuskripte aus dem 14. Jahrhundert belegen, dass die Vorfahren der Tonkanese bereits in dieser Zeit gelebt haben, die sogenannten Kupferkatzen und sahen den Tonkanesen mit ihrer blassbr\u00e4unlichen Farbe und den dunklen Abzeichen sehr \u00e4hnlich.<\/p>\n<p>Die eigentliche Geschichte der Tonkanesen beginnt im Jahre 1930. In diesem Jahr brachte Dr. Joseph Thompson eine braune Maskenkatze von einer seiner Reisen mit nach Kalifornien. Dem Aussehen nach hielt man sie f\u00fcr eine braune Hybride welche an Pfoten, Beinen, Schwanz und Gesicht dunklere Points aufwies und bezeichnete sie als Siamkatze mit schlechter Farbgebung. Die Katze mit dem Namen Wong Mau wurde mit einem Siamkater verpaart und der Wurf ergab Junge mit heller Siamzeichnung und dunklere, welche der Mutter stark \u00e4hnlich waren. Eines der dunkleren Jungen wurde daraufhin mit der Mutter zur\u00fcckverpaart und drei unterschiedliche Farbgebungen waren in diesem Wurf zu finden: K\u00e4tzchen mit heller Siamzeichnung und tiefblauen Augen, K\u00e4tzchen mit Burmesen-Zeichnung und gelb-gr\u00fcnen Augen, sowie K\u00e4tzchen mit einem Mink-Kontrast und aquamarinfarbigen Augen. In Folge konzentrierten sich die Z\u00fcchter auf die K\u00e4tzchen mit der Burmesen-Zeichnung und bezeichneten Wong Mau als Stammmutter der Burmesen, obwohl sie in Wirklichkeit Stammmutter der Tokanesen war.<\/p>\n<p>Im Jahr 1950 wurde sich erstmal mit der Zucht der Rasse besch\u00e4ftigt, durch Milan Greer, einem Z\u00fcchter aus New York. Im Jahre 1960 begannen zwei Z\u00fcchterinnen aus Kanada und den USA Siam- und Burmesenkatzen zu paaren. Die Fellfarbe des Nachwuchs erinnerte an einen Nerz und daraus entstand f\u00fcr die Tonkanesenzeichnung die Bezeichnung &#8220;Mink&#8221;.<\/p>\n<p>Erstmals wurden die Tonkanesen in Kanada registriert, richtig in Mode gekommen sind sie in den 1970ern und haben seither eine stetige Aufw\u00e4rtsentwicklung ohne H\u00f6hen und Tiefen durchgemacht.<\/p>\n<h2>Wesen und Charakter<\/h2>\n<p>Tonkanesen verf\u00fcgen im wesentlichen \u00fcber \u00e4hnliche Charakter- und Wesensz\u00fcge wie <a href=\"https:\/\/tierisch-verliebt.de\/magazin\/siamkatze\/\">Siamesen<\/a> und <a href=\"https:\/\/tierisch-verliebt.de\/magazin\/burma-katze\/\">Burmesen<\/a>. Sie sind sehr auf den Menschen bezogen, unerschrocken, neugierig und verspielt. Anderen Tieren gegen\u00fcber sind sie sehr aufgeschlossen, lieben Kinder und sind f\u00fcr jeden Spa\u00df zu haben. Um ihre W\u00fcnsche mitzuteilen, setzen sie auf ihre leise und meist feine Stimme, welche sie gekonnt einsetzen.<\/p>\n<p>Vorzugsweise sitzen sie gerne auf der Schulter ihres Besitzers um von dort aus das Geschehen rund um sie eingehend zu beobachten. eine weitere Lieblingsbesch\u00e4ftigung der Tonkanesen ist es, ihrem Besitzer das Lieblingsspielzeug zu bringen, welches dieser zuvor geworfen hat. Die Katzen wissen aber auch sehr genau wie sie ihren Menschen um den Finger wickeln k\u00f6nnen und so die gew\u00fcnschte Aufmerksamkeit zu erhalten. Tonkanesen sind sehr gesellige Tiere und sollten daher nicht alleine gehalten werden.<\/p>\n<h2>Rassemerkmale<\/h2>\n<p>Tonkanesen besitzen einen sehr muskul\u00f6sen, aber schlanken K\u00f6rperbau. Die Hinterbeine sind etwas l\u00e4nger als die Vorderbeine, mittellang und sehr schlank. Die Ohren verl\u00e4ngern optisch den keilf\u00f6rmigen Kopf, der durch ein markantes Schnurrbartkissen und gro\u00dfen Augen &#8211; welche etwas auseinander stehen &#8211; besticht. Die Augenfarbe t\u00fcrkisblau ergibt sich aus der Mischung von blau (Siamkatze) und gelb (Burmakatze). Das seidige Fell liegt eng am K\u00f6rper an und hat einen etwas dunkleren Farbton als das der Siam- und Burmakatze. Weibliche Tonkanesen erreichen ein Gewicht von 3,5 kg, m\u00e4nnlich ein Gewicht von 4-4,5 kg.<\/p>\n<h2>Geeignete Aktivit\u00e4ten<\/h2>\n<p>Die Tonkanese liebt Action. Hinter einem Ball herjagen oder Spiele mit der Spielangel stehen ganz oben auf der Aktivit\u00e4tenliste. Auch gegen herumtoben und fangen spielen ist die Rasse nicht abgeneigt. Besonders gut eignet sich das Beibringen von Tricks, da die Tonkanese sehr klug und lernbegeistert ist.<\/p>\n<h2>Geeignete Ern\u00e4hrung<\/h2>\n<p>Tonkanesen sind sehr aktive Wesen und haben daher auch ein entsprechendes Ma\u00df an Energie. Um die Katze mit allen notwendigen N\u00e4hrstoffen versorgen zu k\u00f6nnen, ist die Ern\u00e4hrung mit hochwertigem <a href=\"https:\/\/tierisch-verliebt.de\/magazin\/katzenfutter-im-test\/\">Katzenfutter<\/a> sehr wichtig. Die richtige Ern\u00e4hrung ist nicht nur f\u00fcr Gesundheit und Lebensdauer der Katze von Bedeutung, sondern auch f\u00fcr Fitness und Gewicht, den die Katze neigt trotz ihres Bewegungsdranges zu \u00dcbergewicht.<\/p>\n<p>Erh\u00e4lt die Rasse von K\u00e4tzchenalter auf die richtige Ern\u00e4hrung mit allen erforderlichen N\u00e4hrstoffen, so hat sie alle Grundvoraussetzungen f\u00fcr ein gesundes, langes Katzenleben. Dazu z\u00e4hlen ein starkes Immunsystem und ein gesunder Knochenaufbau. Grunds\u00e4tzlich sollte auf hochwertiges Futter aus dem Fachhandel zur\u00fcckgegriffen werden. Dieses ist frei von k\u00fcnstlichen Stoffen und Aromen, die Unvertr\u00e4glichkeiten und Allergien hervorrufen k\u00f6nnen.<\/p>\n<h2>\u00dcberlegungen vor der Anschaffung (Voraussetzungen, Kosten, Platzbedarf, etc.)<\/h2>\n<p>Bei der Tonkanese handelt es sich um eine sehr pflegeleichte Rasse. Das Fell bedarf keiner besonderen Pflege, das es sehr kurz und glatt ist. Beim Fellwechsel ist das ausb\u00fcrsten mit einer weichen B\u00fcrste sinnvoll. Soll sich die Katze weder an Tapeten und M\u00f6beln austoben, ist f\u00fcr die Krallenpflege ein Kratzbaum unerl\u00e4sslich.<\/p>\n<p>Alle sechs Monate sollte man die Katze einem Tierarzt vorstellen. Dieser wird den Zustand der Z\u00e4hne und den der allgemeinen Gesundheit feststellen und alle Impfungen und Wurmkuren durchf\u00fchren.<\/p>\n<p>Die durchschnittliche Lebenserwartung der Katze liegt zwischen 13 und 15 Jahren, kann aber bei richtiger Ern\u00e4hrung und guter Pflege auch h\u00f6her sein.<\/p>\n<p>Die Tonkanese sucht nach sozialer Interaktion. und eignet sich f\u00fcr ein Zusammenleben mit Kindern, Hunden und anderen Katzen sehr gut. Wichtig f\u00fcr ein Zusammenleben mit Kindern und Hund ist, dass f\u00fcr die Katze h\u00f6her gelegene R\u00fcckzugspl\u00e4tze geschaffen werden, damit sie sich nach und nach an ihre neue Umgebung gew\u00f6hnen kann. Die Katze kann auch in einer Wohnung gehalten werden, w\u00fcrde sich jedoch sehr freuen, wenn man mit ihr ausgedehnte Leinenspazierg\u00e4nge macht.<\/p>\n<p>Der Preis f\u00fcr eine Tonkanese liegt zwischen 800 und 1.200 Euro und kann nach Art der Zucht, Geschlecht, Alter und Abstammung variieren. Die monatlichen Kosten belaufen sich auf ca. 30 Euro.<\/p>\n","protected":false},"excerpt":{"rendered":"<p>Bei der Katzenrasse Tonkanese handelt es sich um eine edle Katzenrasse, welche Eigenschaften von Siamesen und Burmesen miteinander in einer<\/p>\n","protected":false},"author":2,"featured_media":0,"parent":0,"menu_order":0,"comment_status":"closed","ping_status":"closed","template":"","meta":{"ngg_post_thumbnail":0,"footnotes":""},"class_list":["post-1026","page","type-page","status-publish","hentry","comments-off"],"aioseo_notices":[],"_links":{"self":[{"href":"https:\/\/tierisch-verliebt.de\/magazin\/wp-json\/wp\/v2\/pages\/1026","targetHints":{"allow":["GET"]}}],"collection":[{"href":"https:\/\/tierisch-verliebt.de\/magazin\/wp-json\/wp\/v2\/pages"}],"about":[{"href":"https:\/\/tierisch-verliebt.de\/magazin\/wp-json\/wp\/v2\/types\/page"}],"author":[{"embeddable":true,"href":"https:\/\/tierisch-verliebt.de\/magazin\/wp-json\/wp\/v2\/users\/2"}],"replies":[{"embeddable":true,"href":"https:\/\/tierisch-verliebt.de\/magazin\/wp-json\/wp\/v2\/comments?post=1026"}],"version-history":[{"count":4,"href":"https:\/\/tierisch-verliebt.de\/magazin\/wp-json\/wp\/v2\/pages\/1026\/revisions"}],"predecessor-version":[{"id":1268,"href":"https:\/\/tierisch-verliebt.de\/magazin\/wp-json\/wp\/v2\/pages\/1026\/revisions\/1268"}],"wp:attachment":[{"href":"https:\/\/tierisch-verliebt.de\/magazin\/wp-json\/wp\/v2\/media?parent=1026"}],"curies":[{"name":"wp","href":"https:\/\/api.w.org\/{rel}","templated":true}]}}